{"id":235,"date":"2020-04-29T22:26:55","date_gmt":"2020-04-29T20:26:55","guid":{"rendered":"http:\/\/llefia.org\/covid19\/?page_id=235"},"modified":"2020-04-29T22:34:29","modified_gmt":"2020-04-29T20:34:29","slug":"connecta-tic-punts-recollida","status":"publish","type":"page","link":"https:\/\/llefia.org\/covid19\/connecta-tic-punts-recollida\/","title":{"rendered":"Connecta-TIC Punts recollida"},"content":{"rendered":"\n<p><iframe loading=\"lazy\" width=\"850\" height=\"1200\" src=\"https:\/\/docs.google.com\/forms\/d\/e\/1FAIpQLSeaajAROoRvCJPCNbmkzAjzbRF6c_Ui4Ek4bFjVqJBcF-ZCvQ\/viewform?embedded=true\" frameborder=\"0\" marginwidth=\"0\" marginheight=\"0\">Cargando&#8230;<\/iframe><br>Conforme amb all\u00f2 establert al Reglament (UE) 2016\/679 del Parlament Europeu i del Consell de 27 d&#8217;abril de 2016 (&#8220;RGPD&#8221;) i la seva normativa de desenvolupament, informem que les dades incloses en aquest formulari s&#8217;incorporaran a un fitxer propietat de Llefi@Net Xarxa Ciutadana, amb la finalitat de cursar aquesta sol\u00b7licitud d&#8217;inscripci\u00f3 i enviar informaci\u00f3 relativa al projecte COnnecta-TIC i activitats relacionades. Al enviar aquest formulari, consentiu expressament i autoritzeu perqu\u00e8 es tractin les dades personals amb les finalitats exposades. Podeu exercir els vostres drets d&#8217;acc\u00e9s, rectificaci\u00f3, portabilitat, cancel\u00b7laci\u00f3 i oposici\u00f3 enviant un mail a llefia(a)llefia.org.<\/p>\n","protected":false},"excerpt":{"rendered":"<p>Cargando&#8230;Conforme amb all\u00f2 establert al Reglament (UE) 2016\/679 del Parlament Europeu i del Consell de 27 d&#8217;abril de 2016 (&#8220;RGPD&#8221;) i la seva normativa de desenvolupament, informem que les dades incloses en aquest formulari s&#8217;incorporaran a un fitxer propietat de Llefi@Net Xarxa Ciutadana, amb la finalitat de cursar aquesta sol\u00b7licitud d&#8217;inscripci\u00f3 i enviar informaci\u00f3 relativa&hellip;<\/p>\n","protected":false},"author":15,"featured_media":0,"parent":0,"menu_order":0,"comment_status":"closed","ping_status":"closed","template":"","meta":[],"_links":{"self":[{"href":"https:\/\/llefia.org\/covid19\/wp-json\/wp\/v2\/pages\/235"}],"collection":[{"href":"https:\/\/llefia.org\/covid19\/wp-json\/wp\/v2\/pages"}],"about":[{"href":"https:\/\/llefia.org\/covid19\/wp-json\/wp\/v2\/types\/page"}],"author":[{"embeddable":true,"href":"https:\/\/llefia.org\/covid19\/wp-json\/wp\/v2\/users\/15"}],"replies":[{"embeddable":true,"href":"https:\/\/llefia.org\/covid19\/wp-json\/wp\/v2\/comments?post=235"}],"version-history":[{"count":8,"href":"https:\/\/llefia.org\/covid19\/wp-json\/wp\/v2\/pages\/235\/revisions"}],"predecessor-version":[{"id":245,"href":"https:\/\/llefia.org\/covid19\/wp-json\/wp\/v2\/pages\/235\/revisions\/245"}],"wp:attachment":[{"href":"https:\/\/llefia.org\/covid19\/wp-json\/wp\/v2\/media?parent=235"}],"curies":[{"name":"wp","href":"https:\/\/api.w.org\/{rel}","templated":true}]}}