{"id":334,"date":"2020-05-19T16:05:46","date_gmt":"2020-05-19T14:05:46","guid":{"rendered":"http:\/\/llefia.org\/covid19\/?page_id=334"},"modified":"2020-05-19T16:09:53","modified_gmt":"2020-05-19T14:09:53","slug":"es-obert-mapa-collaboratiu","status":"publish","type":"page","link":"https:\/\/llefia.org\/covid19\/es-obert-mapa-collaboratiu\/","title":{"rendered":"&#8220;\u00c9s obert&#8221;, mapa col\u00b7laboratiu"},"content":{"rendered":"\n<div class=\"wp-block-columns\">\n<div class=\"wp-block-column\">\n<figure class=\"wp-block-image size-large\"><a href=\"https:\/\/esobert.osmcatala.cat\/@41.440043,2.217313,14.57\" target=\"_blank\" rel=\"noopener noreferrer\"><img loading=\"lazy\" width=\"291\" height=\"133\" src=\"http:\/\/llefia.org\/covid19\/wp-content\/uploads\/sites\/24\/2020\/05\/esobert.png\" alt=\"\" class=\"wp-image-335\" \/><\/a><\/figure>\n<\/div>\n\n\n\n<div class=\"wp-block-column\">\n<p>Amb &#8220;\u00c9s obert&#8221; pots consultar quins establiments estan oberts i quins no, a m\u00e9s de la seva informaci\u00f3 de contacte, i aix\u00ed planificar les teves sortides, demanar cita pr\u00e8via o menjar per a emportar. Tamb\u00e9 pots actualitzar tu mateix aquesta informaci\u00f3 a mesura que vagin obrint o s&#8217;ofereixin m\u00e9s serveis.<\/p>\n<\/div>\n<\/div>\n\n\n\n<p>Consulta el mapa <a href=\"https:\/\/esobert.osmcatala.cat\/@41.440043,2.217313,14.57\" target=\"_blank\" rel=\"noreferrer noopener\">aqu\u00ed<\/a>.<\/p>\n","protected":false},"excerpt":{"rendered":"<p>Amb &#8220;\u00c9s obert&#8221; pots consultar quins establiments estan oberts i quins no, a m\u00e9s de la seva informaci\u00f3 de contacte, i aix\u00ed planificar les teves sortides, demanar cita pr\u00e8via o menjar per a emportar. Tamb\u00e9 pots actualitzar tu mateix aquesta informaci\u00f3 a mesura que vagin obrint o s&#8217;ofereixin m\u00e9s serveis. Consulta el mapa aqu\u00ed.<\/p>\n","protected":false},"author":44,"featured_media":0,"parent":0,"menu_order":0,"comment_status":"closed","ping_status":"closed","template":"","meta":[],"_links":{"self":[{"href":"https:\/\/llefia.org\/covid19\/wp-json\/wp\/v2\/pages\/334"}],"collection":[{"href":"https:\/\/llefia.org\/covid19\/wp-json\/wp\/v2\/pages"}],"about":[{"href":"https:\/\/llefia.org\/covid19\/wp-json\/wp\/v2\/types\/page"}],"author":[{"embeddable":true,"href":"https:\/\/llefia.org\/covid19\/wp-json\/wp\/v2\/users\/44"}],"replies":[{"embeddable":true,"href":"https:\/\/llefia.org\/covid19\/wp-json\/wp\/v2\/comments?post=334"}],"version-history":[{"count":5,"href":"https:\/\/llefia.org\/covid19\/wp-json\/wp\/v2\/pages\/334\/revisions"}],"predecessor-version":[{"id":345,"href":"https:\/\/llefia.org\/covid19\/wp-json\/wp\/v2\/pages\/334\/revisions\/345"}],"wp:attachment":[{"href":"https:\/\/llefia.org\/covid19\/wp-json\/wp\/v2\/media?parent=334"}],"curies":[{"name":"wp","href":"https:\/\/api.w.org\/{rel}","templated":true}]}}