{"id":22,"date":"2020-12-05T17:33:06","date_gmt":"2020-12-05T15:33:06","guid":{"rendered":"http:\/\/llefia.org\/nadal\/?page_id=22"},"modified":"2025-12-16T02:14:16","modified_gmt":"2025-12-16T00:14:16","slug":"dibuixa-el-cagatio","status":"publish","type":"page","link":"https:\/\/llefia.org\/nadal\/dibuixa-el-cagatio\/","title":{"rendered":"Dibuixa el ti\u00f3"},"content":{"rendered":"<p><img loading=\"lazy\" class=\" wp-image-150 alignright\" src=\"http:\/\/llefia.org\/nadal\/wp-content\/uploads\/sites\/27\/2020\/12\/arte.png\" alt=\"\" width=\"90\" height=\"90\" \/><\/p>\n<p>Participa al Concurs de dibuixos del Ti\u00f3 de Llefi\u00e0, la participaci\u00f3 \u00e9s oberta a les nenes i nens fins als 16 anys.<br data-rich-text-line-break=\"true\" \/>Existiran 4<strong>\u00a0categories<\/strong>:<br data-rich-text-line-break=\"true\" \/>-Fins a 5 anys<br data-rich-text-line-break=\"true\" \/>-De 6 a 8 anys\u00a0<br data-rich-text-line-break=\"true\" \/>-De 9 a 12 anys<br data-rich-text-line-break=\"true\" \/>-De 13 fins a 16 anys<\/p>\n<p>El termini per a enviar els dibuixos ja ha finalitzat. T&#8217;esperem el dia <strong>19\u00a0de desembre a les 18:30h<\/strong> a l&#8217;amfiteatre de la Pl Trafalgar, als <a href=\"https:\/\/llefia.org\/nadal\/event\/tio-de-llefia-gimcana-tallers-manualitats-infantils-batucada-concurs-de-dibuix-2\/\" target=\"_blank\" rel=\"noreferrer noopener\">tallers del Ti\u00f3<\/a> es realitzar\u00e0 l&#8217;acte d&#8217;entrega d&#8217;obsequis als premiats. Els participants rebran un obsequi i els premiats obtindran un val de compra, a gastar en una sola compra, a la papereria <a href=\"https:\/\/es-es.facebook.com\/pages\/category\/Bookstore\/NT-gr%C3%A0fics-621391347894133\/\" target=\"_blank\" rel=\"noreferrer noopener\">NT Gr\u00e0fics<\/a> del barri.<\/p>\n","protected":false},"excerpt":{"rendered":"<p>Participa al Concurs de dibuixos del Ti\u00f3 de Llefi\u00e0, la participaci\u00f3 \u00e9s oberta a les nenes i nens fins als 16 anys.Existiran 4\u00a0categories:-Fins a 5 anys-De 6 a 8 anys\u00a0-De 9 a 12 anys-De 13 fins a 16 anys El termini per a enviar els &hellip; <a href=\"https:\/\/llefia.org\/nadal\/dibuixa-el-cagatio\/\" class=\"more-link\"><span>Llegir m\u00e9s&#8230;<span class=\"screen-reader-text\">Dibuixa el ti\u00f3<\/span><\/span><\/a><\/p>\n","protected":false},"author":15,"featured_media":0,"parent":0,"menu_order":0,"comment_status":"closed","ping_status":"closed","template":"","meta":[],"_links":{"self":[{"href":"https:\/\/llefia.org\/nadal\/wp-json\/wp\/v2\/pages\/22"}],"collection":[{"href":"https:\/\/llefia.org\/nadal\/wp-json\/wp\/v2\/pages"}],"about":[{"href":"https:\/\/llefia.org\/nadal\/wp-json\/wp\/v2\/types\/page"}],"author":[{"embeddable":true,"href":"https:\/\/llefia.org\/nadal\/wp-json\/wp\/v2\/users\/15"}],"replies":[{"embeddable":true,"href":"https:\/\/llefia.org\/nadal\/wp-json\/wp\/v2\/comments?post=22"}],"version-history":[{"count":68,"href":"https:\/\/llefia.org\/nadal\/wp-json\/wp\/v2\/pages\/22\/revisions"}],"predecessor-version":[{"id":998,"href":"https:\/\/llefia.org\/nadal\/wp-json\/wp\/v2\/pages\/22\/revisions\/998"}],"wp:attachment":[{"href":"https:\/\/llefia.org\/nadal\/wp-json\/wp\/v2\/media?parent=22"}],"curies":[{"name":"wp","href":"https:\/\/api.w.org\/{rel}","templated":true}]}}