{"id":393,"date":"2021-12-12T16:04:51","date_gmt":"2021-12-12T14:04:51","guid":{"rendered":"https:\/\/llefia.org\/nadal\/?page_id=393"},"modified":"2023-12-04T22:36:55","modified_gmt":"2023-12-04T20:36:55","slug":"qui-som","status":"publish","type":"page","link":"https:\/\/llefia.org\/nadal\/qui-som\/","title":{"rendered":"Qui som?"},"content":{"rendered":"\n<p>La Comissi\u00f3 de Cultura de Llefi\u00e0, est\u00e0 conformada per diferents entitats, culturals, ve\u00efnals i esportives del barri i des de fa temps treballem per a apropar la cultura a les persones que vivim al barri, amb el prop\u00f2sit de fer un barri millor. <\/p>\n\n\n\n<p>Si vols estar al dia de les activitats culturals que es desenvolupen en diferents \u00e0mbits al barri, pots subscriu-te al grup de telegram <strong><a rel=\"noreferrer noopener\" href=\"https:\/\/t.me\/infocultura\" target=\"_blank\">Info Cultura<\/a> <a rel=\"noreferrer noopener\" href=\"https:\/\/t.me\/infocultura\" target=\"_blank\">https:\/\/t.me\/infocultura<\/a><\/strong><\/p>\n\n\n\n<figure class=\"wp-block-image size-large\"><img loading=\"lazy\" width=\"1024\" height=\"262\" src=\"http:\/\/llefia.org\/nadal\/wp-content\/uploads\/sites\/27\/2020\/12\/LOGOTIP-COMISSIO-DE-CULTURA-GRAN-1024x262.jpg\" alt=\"\" class=\"wp-image-230\" srcset=\"https:\/\/llefia.org\/nadal\/wp-content\/uploads\/sites\/27\/2020\/12\/LOGOTIP-COMISSIO-DE-CULTURA-GRAN-1024x262.jpg 1024w, https:\/\/llefia.org\/nadal\/wp-content\/uploads\/sites\/27\/2020\/12\/LOGOTIP-COMISSIO-DE-CULTURA-GRAN-300x77.jpg 300w, https:\/\/llefia.org\/nadal\/wp-content\/uploads\/sites\/27\/2020\/12\/LOGOTIP-COMISSIO-DE-CULTURA-GRAN-768x196.jpg 768w, https:\/\/llefia.org\/nadal\/wp-content\/uploads\/sites\/27\/2020\/12\/LOGOTIP-COMISSIO-DE-CULTURA-GRAN-1536x393.jpg 1536w, https:\/\/llefia.org\/nadal\/wp-content\/uploads\/sites\/27\/2020\/12\/LOGOTIP-COMISSIO-DE-CULTURA-GRAN-2048x523.jpg 2048w\" sizes=\"(max-width: 1024px) 100vw, 1024px\" \/><\/figure>\n","protected":false},"excerpt":{"rendered":"<p>La Comissi\u00f3 de Cultura de Llefi\u00e0, est\u00e0 conformada per diferents entitats, culturals, ve\u00efnals i esportives del barri i des de fa temps treballem per a apropar la cultura a les persones que vivim al barri, amb el prop\u00f2sit de fer un barri millor. Si vols &hellip; <a href=\"https:\/\/llefia.org\/nadal\/qui-som\/\" class=\"more-link\"><span>Llegir m\u00e9s&#8230;<span class=\"screen-reader-text\">Qui som?<\/span><\/span><\/a><\/p>\n","protected":false},"author":15,"featured_media":0,"parent":0,"menu_order":0,"comment_status":"closed","ping_status":"closed","template":"","meta":[],"_links":{"self":[{"href":"https:\/\/llefia.org\/nadal\/wp-json\/wp\/v2\/pages\/393"}],"collection":[{"href":"https:\/\/llefia.org\/nadal\/wp-json\/wp\/v2\/pages"}],"about":[{"href":"https:\/\/llefia.org\/nadal\/wp-json\/wp\/v2\/types\/page"}],"author":[{"embeddable":true,"href":"https:\/\/llefia.org\/nadal\/wp-json\/wp\/v2\/users\/15"}],"replies":[{"embeddable":true,"href":"https:\/\/llefia.org\/nadal\/wp-json\/wp\/v2\/comments?post=393"}],"version-history":[{"count":5,"href":"https:\/\/llefia.org\/nadal\/wp-json\/wp\/v2\/pages\/393\/revisions"}],"predecessor-version":[{"id":672,"href":"https:\/\/llefia.org\/nadal\/wp-json\/wp\/v2\/pages\/393\/revisions\/672"}],"wp:attachment":[{"href":"https:\/\/llefia.org\/nadal\/wp-json\/wp\/v2\/media?parent=393"}],"curies":[{"name":"wp","href":"https:\/\/api.w.org\/{rel}","templated":true}]}}