{"id":498,"date":"2021-12-23T18:51:13","date_gmt":"2021-12-23T16:51:13","guid":{"rendered":"https:\/\/llefia.org\/nadal\/?page_id=498"},"modified":"2025-12-16T10:55:23","modified_gmt":"2025-12-16T08:55:23","slug":"dibuixos-participants-de-6-a-8-anys","status":"publish","type":"page","link":"https:\/\/llefia.org\/nadal\/dibuixos-participants-de-6-a-8-anys\/","title":{"rendered":"Dibuixos participants de 6 a 8 anys"},"content":{"rendered":"\n<figure class=\"wp-block-image size-full\"><a href=\"https:\/\/llefia.org\/nadal\/wp-content\/uploads\/sites\/27\/2025\/12\/Abrar-Mesnani-6-anys-scaled.jpg\" data-rel=\"lightbox-image-0\" data-rl_title=\"Abrar Mesnani 6 anys\" data-rl_caption=\"Abrar Mesnani 6 anys\" title=\"Abrar Mesnani 6 anys\"><img loading=\"lazy\" width=\"2560\" height=\"1809\" src=\"https:\/\/llefia.org\/nadal\/wp-content\/uploads\/sites\/27\/2025\/12\/Abrar-Mesnani-6-anys-scaled.jpg\" alt=\"\" class=\"wp-image-908\" srcset=\"https:\/\/llefia.org\/nadal\/wp-content\/uploads\/sites\/27\/2025\/12\/Abrar-Mesnani-6-anys-scaled.jpg 2560w, https:\/\/llefia.org\/nadal\/wp-content\/uploads\/sites\/27\/2025\/12\/Abrar-Mesnani-6-anys-300x212.jpg 300w, https:\/\/llefia.org\/nadal\/wp-content\/uploads\/sites\/27\/2025\/12\/Abrar-Mesnani-6-anys-1024x724.jpg 1024w, https:\/\/llefia.org\/nadal\/wp-content\/uploads\/sites\/27\/2025\/12\/Abrar-Mesnani-6-anys-768x543.jpg 768w, https:\/\/llefia.org\/nadal\/wp-content\/uploads\/sites\/27\/2025\/12\/Abrar-Mesnani-6-anys-1536x1086.jpg 1536w, https:\/\/llefia.org\/nadal\/wp-content\/uploads\/sites\/27\/2025\/12\/Abrar-Mesnani-6-anys-2048x1447.jpg 2048w\" sizes=\"(max-width: 2560px) 100vw, 2560px\" \/><\/a><figcaption>Abrar Mesnani 6 anys<\/figcaption><\/figure>\n\n\n\n<figure class=\"wp-block-image size-full\"><a href=\"https:\/\/llefia.org\/nadal\/wp-content\/uploads\/sites\/27\/2025\/12\/Adam-El-Khalaoui-7-anys-scaled.jpg\" data-rel=\"lightbox-image-1\" data-rl_title=\"Adam El Khalaoui 7 anys\" data-rl_caption=\"Adam El Khalaoui 7 anys\" title=\"Adam El Khalaoui 7 anys\"><img loading=\"lazy\" width=\"1906\" height=\"2560\" src=\"https:\/\/llefia.org\/nadal\/wp-content\/uploads\/sites\/27\/2025\/12\/Adam-El-Khalaoui-7-anys-scaled.jpg\" alt=\"\" class=\"wp-image-909\" srcset=\"https:\/\/llefia.org\/nadal\/wp-content\/uploads\/sites\/27\/2025\/12\/Adam-El-Khalaoui-7-anys-scaled.jpg 1906w, https:\/\/llefia.org\/nadal\/wp-content\/uploads\/sites\/27\/2025\/12\/Adam-El-Khalaoui-7-anys-223x300.jpg 223w, https:\/\/llefia.org\/nadal\/wp-content\/uploads\/sites\/27\/2025\/12\/Adam-El-Khalaoui-7-anys-762x1024.jpg 762w, https:\/\/llefia.org\/nadal\/wp-content\/uploads\/sites\/27\/2025\/12\/Adam-El-Khalaoui-7-anys-768x1032.jpg 768w, https:\/\/llefia.org\/nadal\/wp-content\/uploads\/sites\/27\/2025\/12\/Adam-El-Khalaoui-7-anys-1144x1536.jpg 1144w, https:\/\/llefia.org\/nadal\/wp-content\/uploads\/sites\/27\/2025\/12\/Adam-El-Khalaoui-7-anys-1525x2048.jpg 1525w\" sizes=\"(max-width: 1906px) 100vw, 1906px\" \/><\/a><figcaption>Adam El Khalaoui 7 anys<\/figcaption><\/figure>\n\n\n\n<figure class=\"wp-block-image size-full\"><a href=\"https:\/\/llefia.org\/nadal\/wp-content\/uploads\/sites\/27\/2025\/12\/Ainhara-ortega-perez-6-anys-scaled.jpg\" data-rel=\"lightbox-image-2\" data-rl_title=\"Ainhara Ortega P\u00e9rez 6 anys\" data-rl_caption=\"Ainhara Ortega P\u00e9rez 6 anys\" title=\"Ainhara Ortega P\u00e9rez 6 anys\"><img loading=\"lazy\" width=\"2560\" height=\"1810\" src=\"https:\/\/llefia.org\/nadal\/wp-content\/uploads\/sites\/27\/2025\/12\/Ainhara-ortega-perez-6-anys-scaled.jpg\" alt=\"\" class=\"wp-image-910\" srcset=\"https:\/\/llefia.org\/nadal\/wp-content\/uploads\/sites\/27\/2025\/12\/Ainhara-ortega-perez-6-anys-scaled.jpg 2560w, https:\/\/llefia.org\/nadal\/wp-content\/uploads\/sites\/27\/2025\/12\/Ainhara-ortega-perez-6-anys-300x212.jpg 300w, https:\/\/llefia.org\/nadal\/wp-content\/uploads\/sites\/27\/2025\/12\/Ainhara-ortega-perez-6-anys-1024x724.jpg 1024w, https:\/\/llefia.org\/nadal\/wp-content\/uploads\/sites\/27\/2025\/12\/Ainhara-ortega-perez-6-anys-768x543.jpg 768w, https:\/\/llefia.org\/nadal\/wp-content\/uploads\/sites\/27\/2025\/12\/Ainhara-ortega-perez-6-anys-1536x1086.jpg 1536w, https:\/\/llefia.org\/nadal\/wp-content\/uploads\/sites\/27\/2025\/12\/Ainhara-ortega-perez-6-anys-2048x1448.jpg 2048w\" sizes=\"(max-width: 2560px) 100vw, 2560px\" \/><\/a><figcaption>Ainhara Ortega P\u00e9rez 6 anys<\/figcaption><\/figure>\n\n\n\n<figure class=\"wp-block-image size-full\"><a href=\"https:\/\/llefia.org\/nadal\/wp-content\/uploads\/sites\/27\/2025\/12\/Amaia-Rodrigo-7-anys-scaled.jpg\" data-rel=\"lightbox-image-3\" data-rl_title=\"Amaia Rodrigo 7 anys\" data-rl_caption=\"Amaia Rodrigo 7 anys\" title=\"Amaia Rodrigo 7 anys\"><img loading=\"lazy\" width=\"2560\" height=\"1810\" src=\"https:\/\/llefia.org\/nadal\/wp-content\/uploads\/sites\/27\/2025\/12\/Amaia-Rodrigo-7-anys-scaled.jpg\" alt=\"\" class=\"wp-image-911\" srcset=\"https:\/\/llefia.org\/nadal\/wp-content\/uploads\/sites\/27\/2025\/12\/Amaia-Rodrigo-7-anys-scaled.jpg 2560w, https:\/\/llefia.org\/nadal\/wp-content\/uploads\/sites\/27\/2025\/12\/Amaia-Rodrigo-7-anys-300x212.jpg 300w, https:\/\/llefia.org\/nadal\/wp-content\/uploads\/sites\/27\/2025\/12\/Amaia-Rodrigo-7-anys-1024x724.jpg 1024w, https:\/\/llefia.org\/nadal\/wp-content\/uploads\/sites\/27\/2025\/12\/Amaia-Rodrigo-7-anys-768x543.jpg 768w, https:\/\/llefia.org\/nadal\/wp-content\/uploads\/sites\/27\/2025\/12\/Amaia-Rodrigo-7-anys-1536x1086.jpg 1536w, https:\/\/llefia.org\/nadal\/wp-content\/uploads\/sites\/27\/2025\/12\/Amaia-Rodrigo-7-anys-2048x1448.jpg 2048w\" sizes=\"(max-width: 2560px) 100vw, 2560px\" \/><\/a><figcaption>Amaia Rodrigo 7 anys<\/figcaption><\/figure>\n\n\n\n<figure class=\"wp-block-image size-full\"><a href=\"https:\/\/llefia.org\/nadal\/wp-content\/uploads\/sites\/27\/2025\/12\/Brahim-Chakour-8-anys-scaled.jpg\" data-rel=\"lightbox-image-4\" data-rl_title=\"Brahim Chakour 8 anys\" data-rl_caption=\"Brahim Chakour 8 anys\" title=\"Brahim Chakour 8 anys\"><img loading=\"lazy\" width=\"2560\" height=\"1811\" src=\"https:\/\/llefia.org\/nadal\/wp-content\/uploads\/sites\/27\/2025\/12\/Brahim-Chakour-8-anys-scaled.jpg\" alt=\"\" class=\"wp-image-912\" srcset=\"https:\/\/llefia.org\/nadal\/wp-content\/uploads\/sites\/27\/2025\/12\/Brahim-Chakour-8-anys-scaled.jpg 2560w, https:\/\/llefia.org\/nadal\/wp-content\/uploads\/sites\/27\/2025\/12\/Brahim-Chakour-8-anys-300x212.jpg 300w, https:\/\/llefia.org\/nadal\/wp-content\/uploads\/sites\/27\/2025\/12\/Brahim-Chakour-8-anys-1024x724.jpg 1024w, https:\/\/llefia.org\/nadal\/wp-content\/uploads\/sites\/27\/2025\/12\/Brahim-Chakour-8-anys-768x543.jpg 768w, https:\/\/llefia.org\/nadal\/wp-content\/uploads\/sites\/27\/2025\/12\/Brahim-Chakour-8-anys-1536x1086.jpg 1536w, https:\/\/llefia.org\/nadal\/wp-content\/uploads\/sites\/27\/2025\/12\/Brahim-Chakour-8-anys-2048x1449.jpg 2048w\" sizes=\"(max-width: 2560px) 100vw, 2560px\" \/><\/a><figcaption>Brahim Chakour 8 anys<\/figcaption><\/figure>\n\n\n\n<figure class=\"wp-block-image size-full\"><a href=\"https:\/\/llefia.org\/nadal\/wp-content\/uploads\/sites\/27\/2025\/12\/Carmen-Carrera-Reina-8-anys-scaled.jpg\" data-rel=\"lightbox-image-5\" data-rl_title=\"Carmen Carrera Reina 8 anys\" data-rl_caption=\"Carmen Carrera Reina 8 anys\" title=\"Carmen Carrera Reina 8 anys\"><img loading=\"lazy\" width=\"1810\" height=\"2560\" src=\"https:\/\/llefia.org\/nadal\/wp-content\/uploads\/sites\/27\/2025\/12\/Carmen-Carrera-Reina-8-anys-scaled.jpg\" alt=\"\" class=\"wp-image-913\" srcset=\"https:\/\/llefia.org\/nadal\/wp-content\/uploads\/sites\/27\/2025\/12\/Carmen-Carrera-Reina-8-anys-scaled.jpg 1810w, https:\/\/llefia.org\/nadal\/wp-content\/uploads\/sites\/27\/2025\/12\/Carmen-Carrera-Reina-8-anys-212x300.jpg 212w, https:\/\/llefia.org\/nadal\/wp-content\/uploads\/sites\/27\/2025\/12\/Carmen-Carrera-Reina-8-anys-724x1024.jpg 724w, https:\/\/llefia.org\/nadal\/wp-content\/uploads\/sites\/27\/2025\/12\/Carmen-Carrera-Reina-8-anys-768x1086.jpg 768w, https:\/\/llefia.org\/nadal\/wp-content\/uploads\/sites\/27\/2025\/12\/Carmen-Carrera-Reina-8-anys-1086x1536.jpg 1086w, https:\/\/llefia.org\/nadal\/wp-content\/uploads\/sites\/27\/2025\/12\/Carmen-Carrera-Reina-8-anys-1448x2048.jpg 1448w\" sizes=\"(max-width: 1810px) 100vw, 1810px\" \/><\/a><figcaption>Carmen Carrera Reina 8 anys<\/figcaption><\/figure>\n\n\n\n<figure class=\"wp-block-image size-full\"><a href=\"https:\/\/llefia.org\/nadal\/wp-content\/uploads\/sites\/27\/2025\/12\/David-Andujar-Martinez-7-anys-scaled.jpg\" data-rel=\"lightbox-image-6\" data-rl_title=\"David Andujar Martinez 7 anys\" data-rl_caption=\"David Andujar Martinez 7 anys\" title=\"David Andujar Martinez 7 anys\"><img loading=\"lazy\" width=\"2560\" height=\"1810\" src=\"https:\/\/llefia.org\/nadal\/wp-content\/uploads\/sites\/27\/2025\/12\/David-Andujar-Martinez-7-anys-scaled.jpg\" alt=\"\" class=\"wp-image-914\" srcset=\"https:\/\/llefia.org\/nadal\/wp-content\/uploads\/sites\/27\/2025\/12\/David-Andujar-Martinez-7-anys-scaled.jpg 2560w, https:\/\/llefia.org\/nadal\/wp-content\/uploads\/sites\/27\/2025\/12\/David-Andujar-Martinez-7-anys-300x212.jpg 300w, https:\/\/llefia.org\/nadal\/wp-content\/uploads\/sites\/27\/2025\/12\/David-Andujar-Martinez-7-anys-1024x724.jpg 1024w, https:\/\/llefia.org\/nadal\/wp-content\/uploads\/sites\/27\/2025\/12\/David-Andujar-Martinez-7-anys-768x543.jpg 768w, https:\/\/llefia.org\/nadal\/wp-content\/uploads\/sites\/27\/2025\/12\/David-Andujar-Martinez-7-anys-1536x1086.jpg 1536w, https:\/\/llefia.org\/nadal\/wp-content\/uploads\/sites\/27\/2025\/12\/David-Andujar-Martinez-7-anys-2048x1448.jpg 2048w\" sizes=\"(max-width: 2560px) 100vw, 2560px\" \/><\/a><figcaption>David Andujar Martinez 7 anys<\/figcaption><\/figure>\n\n\n\n<figure class=\"wp-block-image size-full\"><a href=\"https:\/\/llefia.org\/nadal\/wp-content\/uploads\/sites\/27\/2025\/12\/Ilyas-Ben-Bell-8-anys-scaled.jpg\" data-rel=\"lightbox-image-7\" data-rl_title=\"Ilyas Ben Bell 8 anys\" data-rl_caption=\"Ilyas Ben Bell 8 anys\" title=\"Ilyas Ben Bell 8 anys\"><img loading=\"lazy\" width=\"2560\" height=\"1810\" src=\"https:\/\/llefia.org\/nadal\/wp-content\/uploads\/sites\/27\/2025\/12\/Ilyas-Ben-Bell-8-anys-scaled.jpg\" alt=\"\" class=\"wp-image-915\" srcset=\"https:\/\/llefia.org\/nadal\/wp-content\/uploads\/sites\/27\/2025\/12\/Ilyas-Ben-Bell-8-anys-scaled.jpg 2560w, https:\/\/llefia.org\/nadal\/wp-content\/uploads\/sites\/27\/2025\/12\/Ilyas-Ben-Bell-8-anys-300x212.jpg 300w, https:\/\/llefia.org\/nadal\/wp-content\/uploads\/sites\/27\/2025\/12\/Ilyas-Ben-Bell-8-anys-1024x724.jpg 1024w, https:\/\/llefia.org\/nadal\/wp-content\/uploads\/sites\/27\/2025\/12\/Ilyas-Ben-Bell-8-anys-768x543.jpg 768w, https:\/\/llefia.org\/nadal\/wp-content\/uploads\/sites\/27\/2025\/12\/Ilyas-Ben-Bell-8-anys-1536x1086.jpg 1536w, https:\/\/llefia.org\/nadal\/wp-content\/uploads\/sites\/27\/2025\/12\/Ilyas-Ben-Bell-8-anys-2048x1448.jpg 2048w\" sizes=\"(max-width: 2560px) 100vw, 2560px\" \/><\/a><figcaption>Ilyas Ben Bell 8 anys<\/figcaption><\/figure>\n\n\n\n<figure class=\"wp-block-image size-full\"><a href=\"https:\/\/llefia.org\/nadal\/wp-content\/uploads\/sites\/27\/2025\/12\/India-Leon-Fuentes-6-anys-scaled.jpg\" data-rel=\"lightbox-image-8\" data-rl_title=\"India Le\u00f3n Fuentes 6 anys\" data-rl_caption=\"India Le\u00f3n Fuentes 6 anys\" title=\"India Le\u00f3n Fuentes 6 anys\"><img loading=\"lazy\" width=\"2560\" height=\"1811\" src=\"https:\/\/llefia.org\/nadal\/wp-content\/uploads\/sites\/27\/2025\/12\/India-Leon-Fuentes-6-anys-scaled.jpg\" alt=\"\" class=\"wp-image-916\" srcset=\"https:\/\/llefia.org\/nadal\/wp-content\/uploads\/sites\/27\/2025\/12\/India-Leon-Fuentes-6-anys-scaled.jpg 2560w, https:\/\/llefia.org\/nadal\/wp-content\/uploads\/sites\/27\/2025\/12\/India-Leon-Fuentes-6-anys-300x212.jpg 300w, https:\/\/llefia.org\/nadal\/wp-content\/uploads\/sites\/27\/2025\/12\/India-Leon-Fuentes-6-anys-1024x724.jpg 1024w, https:\/\/llefia.org\/nadal\/wp-content\/uploads\/sites\/27\/2025\/12\/India-Leon-Fuentes-6-anys-768x543.jpg 768w, https:\/\/llefia.org\/nadal\/wp-content\/uploads\/sites\/27\/2025\/12\/India-Leon-Fuentes-6-anys-1536x1086.jpg 1536w, https:\/\/llefia.org\/nadal\/wp-content\/uploads\/sites\/27\/2025\/12\/India-Leon-Fuentes-6-anys-2048x1448.jpg 2048w\" sizes=\"(max-width: 2560px) 100vw, 2560px\" \/><\/a><figcaption>India Le\u00f3n Fuentes 6 anys<\/figcaption><\/figure>\n\n\n\n<figure class=\"wp-block-image size-full\"><a href=\"https:\/\/llefia.org\/nadal\/wp-content\/uploads\/sites\/27\/2025\/12\/Julen-Rodrigo-6-anys-scaled.jpg\" data-rel=\"lightbox-image-9\" data-rl_title=\"Julen Rodrigo 6 anys\" data-rl_caption=\"Julen Rodrigo 6 anys\" title=\"Julen Rodrigo 6 anys\"><img loading=\"lazy\" width=\"2560\" height=\"1810\" src=\"https:\/\/llefia.org\/nadal\/wp-content\/uploads\/sites\/27\/2025\/12\/Julen-Rodrigo-6-anys-scaled.jpg\" alt=\"\" class=\"wp-image-917\" srcset=\"https:\/\/llefia.org\/nadal\/wp-content\/uploads\/sites\/27\/2025\/12\/Julen-Rodrigo-6-anys-scaled.jpg 2560w, https:\/\/llefia.org\/nadal\/wp-content\/uploads\/sites\/27\/2025\/12\/Julen-Rodrigo-6-anys-300x212.jpg 300w, https:\/\/llefia.org\/nadal\/wp-content\/uploads\/sites\/27\/2025\/12\/Julen-Rodrigo-6-anys-1024x724.jpg 1024w, https:\/\/llefia.org\/nadal\/wp-content\/uploads\/sites\/27\/2025\/12\/Julen-Rodrigo-6-anys-768x543.jpg 768w, https:\/\/llefia.org\/nadal\/wp-content\/uploads\/sites\/27\/2025\/12\/Julen-Rodrigo-6-anys-1536x1086.jpg 1536w, https:\/\/llefia.org\/nadal\/wp-content\/uploads\/sites\/27\/2025\/12\/Julen-Rodrigo-6-anys-2048x1448.jpg 2048w\" sizes=\"(max-width: 2560px) 100vw, 2560px\" \/><\/a><figcaption>Julen Rodrigo 6 anys<\/figcaption><\/figure>\n\n\n\n<figure class=\"wp-block-image size-full\"><a href=\"https:\/\/llefia.org\/nadal\/wp-content\/uploads\/sites\/27\/2025\/12\/Maher-Essahabi-8-anys-scaled.jpg\" data-rel=\"lightbox-image-10\" data-rl_title=\"Maher Essahabi 8 anys\" data-rl_caption=\"Maher Essahabi 8 anys\" title=\"Maher Essahabi 8 anys\"><img loading=\"lazy\" width=\"2560\" height=\"1810\" src=\"https:\/\/llefia.org\/nadal\/wp-content\/uploads\/sites\/27\/2025\/12\/Maher-Essahabi-8-anys-scaled.jpg\" alt=\"\" class=\"wp-image-918\" srcset=\"https:\/\/llefia.org\/nadal\/wp-content\/uploads\/sites\/27\/2025\/12\/Maher-Essahabi-8-anys-scaled.jpg 2560w, https:\/\/llefia.org\/nadal\/wp-content\/uploads\/sites\/27\/2025\/12\/Maher-Essahabi-8-anys-300x212.jpg 300w, https:\/\/llefia.org\/nadal\/wp-content\/uploads\/sites\/27\/2025\/12\/Maher-Essahabi-8-anys-1024x724.jpg 1024w, https:\/\/llefia.org\/nadal\/wp-content\/uploads\/sites\/27\/2025\/12\/Maher-Essahabi-8-anys-768x543.jpg 768w, https:\/\/llefia.org\/nadal\/wp-content\/uploads\/sites\/27\/2025\/12\/Maher-Essahabi-8-anys-1536x1086.jpg 1536w, https:\/\/llefia.org\/nadal\/wp-content\/uploads\/sites\/27\/2025\/12\/Maher-Essahabi-8-anys-2048x1448.jpg 2048w\" sizes=\"(max-width: 2560px) 100vw, 2560px\" \/><\/a><figcaption>Maher Essahabi 8 anys<\/figcaption><\/figure>\n\n\n\n<figure class=\"wp-block-image size-full\"><a href=\"https:\/\/llefia.org\/nadal\/wp-content\/uploads\/sites\/27\/2025\/12\/Manuel-Carrera-Reina-6-anys-scaled.jpg\" data-rel=\"lightbox-image-11\" data-rl_title=\"Manuel Carrera Reina 6 anys\" data-rl_caption=\"Manuel Carrera Reina 6 anys\" title=\"Manuel Carrera Reina 6 anys\"><img loading=\"lazy\" width=\"2560\" height=\"1810\" src=\"https:\/\/llefia.org\/nadal\/wp-content\/uploads\/sites\/27\/2025\/12\/Manuel-Carrera-Reina-6-anys-scaled.jpg\" alt=\"\" class=\"wp-image-919\" srcset=\"https:\/\/llefia.org\/nadal\/wp-content\/uploads\/sites\/27\/2025\/12\/Manuel-Carrera-Reina-6-anys-scaled.jpg 2560w, https:\/\/llefia.org\/nadal\/wp-content\/uploads\/sites\/27\/2025\/12\/Manuel-Carrera-Reina-6-anys-300x212.jpg 300w, https:\/\/llefia.org\/nadal\/wp-content\/uploads\/sites\/27\/2025\/12\/Manuel-Carrera-Reina-6-anys-1024x724.jpg 1024w, https:\/\/llefia.org\/nadal\/wp-content\/uploads\/sites\/27\/2025\/12\/Manuel-Carrera-Reina-6-anys-768x543.jpg 768w, https:\/\/llefia.org\/nadal\/wp-content\/uploads\/sites\/27\/2025\/12\/Manuel-Carrera-Reina-6-anys-1536x1086.jpg 1536w, https:\/\/llefia.org\/nadal\/wp-content\/uploads\/sites\/27\/2025\/12\/Manuel-Carrera-Reina-6-anys-2048x1448.jpg 2048w\" sizes=\"(max-width: 2560px) 100vw, 2560px\" \/><\/a><figcaption>Manuel Carrera Reina 6 anys<\/figcaption><\/figure>\n\n\n\n<figure class=\"wp-block-image size-full\"><a href=\"https:\/\/llefia.org\/nadal\/wp-content\/uploads\/sites\/27\/2025\/12\/Miracle-Egbe-6-anys-scaled.jpg\" data-rel=\"lightbox-image-12\" data-rl_title=\"Miracle Egbe 6 anys\" data-rl_caption=\"Miracle Egbe 6 anys\" title=\"Miracle Egbe 6 anys\"><img loading=\"lazy\" width=\"2560\" height=\"1810\" src=\"https:\/\/llefia.org\/nadal\/wp-content\/uploads\/sites\/27\/2025\/12\/Miracle-Egbe-6-anys-scaled.jpg\" alt=\"\" class=\"wp-image-920\" srcset=\"https:\/\/llefia.org\/nadal\/wp-content\/uploads\/sites\/27\/2025\/12\/Miracle-Egbe-6-anys-scaled.jpg 2560w, https:\/\/llefia.org\/nadal\/wp-content\/uploads\/sites\/27\/2025\/12\/Miracle-Egbe-6-anys-300x212.jpg 300w, https:\/\/llefia.org\/nadal\/wp-content\/uploads\/sites\/27\/2025\/12\/Miracle-Egbe-6-anys-1024x724.jpg 1024w, https:\/\/llefia.org\/nadal\/wp-content\/uploads\/sites\/27\/2025\/12\/Miracle-Egbe-6-anys-768x543.jpg 768w, https:\/\/llefia.org\/nadal\/wp-content\/uploads\/sites\/27\/2025\/12\/Miracle-Egbe-6-anys-1536x1086.jpg 1536w, https:\/\/llefia.org\/nadal\/wp-content\/uploads\/sites\/27\/2025\/12\/Miracle-Egbe-6-anys-2048x1448.jpg 2048w\" sizes=\"(max-width: 2560px) 100vw, 2560px\" \/><\/a><figcaption>Miracle Egbe 6 anys<\/figcaption><\/figure>\n\n\n\n<figure class=\"wp-block-image size-full\"><a href=\"https:\/\/llefia.org\/nadal\/wp-content\/uploads\/sites\/27\/2025\/12\/Paula-Sanchez-Gonzalez-8-anys-scaled.jpg\" data-rel=\"lightbox-image-13\" data-rl_title=\"Paula S\u00e1nchez Gonz\u00e1lez 8 anys\" data-rl_caption=\"Paula S\u00e1nchez Gonz\u00e1lez 8 anys\" title=\"Paula S\u00e1nchez Gonz\u00e1lez 8 anys\"><img loading=\"lazy\" width=\"2560\" height=\"1965\" src=\"https:\/\/llefia.org\/nadal\/wp-content\/uploads\/sites\/27\/2025\/12\/Paula-Sanchez-Gonzalez-8-anys-scaled.jpg\" alt=\"\" class=\"wp-image-921\" srcset=\"https:\/\/llefia.org\/nadal\/wp-content\/uploads\/sites\/27\/2025\/12\/Paula-Sanchez-Gonzalez-8-anys-scaled.jpg 2560w, https:\/\/llefia.org\/nadal\/wp-content\/uploads\/sites\/27\/2025\/12\/Paula-Sanchez-Gonzalez-8-anys-300x230.jpg 300w, https:\/\/llefia.org\/nadal\/wp-content\/uploads\/sites\/27\/2025\/12\/Paula-Sanchez-Gonzalez-8-anys-1024x786.jpg 1024w, https:\/\/llefia.org\/nadal\/wp-content\/uploads\/sites\/27\/2025\/12\/Paula-Sanchez-Gonzalez-8-anys-768x589.jpg 768w, https:\/\/llefia.org\/nadal\/wp-content\/uploads\/sites\/27\/2025\/12\/Paula-Sanchez-Gonzalez-8-anys-1536x1179.jpg 1536w, https:\/\/llefia.org\/nadal\/wp-content\/uploads\/sites\/27\/2025\/12\/Paula-Sanchez-Gonzalez-8-anys-2048x1572.jpg 2048w\" sizes=\"(max-width: 2560px) 100vw, 2560px\" \/><\/a><figcaption>Paula S\u00e1nchez Gonz\u00e1lez 8 anys<\/figcaption><\/figure>\n\n\n\n<figure class=\"wp-block-image size-full\"><a href=\"https:\/\/llefia.org\/nadal\/wp-content\/uploads\/sites\/27\/2025\/12\/Pedro-Laureano-6-anys-scaled.jpg\" data-rel=\"lightbox-image-14\" data-rl_title=\"Pedro Laureano 6 anys\" data-rl_caption=\"Pedro Laureano 6 anys\" title=\"Pedro Laureano 6 anys\"><img loading=\"lazy\" width=\"1810\" height=\"2560\" src=\"https:\/\/llefia.org\/nadal\/wp-content\/uploads\/sites\/27\/2025\/12\/Pedro-Laureano-6-anys-scaled.jpg\" alt=\"\" class=\"wp-image-922\" srcset=\"https:\/\/llefia.org\/nadal\/wp-content\/uploads\/sites\/27\/2025\/12\/Pedro-Laureano-6-anys-scaled.jpg 1810w, https:\/\/llefia.org\/nadal\/wp-content\/uploads\/sites\/27\/2025\/12\/Pedro-Laureano-6-anys-212x300.jpg 212w, https:\/\/llefia.org\/nadal\/wp-content\/uploads\/sites\/27\/2025\/12\/Pedro-Laureano-6-anys-724x1024.jpg 724w, https:\/\/llefia.org\/nadal\/wp-content\/uploads\/sites\/27\/2025\/12\/Pedro-Laureano-6-anys-768x1087.jpg 768w, https:\/\/llefia.org\/nadal\/wp-content\/uploads\/sites\/27\/2025\/12\/Pedro-Laureano-6-anys-1086x1536.jpg 1086w, https:\/\/llefia.org\/nadal\/wp-content\/uploads\/sites\/27\/2025\/12\/Pedro-Laureano-6-anys-1448x2048.jpg 1448w\" sizes=\"(max-width: 1810px) 100vw, 1810px\" \/><\/a><figcaption>Pedro Laureano 6 anys<\/figcaption><\/figure>\n\n\n\n<figure class=\"wp-block-image size-large\"><a href=\"https:\/\/llefia.org\/nadal\/wp-content\/uploads\/sites\/27\/2025\/12\/Ruth-Soriano-8-anys-scaled.jpg\" data-rel=\"lightbox-image-15\" data-rl_title=\"Ruth Soriano 8 anys\" data-rl_caption=\"Ruth Soriano 8 anys\" title=\"Ruth Soriano 8 anys\"><img loading=\"lazy\" width=\"1024\" height=\"724\" src=\"https:\/\/llefia.org\/nadal\/wp-content\/uploads\/sites\/27\/2025\/12\/Ruth-Soriano-8-anys-1024x724.jpg\" alt=\"\" class=\"wp-image-923\" srcset=\"https:\/\/llefia.org\/nadal\/wp-content\/uploads\/sites\/27\/2025\/12\/Ruth-Soriano-8-anys-1024x724.jpg 1024w, https:\/\/llefia.org\/nadal\/wp-content\/uploads\/sites\/27\/2025\/12\/Ruth-Soriano-8-anys-300x212.jpg 300w, https:\/\/llefia.org\/nadal\/wp-content\/uploads\/sites\/27\/2025\/12\/Ruth-Soriano-8-anys-768x543.jpg 768w, https:\/\/llefia.org\/nadal\/wp-content\/uploads\/sites\/27\/2025\/12\/Ruth-Soriano-8-anys-1536x1086.jpg 1536w, https:\/\/llefia.org\/nadal\/wp-content\/uploads\/sites\/27\/2025\/12\/Ruth-Soriano-8-anys-2048x1448.jpg 2048w\" sizes=\"(max-width: 1024px) 100vw, 1024px\" \/><\/a><figcaption>Ruth Soriano 8 anys<\/figcaption><\/figure>\n\n\n\n<figure class=\"wp-block-image size-large\"><a href=\"https:\/\/llefia.org\/nadal\/wp-content\/uploads\/sites\/27\/2025\/12\/Thiago-Sanchez-6-anys-scaled.jpg\" data-rel=\"lightbox-image-16\" data-rl_title=\"\" data-rl_caption=\"\" title=\"\"><img loading=\"lazy\" width=\"1024\" height=\"724\" src=\"https:\/\/llefia.org\/nadal\/wp-content\/uploads\/sites\/27\/2025\/12\/Thiago-Sanchez-6-anys-1024x724.jpg\" alt=\"\" class=\"wp-image-1001\" srcset=\"https:\/\/llefia.org\/nadal\/wp-content\/uploads\/sites\/27\/2025\/12\/Thiago-Sanchez-6-anys-1024x724.jpg 1024w, https:\/\/llefia.org\/nadal\/wp-content\/uploads\/sites\/27\/2025\/12\/Thiago-Sanchez-6-anys-300x212.jpg 300w, https:\/\/llefia.org\/nadal\/wp-content\/uploads\/sites\/27\/2025\/12\/Thiago-Sanchez-6-anys-768x543.jpg 768w, https:\/\/llefia.org\/nadal\/wp-content\/uploads\/sites\/27\/2025\/12\/Thiago-Sanchez-6-anys-1536x1086.jpg 1536w, https:\/\/llefia.org\/nadal\/wp-content\/uploads\/sites\/27\/2025\/12\/Thiago-Sanchez-6-anys-2048x1448.jpg 2048w\" sizes=\"(max-width: 1024px) 100vw, 1024px\" \/><\/a><figcaption>Thiago S\u00e1nchez 6 anys<\/figcaption><\/figure>\n\n\n\n<figure class=\"wp-block-image size-large\"><a href=\"https:\/\/llefia.org\/nadal\/wp-content\/uploads\/sites\/27\/2025\/12\/Alan-Sanchez-Hernandez-8-anys-scaled.jpg\" data-rel=\"lightbox-image-17\" data-rl_title=\"\" data-rl_caption=\"\" title=\"\"><img loading=\"lazy\" width=\"1024\" height=\"724\" src=\"https:\/\/llefia.org\/nadal\/wp-content\/uploads\/sites\/27\/2025\/12\/Alan-Sanchez-Hernandez-8-anys-1024x724.jpg\" alt=\"\" class=\"wp-image-1002\" srcset=\"https:\/\/llefia.org\/nadal\/wp-content\/uploads\/sites\/27\/2025\/12\/Alan-Sanchez-Hernandez-8-anys-1024x724.jpg 1024w, https:\/\/llefia.org\/nadal\/wp-content\/uploads\/sites\/27\/2025\/12\/Alan-Sanchez-Hernandez-8-anys-300x212.jpg 300w, https:\/\/llefia.org\/nadal\/wp-content\/uploads\/sites\/27\/2025\/12\/Alan-Sanchez-Hernandez-8-anys-768x543.jpg 768w, https:\/\/llefia.org\/nadal\/wp-content\/uploads\/sites\/27\/2025\/12\/Alan-Sanchez-Hernandez-8-anys-1536x1086.jpg 1536w, https:\/\/llefia.org\/nadal\/wp-content\/uploads\/sites\/27\/2025\/12\/Alan-Sanchez-Hernandez-8-anys-2048x1448.jpg 2048w\" sizes=\"(max-width: 1024px) 100vw, 1024px\" \/><\/a><figcaption>Al\u00e1n S\u00e1nchez Hern\u00e1ndez 8 anys<\/figcaption><\/figure>\n\n\n\n<p><\/p>\n","protected":false},"excerpt":{"rendered":"","protected":false},"author":15,"featured_media":0,"parent":0,"menu_order":0,"comment_status":"closed","ping_status":"closed","template":"","meta":[],"_links":{"self":[{"href":"https:\/\/llefia.org\/nadal\/wp-json\/wp\/v2\/pages\/498"}],"collection":[{"href":"https:\/\/llefia.org\/nadal\/wp-json\/wp\/v2\/pages"}],"about":[{"href":"https:\/\/llefia.org\/nadal\/wp-json\/wp\/v2\/types\/page"}],"author":[{"embeddable":true,"href":"https:\/\/llefia.org\/nadal\/wp-json\/wp\/v2\/users\/15"}],"replies":[{"embeddable":true,"href":"https:\/\/llefia.org\/nadal\/wp-json\/wp\/v2\/comments?post=498"}],"version-history":[{"count":8,"href":"https:\/\/llefia.org\/nadal\/wp-json\/wp\/v2\/pages\/498\/revisions"}],"predecessor-version":[{"id":1003,"href":"https:\/\/llefia.org\/nadal\/wp-json\/wp\/v2\/pages\/498\/revisions\/1003"}],"wp:attachment":[{"href":"https:\/\/llefia.org\/nadal\/wp-json\/wp\/v2\/media?parent=498"}],"curies":[{"name":"wp","href":"https:\/\/api.w.org\/{rel}","templated":true}]}}