{"id":16,"date":"2021-04-11T00:14:20","date_gmt":"2021-04-10T22:14:20","guid":{"rendered":"https:\/\/llefia.org\/santjordi\/?page_id=16"},"modified":"2026-03-18T00:35:46","modified_gmt":"2026-03-17T22:35:46","slug":"envia-el-teu-relat-curt","status":"publish","type":"page","link":"https:\/\/llefia.org\/santjordi\/envia-el-teu-relat-curt\/","title":{"rendered":"Envia el teu relat curt"},"content":{"rendered":"\n<center><iframe loading=\"lazy\" src=\"https:\/\/docs.google.com\/forms\/d\/e\/1FAIpQLSdk-Evtby8igSW2CJ_FL6sXHoUH0U31uN3dvGYxfCCqRuPQpg\/viewform?embedded=true\" width=\"640\" height=\"1020\" frameborder=\"0\" marginheight=\"0\" marginwidth=\"0\">S&#39;est\u00e0 carregant\u2026<\/iframe><c\/enter>\n\n\n\n<p>Conforme amb all\u00f2 establert al Reglament (UE) 2016\/679 del Parlament Europeu i del Consell de 27 d&#8217;abril de 2016 (&#8220;RGPD&#8221;) i la seva normativa de desenvolupament, informem que les dades incloses en aquest formulari s&#8217;incorporaran a un fitxer propietat de Comissi\u00f3 Cultura Llefi\u00e0, amb la finalitat de cursar aquesta sol\u00b7licitud d&#8217;inscripci\u00f3 i enviar informaci\u00f3 relativa a la rua i activitats culturals. Al enviar aquest formulari, consentiu expressament i autoritzeu perqu\u00e8 es tractin les dades personals amb les finalitats exposades. Podeu exercir els vostres drets d&#8217;acc\u00e9s, rectificaci\u00f3, portabilitat, cancel\u00b7laci\u00f3 i oposici\u00f3 enviant un mail a stantoni(a)llefia.org.<\/p>\n","protected":false},"excerpt":{"rendered":"<p>S&#39;est\u00e0 carregant\u2026 Conforme amb all\u00f2 establert al Reglament (UE) 2016\/679 del Parlament Europeu i del Consell de 27 d&#8217;abril de 2016 (&#8220;RGPD&#8221;) i la seva normativa de desenvolupament, informem que les dades incloses en aquest formulari s&#8217;incorporaran a un fitxer propietat de Comissi\u00f3 Cultura Llefi\u00e0, amb la finalitat de cursar aquesta sol\u00b7licitud d&#8217;inscripci\u00f3 i enviar informaci\u00f3 relativa a la rua i activitats culturals. Al enviar aquest formulari, consentiu expressament i<\/p>\n<a href=\"https:\/\/llefia.org\/santjordi\/envia-el-teu-relat-curt\/\"> <div class=\"readmorelink\"><div class=\"rmtext\">[ Read More ]<\/div><\/div><\/a>","protected":false},"author":15,"featured_media":0,"parent":0,"menu_order":0,"comment_status":"closed","ping_status":"closed","template":"","meta":[],"_links":{"self":[{"href":"https:\/\/llefia.org\/santjordi\/wp-json\/wp\/v2\/pages\/16"}],"collection":[{"href":"https:\/\/llefia.org\/santjordi\/wp-json\/wp\/v2\/pages"}],"about":[{"href":"https:\/\/llefia.org\/santjordi\/wp-json\/wp\/v2\/types\/page"}],"author":[{"embeddable":true,"href":"https:\/\/llefia.org\/santjordi\/wp-json\/wp\/v2\/users\/15"}],"replies":[{"embeddable":true,"href":"https:\/\/llefia.org\/santjordi\/wp-json\/wp\/v2\/comments?post=16"}],"version-history":[{"count":14,"href":"https:\/\/llefia.org\/santjordi\/wp-json\/wp\/v2\/pages\/16\/revisions"}],"predecessor-version":[{"id":556,"href":"https:\/\/llefia.org\/santjordi\/wp-json\/wp\/v2\/pages\/16\/revisions\/556"}],"wp:attachment":[{"href":"https:\/\/llefia.org\/santjordi\/wp-json\/wp\/v2\/media?parent=16"}],"curies":[{"name":"wp","href":"https:\/\/api.w.org\/{rel}","templated":true}]}}

<center><iframe loading="lazy" src="https://docs.google.com/forms/d/e/1FAIpQLSdk-Evtby8igSW2CJ_FL6sXHoUH0U31uN3dvGYxfCCqRuPQpg/viewform?embedded=true" width="640" height="1020" frameborder="0" marginheight="0" marginwidth="0">S&#39;està carregant…</iframe><c/enter>



<p>Conforme amb allò establert al Reglament (UE) 2016/679 del Parlament Europeu i del Consell de 27 d&#8217;abril de 2016 (&#8220;RGPD&#8221;) i la seva normativa de desenvolupament, informem que les dades incloses en aquest formulari s&#8217;incorporaran a un fitxer propietat de Comissió Cultura Llefià, amb la finalitat de cursar aquesta sol·licitud d&#8217;inscripció i enviar informació relativa a la rua i activitats culturals. Al enviar aquest formulari, consentiu expressament i autoritzeu perquè es tractin les dades personals amb les finalitats exposades. Podeu exercir els vostres drets d&#8217;accés, rectificació, portabilitat, cancel·lació i oposició enviant un mail a stantoni(a)llefia.org.</p>

<p>S&#39;està carregant… Conforme amb allò establert al Reglament (UE) 2016/679 del Parlament Europeu i del Consell de 27 d&#8217;abril de 2016 (&#8220;RGPD&#8221;) i la seva normativa de desenvolupament, informem que les dades incloses en aquest formulari s&#8217;incorporaran a un fitxer propietat de Comissió Cultura Llefià, amb la finalitat de cursar aquesta sol·licitud d&#8217;inscripció i enviar informació relativa a la rua i activitats culturals. Al enviar aquest formulari, consentiu expressament i</p>
<a href="https://llefia.org/santjordi/envia-el-teu-relat-curt/"> <div class="readmorelink"><div class="rmtext">[ Read More ]</div></div></a>
