{"id":414,"date":"2025-04-22T23:40:43","date_gmt":"2025-04-22T21:40:43","guid":{"rendered":"https:\/\/llefia.org\/santjordi\/?page_id=414"},"modified":"2025-04-22T23:42:38","modified_gmt":"2025-04-22T21:42:38","slug":"mi-futuro-mi-decision","status":"publish","type":"page","link":"https:\/\/llefia.org\/santjordi\/mi-futuro-mi-decision\/","title":{"rendered":"MI FUTURO MI DECISI\u00d3N"},"content":{"rendered":"\n<p>Adamma naci\u00f3 un lluvioso dia en Niamey (Niger) y con tan solo 11 a\u00f1os sus padres acordaron un matrimonio concertado con un adinerado extranjero.Adamma no quer\u00eda casarse pero no ten\u00eda opci\u00f3n, el d\u00eda de su boda mientras ella se preparaba para salir no pod\u00eda describir como se sent\u00eda,el conjunto de emociones era tal que no pod\u00eda pronunciar ninguna palabra.Cuando Adamma vio la oportunidad de escaparse no la desaprovech\u00f3,pero antes rajo su vestido para ir m\u00e1s c\u00f3moda.Sali\u00f3 corriendo asustada, pero decidida;al llegar a una carretera no sab\u00eda que hacer,alz\u00f3 la vista y un coche se par\u00f3, dentro hab\u00eda una pareja que casualmente pertenec\u00edan a una ONG. Adamma sin dudarlo les pidi\u00f3 que la llevaran con ellos,la pareja al verla tan asustada aceptaron.La peque\u00f1a fue adoptada por las dos personas que la ayudaron a escapar;cuando cumpli\u00f3 20 a\u00f1os fue a visitar a sus padres biologicos,al ver otra vez a su madre sonri\u00f3 y le dio un abrazo,pero su madre sin pens\u00e1rselo dos veces la alej\u00f3 y le pregunto quien era, Adamma le dijo que era su hija pero su madre le respondi\u00f3 que no ten\u00eda ninguna hija, en ese momento la sonrisa de Adamma se desvaneci\u00f3 y sus lagrimas comenzaron a caer.Ella destrozada se fue y su madre cerr\u00f3 la puerta con desd\u00e9n.Desde ese momento Adamma no volvi\u00f3 a ver a su madre biol\u00f2gica nunca m\u00e1s y vivi\u00f3 una vida donde la \u00fanica persona que decidir\u00eda ser\u00eda ella.<\/p>\n\n\n\n<p>Cada d\u00eda 1 de cada 5 ni\u00f1as es obligada a casarse con menos de 18 a\u00f1os en todo el mundo.<\/p>\n\n\n\n<p>Leire Mesa Zache (categoria infantil)<\/p>\n","protected":false},"excerpt":{"rendered":"<p>Adamma naci\u00f3 un lluvioso dia en Niamey (Niger) y con tan solo 11 a\u00f1os sus padres acordaron un matrimonio concertado con un adinerado extranjero.Adamma no quer\u00eda casarse pero no ten\u00eda opci\u00f3n, el d\u00eda de su boda mientras ella se preparaba para salir no pod\u00eda describir como se sent\u00eda,el conjunto de emociones era tal que no pod\u00eda pronunciar ninguna palabra.Cuando Adamma vio la oportunidad de escaparse no la desaprovech\u00f3,pero antes rajo<\/p>\n<a href=\"https:\/\/llefia.org\/santjordi\/mi-futuro-mi-decision\/\"> <div class=\"readmorelink\"><div class=\"rmtext\">[ Read More ]<\/div><\/div><\/a>","protected":false},"author":15,"featured_media":0,"parent":0,"menu_order":0,"comment_status":"closed","ping_status":"closed","template":"","meta":[],"_links":{"self":[{"href":"https:\/\/llefia.org\/santjordi\/wp-json\/wp\/v2\/pages\/414"}],"collection":[{"href":"https:\/\/llefia.org\/santjordi\/wp-json\/wp\/v2\/pages"}],"about":[{"href":"https:\/\/llefia.org\/santjordi\/wp-json\/wp\/v2\/types\/page"}],"author":[{"embeddable":true,"href":"https:\/\/llefia.org\/santjordi\/wp-json\/wp\/v2\/users\/15"}],"replies":[{"embeddable":true,"href":"https:\/\/llefia.org\/santjordi\/wp-json\/wp\/v2\/comments?post=414"}],"version-history":[{"count":2,"href":"https:\/\/llefia.org\/santjordi\/wp-json\/wp\/v2\/pages\/414\/revisions"}],"predecessor-version":[{"id":417,"href":"https:\/\/llefia.org\/santjordi\/wp-json\/wp\/v2\/pages\/414\/revisions\/417"}],"wp:attachment":[{"href":"https:\/\/llefia.org\/santjordi\/wp-json\/wp\/v2\/media?parent=414"}],"curies":[{"name":"wp","href":"https:\/\/api.w.org\/{rel}","templated":true}]}}