{"id":473,"date":"2025-04-23T00:44:35","date_gmt":"2025-04-22T22:44:35","guid":{"rendered":"https:\/\/llefia.org\/santjordi\/?page_id=473"},"modified":"2025-04-23T00:44:35","modified_gmt":"2025-04-22T22:44:35","slug":"els-tres-porquets-savis","status":"publish","type":"page","link":"https:\/\/llefia.org\/santjordi\/els-tres-porquets-savis\/","title":{"rendered":"ELS TRES PORQUETS SAVIS"},"content":{"rendered":"\n<p>En un bosc hi havia tres porquets, ells vivien a la mateixa casa. Un dia els tres porquets tenien ganes de canviar la casa, i volien una casa pr\u00f2pia. Els porquets van buscar materials.<\/p>\n\n\n\n<p>El porquet petit va dir:<br>&#8211; A veure qui construeix la casa m\u00e9s bonica.<\/p>\n\n\n\n<p>El porquet mitj\u00e0 li va dir:<br>Doncs farem un concurs de cases.<\/p>\n\n\n\n<p>El porquet gran va contestar:<br>Jo vull guanyar!!!<\/p>\n\n\n\n<p>Un llop els va veure i va planejar menjar-se\u2019ls quan es fes fosc. Llavors els tres porquets van comen\u00e7ar a fer la seva casa. El porquet petit va pensar a construir una casa sota terra, va agafar una pala i va comen\u00e7ar a cavar.<\/p>\n\n\n\n<p>Two hours later<\/p>\n\n\n\n<p>El porquet mitj\u00e0 va construir una casa sobre el riu, perqu\u00e8 volia que tots ve\u00efns el miressin amb admiraci\u00f3.<\/p>\n\n\n\n<p>Two hours later<\/p>\n\n\n\n<p>El porquet gran va construir una casa sobre un arbre, perqu\u00e8 pensava que seria molt segura.<\/p>\n\n\n\n<p>Two hours later<\/p>\n\n\n\n<p>Els tres porquets van acabar de construir les seves cases. Com que ja era fosc, tots es van estirar al llit i es van adormir.<br>El llop va dir:<br>Primer em menjar\u00e9 el porquet petit.<\/p>\n\n\n\n<p>El llop va caminar lentament cap a la casa del porquet. El porquet petit va comen\u00e7ar a tenir molt mal de panxa, no podia aguantar-se m\u00e9s i va sortir cap al bosc buscant unes plantes. El llop va entrar a la casa, de sobte la casa es va ensorrar i el llop va quedar enterrat dins.<\/p>\n\n\n\n<p>El porquet petit va dir:<br>Oh! Casa meva! S\u2019ha ensorrat.<\/p>\n\n\n\n<p>Com que la casa del porquet es va ensorrar, el porquet petit va tornar a la seva casa antiga.<\/p>\n\n\n\n<p>El llop cridava:<br>&#8211; NO, NO, NO&#8230;<\/p>\n\n\n\n<p>Quan el llop va sortir, el porquet ja havia desaparegut, aix\u00ed que el llop es va preparar per menjar-se el porquet mitj\u00e0.<\/p>\n\n\n\n<p>El porquet mitj\u00e0 mirava cap el cel:<br>La lluna \u00e9s tan bonica avui. Vull anar al riu per gaudir de la lluna.<\/p>\n\n\n\n<p>El llop va entrar a la casa de sobre del riu.<\/p>\n\n\n\n<p>On ha anat el porc mitj\u00e0? Per qu\u00e8 tremola la casa? Ah, la casa cau pel penya-segat!<br><br>El porquet mitj\u00e0 va tornar a casa:<br>On \u00e9s casa meva?<\/p>\n\n\n\n<p>Com que va veure que havia caigut pel precipici va pensar que tornaria a la seva antiga casa. El llop va tornar sobre de penya-segat.<\/p>\n\n\n\n<p>-AAA I, AAI II, el porquet s\u2019ha escapat!!!<\/p>\n\n\n\n<p>El llop va anar a buscar el porquet gran. Va pujar pel tronc de l&#8217;arbre.<\/p>\n\n\n\n<p>Alllllllll<br>Pommmmmm!!! Va caure accidentalment.<\/p>\n\n\n\n<p>Ahhh, per qu\u00e8 hi ha un soroll tan gran? Va dir el porquet gran.<\/p>\n\n\n\n<p>El porquet gran va treure el cap i va mirar al seu voltant, per\u00f2 no va veure res. Va pensar que viure sobre un arbre \u00e9s massa perill\u00f3s. Vull tornar a la meva antiga casa.<\/p>\n\n\n\n<p>Els tres porquets es van confondre quan van veure que tots eren a la seva antiga casa i van explicar-se els motius. El problema era el llop. Van discutir com expulsar-lo. Per\u00f2 el llop era tossut.<\/p>\n\n\n\n<p>Per fi puc menjar porquet.<\/p>\n\n\n\n<p>Quan va aconseguir arribar a la casa antiga el llop va caure a una trampa que li havien preparat els porquets. Els porquets van agafar el llop, el van lligar a una cadira, li va enganxar uns coets, els van encendre i el llop va sortir disparat fent un cercle en direcci\u00f3 casa seva. Mai m\u00e9s va molestar els porquets. Ara menja ovelles.<br>Conte explicat, ja s\u2019ha acabat.<\/p>\n\n\n\n<p>Xuanxuan Xia i Senhao Jin (categoria juvenil)<\/p>\n","protected":false},"excerpt":{"rendered":"<p>En un bosc hi havia tres porquets, ells vivien a la mateixa casa. Un dia els tres porquets tenien ganes de canviar la casa, i volien una casa pr\u00f2pia. Els porquets van buscar materials. El porquet petit va dir:&#8211; A veure qui construeix la casa m\u00e9s bonica. El porquet mitj\u00e0 li va dir:Doncs farem un concurs de cases. El porquet gran va contestar:Jo vull guanyar!!! Un llop els va veure<\/p>\n<a href=\"https:\/\/llefia.org\/santjordi\/els-tres-porquets-savis\/\"> <div class=\"readmorelink\"><div class=\"rmtext\">[ Read More ]<\/div><\/div><\/a>","protected":false},"author":15,"featured_media":0,"parent":0,"menu_order":0,"comment_status":"closed","ping_status":"closed","template":"","meta":[],"_links":{"self":[{"href":"https:\/\/llefia.org\/santjordi\/wp-json\/wp\/v2\/pages\/473"}],"collection":[{"href":"https:\/\/llefia.org\/santjordi\/wp-json\/wp\/v2\/pages"}],"about":[{"href":"https:\/\/llefia.org\/santjordi\/wp-json\/wp\/v2\/types\/page"}],"author":[{"embeddable":true,"href":"https:\/\/llefia.org\/santjordi\/wp-json\/wp\/v2\/users\/15"}],"replies":[{"embeddable":true,"href":"https:\/\/llefia.org\/santjordi\/wp-json\/wp\/v2\/comments?post=473"}],"version-history":[{"count":1,"href":"https:\/\/llefia.org\/santjordi\/wp-json\/wp\/v2\/pages\/473\/revisions"}],"predecessor-version":[{"id":474,"href":"https:\/\/llefia.org\/santjordi\/wp-json\/wp\/v2\/pages\/473\/revisions\/474"}],"wp:attachment":[{"href":"https:\/\/llefia.org\/santjordi\/wp-json\/wp\/v2\/media?parent=473"}],"curies":[{"name":"wp","href":"https:\/\/api.w.org\/{rel}","templated":true}]}}