{"id":504,"date":"2025-04-23T01:12:07","date_gmt":"2025-04-22T23:12:07","guid":{"rendered":"https:\/\/llefia.org\/santjordi\/?page_id=504"},"modified":"2025-04-23T14:31:04","modified_gmt":"2025-04-23T12:31:04","slug":"categoria-infantil-2025","status":"publish","type":"page","link":"https:\/\/llefia.org\/santjordi\/categoria-infantil-2025\/","title":{"rendered":"Categoria infantil 2025"},"content":{"rendered":"\n<ul><li><a rel=\"noreferrer noopener\" href=\"https:\/\/llefia.org\/santjordi\/alba-y-su-ciudad\/\" data-type=\"page\" data-id=\"499\" target=\"_blank\">Alba y su ciudad<\/a> Dana Pilar Jerez<\/li><li><a rel=\"noreferrer noopener\" href=\"https:\/\/llefia.org\/santjordi\/el-asesinato-de-dona-blanca\/\" data-type=\"page\" data-id=\"465\" target=\"_blank\">El asesinato de Do\u00f1a Blanca<\/a> Mario Lechuga Guti\u00e9rrez<\/li><li><a rel=\"noreferrer noopener\" href=\"https:\/\/llefia.org\/santjordi\/mi-futuro-mi-decision\/\" data-type=\"page\" data-id=\"414\" target=\"_blank\">Mi futuro mi decisi\u00f3n<\/a> Leire Mesa Zache<\/li><\/ul>\n","protected":false},"excerpt":{"rendered":"<p>Alba y su ciudad Dana Pilar Jerez El asesinato de Do\u00f1a Blanca Mario Lechuga Guti\u00e9rrez Mi futuro mi decisi\u00f3n Leire Mesa Zache<\/p>\n<a href=\"https:\/\/llefia.org\/santjordi\/categoria-infantil-2025\/\"> <div class=\"readmorelink\"><div class=\"rmtext\">[ Read More ]<\/div><\/div><\/a>","protected":false},"author":15,"featured_media":0,"parent":0,"menu_order":0,"comment_status":"closed","ping_status":"closed","template":"","meta":[],"_links":{"self":[{"href":"https:\/\/llefia.org\/santjordi\/wp-json\/wp\/v2\/pages\/504"}],"collection":[{"href":"https:\/\/llefia.org\/santjordi\/wp-json\/wp\/v2\/pages"}],"about":[{"href":"https:\/\/llefia.org\/santjordi\/wp-json\/wp\/v2\/types\/page"}],"author":[{"embeddable":true,"href":"https:\/\/llefia.org\/santjordi\/wp-json\/wp\/v2\/users\/15"}],"replies":[{"embeddable":true,"href":"https:\/\/llefia.org\/santjordi\/wp-json\/wp\/v2\/comments?post=504"}],"version-history":[{"count":6,"href":"https:\/\/llefia.org\/santjordi\/wp-json\/wp\/v2\/pages\/504\/revisions"}],"predecessor-version":[{"id":535,"href":"https:\/\/llefia.org\/santjordi\/wp-json\/wp\/v2\/pages\/504\/revisions\/535"}],"wp:attachment":[{"href":"https:\/\/llefia.org\/santjordi\/wp-json\/wp\/v2\/media?parent=504"}],"curies":[{"name":"wp","href":"https:\/\/api.w.org\/{rel}","templated":true}]}}