{"id":507,"date":"2025-04-23T01:12:34","date_gmt":"2025-04-22T23:12:34","guid":{"rendered":"https:\/\/llefia.org\/santjordi\/?page_id=507"},"modified":"2025-04-23T14:31:02","modified_gmt":"2025-04-23T12:31:02","slug":"categoria-juvenil-2025","status":"publish","type":"page","link":"https:\/\/llefia.org\/santjordi\/categoria-juvenil-2025\/","title":{"rendered":"Categoria juvenil 2025"},"content":{"rendered":"\n<ul><li><a rel=\"noreferrer noopener\" href=\"https:\/\/llefia.org\/santjordi\/jo-quan-era-petit\/\" data-type=\"page\" data-id=\"501\" target=\"_blank\">Jo, quan era petit\u2026<\/a> Eric Vaquera L\u00f3pez<\/li><li><a rel=\"noreferrer noopener\" href=\"https:\/\/llefia.org\/santjordi\/era-un-dia-radiant-de-primavera\/\" data-type=\"page\" data-id=\"497\" target=\"_blank\">Era un dia radiant de primavera\u2026<\/a> Pau Gomez<\/li><li><a rel=\"noreferrer noopener\" href=\"https:\/\/llefia.org\/santjordi\/pluja-por-i-estrelles\/\" data-type=\"page\" data-id=\"491\" target=\"_blank\">Pluja, por i estrelles<\/a> Daniela Molina Rodr\u00edguez<\/li><li><a rel=\"noreferrer noopener\" href=\"https:\/\/llefia.org\/santjordi\/mi-sueno\/\" data-type=\"page\" data-id=\"489\" target=\"_blank\">Mi sue\u00f1o<\/a> Iker Reinoso<\/li><li><a rel=\"noreferrer noopener\" href=\"https:\/\/llefia.org\/santjordi\/en-un-pequeno-pueblo\/\" data-type=\"page\" data-id=\"487\" target=\"_blank\">En un peque\u00f1o pueblo\u2026<\/a> Marc Romero<\/li><li><a rel=\"noreferrer noopener\" href=\"https:\/\/llefia.org\/santjordi\/el-drac-de-terril-lultima-oportunitat\/\" data-type=\"page\" data-id=\"475\" target=\"_blank\">El Drac de Terril: L\u2019\u00faltima oportunitat<\/a> Pseud\u00f2nim: Hugo &#8221; el Fulanito&#8221;<\/li><li><a rel=\"noreferrer noopener\" href=\"https:\/\/llefia.org\/santjordi\/els-tres-porquets-savis\/\" data-type=\"page\" data-id=\"473\" target=\"_blank\">Els tres porquets savis<\/a> Xuanxuan Xia i Senhao Jin<\/li><li><a rel=\"noreferrer noopener\" href=\"https:\/\/llefia.org\/santjordi\/lombra-de-casa-2\/\" data-type=\"page\" data-id=\"524\" target=\"_blank\">L\u2019ombra de casa<\/a> Saray Mendoza Carrillo<\/li><li><a rel=\"noreferrer noopener\" href=\"https:\/\/llefia.org\/santjordi\/el-mirall-menganya\/\" data-type=\"page\" data-id=\"467\" target=\"_blank\">El mirall m\u2019enganya<\/a> Rocio Baidal Baja\u00f1a<\/li><li><a rel=\"noreferrer noopener\" href=\"https:\/\/llefia.org\/santjordi\/cari\/\" data-type=\"page\" data-id=\"444\" target=\"_blank\">Cari<\/a> Myriam Fern\u00e1ndez Muela<\/li><li><a rel=\"noreferrer noopener\" href=\"https:\/\/llefia.org\/santjordi\/quina-vergonya\/\" data-type=\"page\" data-id=\"436\" target=\"_blank\">Quina vergonya<\/a> Samay Moreno Amaya<\/li><li><a rel=\"noreferrer noopener\" href=\"https:\/\/llefia.org\/santjordi\/corrent-entre-vaques-gossos-i-terrasses\/\" data-type=\"page\" data-id=\"434\" target=\"_blank\">Corrent entre vaques, gossos i terrasses<\/a> Fatima Hussain Nasreen<\/li><li><a rel=\"noreferrer noopener\" href=\"https:\/\/llefia.org\/santjordi\/per-comencar-el-meu-nom-es-marta\/\" data-type=\"page\" data-id=\"428\" target=\"_blank\">Per comen\u00e7ar el meu nom \u00e9s Marta\u2026<\/a> Sara Khtira Bennaser<\/li><li><a rel=\"noreferrer noopener\" href=\"https:\/\/llefia.org\/santjordi\/bryat-wyatt\/\" data-type=\"page\" data-id=\"422\" target=\"_blank\">Bryat Wyatt<\/a> Pol Garcia<\/li><li><a rel=\"noreferrer noopener\" href=\"https:\/\/llefia.org\/santjordi\/els-tres-desitjos\/\" target=\"_blank\">Els tres desitjos<\/a> Bisma Kausar Malik<\/li><li><a href=\"https:\/\/llefia.org\/santjordi\/en-patufet-en-patufit-i-en-patufut\/\">En Patufet, en Patufit i en Patufut<\/a> Adriano Valentino Quispe Lay i Juliano Emanuel Arru\u00e9 Pizarro<\/li><li><a rel=\"noreferrer noopener\" href=\"https:\/\/llefia.org\/santjordi\/la-nit-que-vaig-descobrir-el-secret-del-llac\/\" target=\"_blank\">La nit que vaig descobrir el secret del llac<\/a> Alexis Osman Flores Orosco<\/li><li><a rel=\"noreferrer noopener\" href=\"https:\/\/llefia.org\/santjordi\/un-desig\/\" target=\"_blank\">Un desig<\/a> Luc\u00eda Valencia Puerta<\/li><li><a rel=\"noreferrer noopener\" href=\"https:\/\/llefia.org\/santjordi\/el-bosc-encantat\/\" target=\"_blank\">El bosc encantat<\/a> Marc Rivero Cerezo<\/li><li><a rel=\"noreferrer noopener\" href=\"https:\/\/llefia.org\/santjordi\/un-estiu-al-camping\/\" target=\"_blank\">Un estiu al c\u00e0mping<\/a> Noa Mu\u00f1oz Rosa<\/li><\/ul>\n","protected":false},"excerpt":{"rendered":"<p>Jo, quan era petit\u2026 Eric Vaquera L\u00f3pez Era un dia radiant de primavera\u2026 Pau Gomez Pluja, por i estrelles Daniela Molina Rodr\u00edguez Mi sue\u00f1o Iker Reinoso En un peque\u00f1o pueblo\u2026 Marc Romero El Drac de Terril: L\u2019\u00faltima oportunitat Pseud\u00f2nim: Hugo &#8221; el Fulanito&#8221; Els tres porquets savis Xuanxuan Xia i Senhao Jin L\u2019ombra de casa Saray Mendoza Carrillo El mirall m\u2019enganya Rocio Baidal Baja\u00f1a Cari Myriam Fern\u00e1ndez Muela Quina vergonya<\/p>\n<a href=\"https:\/\/llefia.org\/santjordi\/categoria-juvenil-2025\/\"> <div class=\"readmorelink\"><div class=\"rmtext\">[ Read More ]<\/div><\/div><\/a>","protected":false},"author":15,"featured_media":0,"parent":0,"menu_order":0,"comment_status":"closed","ping_status":"closed","template":"","meta":[],"_links":{"self":[{"href":"https:\/\/llefia.org\/santjordi\/wp-json\/wp\/v2\/pages\/507"}],"collection":[{"href":"https:\/\/llefia.org\/santjordi\/wp-json\/wp\/v2\/pages"}],"about":[{"href":"https:\/\/llefia.org\/santjordi\/wp-json\/wp\/v2\/types\/page"}],"author":[{"embeddable":true,"href":"https:\/\/llefia.org\/santjordi\/wp-json\/wp\/v2\/users\/15"}],"replies":[{"embeddable":true,"href":"https:\/\/llefia.org\/santjordi\/wp-json\/wp\/v2\/comments?post=507"}],"version-history":[{"count":8,"href":"https:\/\/llefia.org\/santjordi\/wp-json\/wp\/v2\/pages\/507\/revisions"}],"predecessor-version":[{"id":534,"href":"https:\/\/llefia.org\/santjordi\/wp-json\/wp\/v2\/pages\/507\/revisions\/534"}],"wp:attachment":[{"href":"https:\/\/llefia.org\/santjordi\/wp-json\/wp\/v2\/media?parent=507"}],"curies":[{"name":"wp","href":"https:\/\/api.w.org\/{rel}","templated":true}]}}