{"id":579,"date":"2026-04-20T23:01:07","date_gmt":"2026-04-20T21:01:07","guid":{"rendered":"https:\/\/llefia.org\/santjordi\/?page_id=579"},"modified":"2026-04-20T23:01:07","modified_gmt":"2026-04-20T21:01:07","slug":"el-regal","status":"publish","type":"page","link":"https:\/\/llefia.org\/santjordi\/el-regal\/","title":{"rendered":"EL REGAL"},"content":{"rendered":"\n<p>M\u2019han fet un regal! per\u00f2 deixa que m\u2019expliqui. S\u00f3c tafaner de mena i sobre tot molt curi\u00f3s amb aquelles coses que realment m\u2019interessen com per exemple el temps atmosf\u00e8ric, per\u00f2 el que m\u00e9s m\u2019agrada \u00e9s l\u2019astronomia, estrelles, planetes, constel\u2022lacions, cometes&#8230; podria estar hores i hores entretingut amb aquests temes, per\u00f2 tornem al regal.<br>Va ser el meu aniversari i uns quants amics es van ajuntar per fer-me un regal amb m\u00e9s entitat que no pas si l\u2019haguessin fet cadasc\u00fa pel seu cant\u00f3. Ens vam trobar a la terrassa d\u2019un bar per celebrar-ho, i all\u00e0 mateix em van donar un sobre gran amb una postal on hi havia les firmes de tots i algun escrit d\u2019aquells de llagrimeta, i en un paper dins de la postal hi havia una nota que deia \u201cVal per un sopar per a dues persones a l\u2019observatori Fabra amb visita guiada i observacions a traves del telescopi\u201d.<br>El cor se\u2019m va disparar, la veu em tremolava, podria mirar per el telescopi centenari, un dels m\u00e9s antics del m\u00f3n en actiu, quina passada!<br>Aquell regal va fer ressorgir el nen que tots duem a dins, i un ja no \u00e9s de la primera volada, en vaig fer setanta que no son pocs.<br>Per poder gaudir del regal havia de triar dia i trucar, cada cop que hi pensava en tenia m\u00e9s ganes, tantes que a la meva dona li posava el cap com un timbal.<br>Nom\u00e9s pensava en qu\u00e8 podia ser millor, si buscar un dia que hi hagu\u00e9s lluna plena i aix\u00ed poder explorar-la amb el telescopi i mirar els cr\u00e0ters produ\u00efts per els impactes dels meteorits, que com que no hi ha atmosfera i molt poca gravetat no te cap escut protector de l\u2019espai exterior, o per el contrari, esperar a que la lluna sigui nova i poder veure el color roig de Mart o les anelles de Saturn, no podia deixar de pensar-hi i no sabia quina opci\u00f3 triar. Finalment em vaig decidir a buscar un dia hi hagu\u00e9s lluna nova, i aix\u00ed intentar veure Saturn al detall.<br>Vam buscar un dia que coincid\u00eds m\u00e9s o menys amb lluna nova i reservar la activitat, i en arribar el dia vam pujar cap el Tibidabo ja que l\u2019observatori est\u00e0 a la mateixa falda de la muntanya.<br>Quan vam arribar ens varen rebre amb una copa de cava mentre f\u00e8iem temps per sopar, vam menjar b\u00e9 i amb unes vistes espectaculars de Barcelona mentre s\u2019anava fent fosc.<br>En acabar el sopar, un reconegut astr\u00f2nom ens va fer una interessant xerrada sobre forats negres que se\u2019m va fer llarga, aix\u00ed com la visita guiada i el museu perqu\u00e8 jo el que volia era pujar a la sala del telescopi i comen\u00e7ar a observar!<br>I per fi el gran moment!<br>Vam pujar a la planta superior de l\u2019observatori, justament a l\u2019observatori, on est\u00e0 la c\u00fapula i el telescopi, una joia, una obra d\u2019enginyeria de l\u2019\u00e8poca, una meravella.<br>All\u00e0 dalt em vaig adonar que \u00e9rem molts a mirar, que potser no tindr\u00edem tant temps per observar com m\u2019havia fet a la idea.<br>L\u2019astr\u00f2nom que ens havia fet la xerrada sobre els forats negres era la que donava les instruccions de com mirar pel telescopi. Resulta que ells ja havien triat el que an\u00e0vem veure, concretament dos estels, el WASP-6 i el WASP-71 que estaven en una gal\u00e0xia molt llunyana i nom\u00e9s veur\u00edem dos punts, i que si ho mir\u00e0vem b\u00e9 incl\u00fas veur\u00edem el color de cadascuna, una m\u00e9s vermellosa i l\u2019altra m\u00e9s blanca. Tamb\u00e9 ens va dir que cadasc\u00fa ten\u00edem entre deu i quinze segons per visualitzar els estels, doncs \u00e9rem molts i no donava temps per m\u00e9s.<br>En fi, vaig veure dos punts blancs i mig borrosos, i amb una decepci\u00f3 absoluta, molt semblant a una derrota d\u2019aquelles rid\u00edcules, de les que oloren a frac\u00e0s, vam tornar cap a casa sense dir-nos quasi b\u00e9 res.<br>Aquesta \u00e9s l\u2019historia d\u2019un regal que va generar una expectativa molt allunyada de la realitat, per\u00f2 que ha servit com a m\u00ednim per estar uns mesos mirant el m\u00f3n amb ulls de nen.<\/p>\n\n\n\n<p>Esteve Cristi\u00e0 Gasull (categoria adults)<\/p>\n","protected":false},"excerpt":{"rendered":"<p>M\u2019han fet un regal! per\u00f2 deixa que m\u2019expliqui. S\u00f3c tafaner de mena i sobre tot molt curi\u00f3s amb aquelles coses que realment m\u2019interessen com per exemple el temps atmosf\u00e8ric, per\u00f2 el que m\u00e9s m\u2019agrada \u00e9s l\u2019astronomia, estrelles, planetes, constel\u2022lacions, cometes&#8230; podria estar hores i hores entretingut amb aquests temes, per\u00f2 tornem al regal.Va ser el meu aniversari i uns quants amics es van ajuntar per fer-me un regal amb m\u00e9s<\/p>\n<a href=\"https:\/\/llefia.org\/santjordi\/el-regal\/\"> <div class=\"readmorelink\"><div class=\"rmtext\">[ Read More ]<\/div><\/div><\/a>","protected":false},"author":15,"featured_media":0,"parent":0,"menu_order":0,"comment_status":"closed","ping_status":"closed","template":"","meta":[],"_links":{"self":[{"href":"https:\/\/llefia.org\/santjordi\/wp-json\/wp\/v2\/pages\/579"}],"collection":[{"href":"https:\/\/llefia.org\/santjordi\/wp-json\/wp\/v2\/pages"}],"about":[{"href":"https:\/\/llefia.org\/santjordi\/wp-json\/wp\/v2\/types\/page"}],"author":[{"embeddable":true,"href":"https:\/\/llefia.org\/santjordi\/wp-json\/wp\/v2\/users\/15"}],"replies":[{"embeddable":true,"href":"https:\/\/llefia.org\/santjordi\/wp-json\/wp\/v2\/comments?post=579"}],"version-history":[{"count":1,"href":"https:\/\/llefia.org\/santjordi\/wp-json\/wp\/v2\/pages\/579\/revisions"}],"predecessor-version":[{"id":580,"href":"https:\/\/llefia.org\/santjordi\/wp-json\/wp\/v2\/pages\/579\/revisions\/580"}],"wp:attachment":[{"href":"https:\/\/llefia.org\/santjordi\/wp-json\/wp\/v2\/media?parent=579"}],"curies":[{"name":"wp","href":"https:\/\/api.w.org\/{rel}","templated":true}]}}

<p>M’han fet un regal! però deixa que m’expliqui. Sóc tafaner de mena i sobre tot molt curiós amb aquelles coses que realment m’interessen com per exemple el temps atmosfèric, però el que més m’agrada és l’astronomia, estrelles, planetes, constel•lacions, cometes&#8230; podria estar hores i hores entretingut amb aquests temes, però tornem al regal.<br>Va ser el meu aniversari i uns quants amics es van ajuntar per fer-me un regal amb més entitat que no pas si l’haguessin fet cadascú pel seu cantó. Ens vam trobar a la terrassa d’un bar per celebrar-ho, i allà mateix em van donar un sobre gran amb una postal on hi havia les firmes de tots i algun escrit d’aquells de llagrimeta, i en un paper dins de la postal hi havia una nota que deia “Val per un sopar per a dues persones a l’observatori Fabra amb visita guiada i observacions a traves del telescopi”.<br>El cor se’m va disparar, la veu em tremolava, podria mirar per el telescopi centenari, un dels més antics del món en actiu, quina passada!<br>Aquell regal va fer ressorgir el nen que tots duem a dins, i un ja no és de la primera volada, en vaig fer setanta que no son pocs.<br>Per poder gaudir del regal havia de triar dia i trucar, cada cop que hi pensava en tenia més ganes, tantes que a la meva dona li posava el cap com un timbal.<br>Només pensava en què podia ser millor, si buscar un dia que hi hagués lluna plena i així poder explorar-la amb el telescopi i mirar els cràters produïts per els impactes dels meteorits, que com que no hi ha atmosfera i molt poca gravetat no te cap escut protector de l’espai exterior, o per el contrari, esperar a que la lluna sigui nova i poder veure el color roig de Mart o les anelles de Saturn, no podia deixar de pensar-hi i no sabia quina opció triar. Finalment em vaig decidir a buscar un dia hi hagués lluna nova, i així intentar veure Saturn al detall.<br>Vam buscar un dia que coincidís més o menys amb lluna nova i reservar la activitat, i en arribar el dia vam pujar cap el Tibidabo ja que l’observatori està a la mateixa falda de la muntanya.<br>Quan vam arribar ens varen rebre amb una copa de cava mentre fèiem temps per sopar, vam menjar bé i amb unes vistes espectaculars de Barcelona mentre s’anava fent fosc.<br>En acabar el sopar, un reconegut astrònom ens va fer una interessant xerrada sobre forats negres que se’m va fer llarga, així com la visita guiada i el museu perquè jo el que volia era pujar a la sala del telescopi i començar a observar!<br>I per fi el gran moment!<br>Vam pujar a la planta superior de l’observatori, justament a l’observatori, on està la cúpula i el telescopi, una joia, una obra d’enginyeria de l’època, una meravella.<br>Allà dalt em vaig adonar que érem molts a mirar, que potser no tindríem tant temps per observar com m’havia fet a la idea.<br>L’astrònom que ens havia fet la xerrada sobre els forats negres era la que donava les instruccions de com mirar pel telescopi. Resulta que ells ja havien triat el que anàvem veure, concretament dos estels, el WASP-6 i el WASP-71 que estaven en una galàxia molt llunyana i només veuríem dos punts, i que si ho miràvem bé inclús veuríem el color de cadascuna, una més vermellosa i l’altra més blanca. També ens va dir que cadascú teníem entre deu i quinze segons per visualitzar els estels, doncs érem molts i no donava temps per més.<br>En fi, vaig veure dos punts blancs i mig borrosos, i amb una decepció absoluta, molt semblant a una derrota d’aquelles ridícules, de les que oloren a fracàs, vam tornar cap a casa sense dir-nos quasi bé res.<br>Aquesta és l’historia d’un regal que va generar una expectativa molt allunyada de la realitat, però que ha servit com a mínim per estar uns mesos mirant el món amb ulls de nen.</p>



<p>Esteve Cristià Gasull (categoria adults)</p>

<p>M’han fet un regal! però deixa que m’expliqui. Sóc tafaner de mena i sobre tot molt curiós amb aquelles coses que realment m’interessen com per exemple el temps atmosfèric, però el que més m’agrada és l’astronomia, estrelles, planetes, constel•lacions, cometes&#8230; podria estar hores i hores entretingut amb aquests temes, però tornem al regal.Va ser el meu aniversari i uns quants amics es van ajuntar per fer-me un regal amb més</p>
<a href="https://llefia.org/santjordi/el-regal/"> <div class="readmorelink"><div class="rmtext">[ Read More ]</div></div></a>
