{"id":583,"date":"2026-04-20T23:02:57","date_gmt":"2026-04-20T21:02:57","guid":{"rendered":"https:\/\/llefia.org\/santjordi\/?page_id=583"},"modified":"2026-04-20T23:02:58","modified_gmt":"2026-04-20T21:02:58","slug":"el-sueno-de-cecilia","status":"publish","type":"page","link":"https:\/\/llefia.org\/santjordi\/el-sueno-de-cecilia\/","title":{"rendered":"El sue\u00f1o de Cecilia"},"content":{"rendered":"\n<p>A principios de los a\u00f1os 80, una mujer llamada Cecilia plant\u00f3 cara a todo un pueblo de una forma atrevida y valiente, pero para poder explicarlo mejor deber\u00eda comenzar por el principio. Ella naci\u00f3 en un peque\u00f1o pueblo del interior; desde que era muy peque\u00f1a siempre hab\u00eda luchado por las injusticias. Cuando creci\u00f3 encontr\u00f3 una pasi\u00f3n, la pol\u00edtica, en especial ser alcaldesa de su pueblo; cada vez que lo mencionaba sus amigos se re\u00edan de ella por ese sue\u00f1o inaccesible para una mujer, pero Cecilia no se iba a rendir tan f\u00e1cilmente. Cuando ya era mayor de edad estudi\u00f3 por su cuenta porque sab\u00eda que nadie le ayudar\u00eda; iba a la biblioteca y buscaba varios libros sobre pol\u00edtica, econom\u00eda&#8230; Un d\u00eda cuando ella iba caminando por la plaza, una ni\u00f1a del pueblo le pregunt\u00f3 que por qu\u00e9 quer\u00eda ser alcaldesa. Cecilia le respondi\u00f3 que quer\u00eda cambiar las cosas, mejorar la vida de la gente del pueblo y as\u00ed tambi\u00e9n animar a m\u00e1s mujeres a presentarse.<\/p>\n\n\n\n<p>Y aunque todos se burlaban de ella, a Cecilia le daba igual; no paraba de estudiar y de esforzarse. Despu\u00e9s de varios a\u00f1os estudiando hab\u00eda llegado la hora de presentarse a las elecciones. Al verla, todo el mundo se sorprendi\u00f3 mucho. El d\u00eda que empez\u00f3 la campa\u00f1a se prepar\u00f3 un discurso; pero al salir para hablar muchos ciudadanos comenzaron a abuchearla y a burlarse de ella. Cecilia iba a marcharse llorando, pero antes de irse se dio cuenta de que nunca le hab\u00eda importado lo que los dem\u00e1s pensaran y que ahora no iba a comenzar a importarle. Volvi\u00f3 decidida; su coraz\u00f3n lat\u00eda a mil por hora. Comenz\u00f3 a hablar, con una mezcla de miedo e inseguridad, pero no par\u00f3. Intent\u00f3 concienciar a las dem\u00e1s personas sobre que no hay que subestimar a una persona solamente por ser mujer y que todos tenemos los mismos derechos. Cuando se supo el resultado final, Cecilia perdi\u00f3, pero no le import\u00f3 porque hab\u00eda defendido lo que ella ve\u00eda justo. En elecciones siguientes se volvi\u00f3 a presentar y esta vez s\u00ed que gan\u00f3. Esta mujer dio una lecci\u00f3n de valent\u00eda al demostrar que no hay que rendirse nunca a pesar de las adversidades del camino.<\/p>\n\n\n\n<p>Gracias a muchas mujeres como Cecilia, hoy en d\u00eda podemos vivir en una sociedad m\u00e1s igualitaria.<\/p>\n\n\n\n<p>Leire Mesa Zache (categoria infantil)<\/p>\n","protected":false},"excerpt":{"rendered":"<p>A principios de los a\u00f1os 80, una mujer llamada Cecilia plant\u00f3 cara a todo un pueblo de una forma atrevida y valiente, pero para poder explicarlo mejor deber\u00eda comenzar por el principio. Ella naci\u00f3 en un peque\u00f1o pueblo del interior; desde que era muy peque\u00f1a siempre hab\u00eda luchado por las injusticias. Cuando creci\u00f3 encontr\u00f3 una pasi\u00f3n, la pol\u00edtica, en especial ser alcaldesa de su pueblo; cada vez que lo mencionaba<\/p>\n<a href=\"https:\/\/llefia.org\/santjordi\/el-sueno-de-cecilia\/\"> <div class=\"readmorelink\"><div class=\"rmtext\">[ Read More ]<\/div><\/div><\/a>","protected":false},"author":15,"featured_media":0,"parent":0,"menu_order":0,"comment_status":"closed","ping_status":"closed","template":"","meta":[],"_links":{"self":[{"href":"https:\/\/llefia.org\/santjordi\/wp-json\/wp\/v2\/pages\/583"}],"collection":[{"href":"https:\/\/llefia.org\/santjordi\/wp-json\/wp\/v2\/pages"}],"about":[{"href":"https:\/\/llefia.org\/santjordi\/wp-json\/wp\/v2\/types\/page"}],"author":[{"embeddable":true,"href":"https:\/\/llefia.org\/santjordi\/wp-json\/wp\/v2\/users\/15"}],"replies":[{"embeddable":true,"href":"https:\/\/llefia.org\/santjordi\/wp-json\/wp\/v2\/comments?post=583"}],"version-history":[{"count":1,"href":"https:\/\/llefia.org\/santjordi\/wp-json\/wp\/v2\/pages\/583\/revisions"}],"predecessor-version":[{"id":584,"href":"https:\/\/llefia.org\/santjordi\/wp-json\/wp\/v2\/pages\/583\/revisions\/584"}],"wp:attachment":[{"href":"https:\/\/llefia.org\/santjordi\/wp-json\/wp\/v2\/media?parent=583"}],"curies":[{"name":"wp","href":"https:\/\/api.w.org\/{rel}","templated":true}]}}