{"id":587,"date":"2026-04-20T23:07:35","date_gmt":"2026-04-20T21:07:35","guid":{"rendered":"https:\/\/llefia.org\/santjordi\/?page_id=587"},"modified":"2026-04-20T23:07:36","modified_gmt":"2026-04-20T21:07:36","slug":"la-kaylee-tenia-14-anys-i-odiava-molt-lhivern","status":"publish","type":"page","link":"https:\/\/llefia.org\/santjordi\/la-kaylee-tenia-14-anys-i-odiava-molt-lhivern\/","title":{"rendered":"La Kaylee tenia 14 anys i odiava molt l\u2019hivern&#8230;"},"content":{"rendered":"\n<p>La Kaylee tenia 14 anys i odiava molt l\u2019hivern. Sempre tenia fred, sempre arribava tard i, a sobre, sempre acabava relliscant amb la neu. Aquell any va arribar un noi nou a classe, en Jinu, que venia de Corea. Era bastant callat i anava molt a la seva, aix\u00ed que gaireb\u00e9 ning\u00fa parlava amb ell.<\/p>\n\n\n\n<p>Un dia, al pati, la Kaylee va relliscar amb el gel i va caure davant de tothom, i va ser s\u00faper humiliant. Ning\u00fa es va apropar, excepte ell. En Jinu li va donar la m\u00e0 i li va preguntar si estava b\u00e9, amb un accent una mica estrany per\u00f2 tamb\u00e9 bonic. A partir d\u2019aquell moment, van comen\u00e7ar a coincidir m\u00e9s: a vegades s\u2019asseien junts a classe o caminaven una estona despr\u00e9s de sortir, i encara que no parlaven molt, per\u00f2 no era inc\u00f2mode.<\/p>\n\n\n\n<p>Un dia va comen\u00e7ar a nevar molt fort i la Kaylee estava congelada, com sempre. En Jinu la va mirar un moment, es va treure la bufanda i li va posar sense dir res. Ella es va quedar parada, sense saber qu\u00e8 dir. Des d\u2019aquell hivern, la Sofia ja no odiava tant el fred.<\/p>\n\n\n\n<p>Aya Aarbaji Darrazi (categoria juvenil)<\/p>\n","protected":false},"excerpt":{"rendered":"<p>La Kaylee tenia 14 anys i odiava molt l\u2019hivern. Sempre tenia fred, sempre arribava tard i, a sobre, sempre acabava relliscant amb la neu. Aquell any va arribar un noi nou a classe, en Jinu, que venia de Corea. Era bastant callat i anava molt a la seva, aix\u00ed que gaireb\u00e9 ning\u00fa parlava amb ell. Un dia, al pati, la Kaylee va relliscar amb el gel i va caure davant<\/p>\n<a href=\"https:\/\/llefia.org\/santjordi\/la-kaylee-tenia-14-anys-i-odiava-molt-lhivern\/\"> <div class=\"readmorelink\"><div class=\"rmtext\">[ Read More ]<\/div><\/div><\/a>","protected":false},"author":15,"featured_media":0,"parent":0,"menu_order":0,"comment_status":"closed","ping_status":"closed","template":"","meta":[],"_links":{"self":[{"href":"https:\/\/llefia.org\/santjordi\/wp-json\/wp\/v2\/pages\/587"}],"collection":[{"href":"https:\/\/llefia.org\/santjordi\/wp-json\/wp\/v2\/pages"}],"about":[{"href":"https:\/\/llefia.org\/santjordi\/wp-json\/wp\/v2\/types\/page"}],"author":[{"embeddable":true,"href":"https:\/\/llefia.org\/santjordi\/wp-json\/wp\/v2\/users\/15"}],"replies":[{"embeddable":true,"href":"https:\/\/llefia.org\/santjordi\/wp-json\/wp\/v2\/comments?post=587"}],"version-history":[{"count":1,"href":"https:\/\/llefia.org\/santjordi\/wp-json\/wp\/v2\/pages\/587\/revisions"}],"predecessor-version":[{"id":588,"href":"https:\/\/llefia.org\/santjordi\/wp-json\/wp\/v2\/pages\/587\/revisions\/588"}],"wp:attachment":[{"href":"https:\/\/llefia.org\/santjordi\/wp-json\/wp\/v2\/media?parent=587"}],"curies":[{"name":"wp","href":"https:\/\/api.w.org\/{rel}","templated":true}]}}

<p>La Kaylee tenia 14 anys i odiava molt l’hivern. Sempre tenia fred, sempre arribava tard i, a sobre, sempre acabava relliscant amb la neu. Aquell any va arribar un noi nou a classe, en Jinu, que venia de Corea. Era bastant callat i anava molt a la seva, així que gairebé ningú parlava amb ell.</p>



<p>Un dia, al pati, la Kaylee va relliscar amb el gel i va caure davant de tothom, i va ser súper humiliant. Ningú es va apropar, excepte ell. En Jinu li va donar la mà i li va preguntar si estava bé, amb un accent una mica estrany però també bonic. A partir d’aquell moment, van començar a coincidir més: a vegades s’asseien junts a classe o caminaven una estona després de sortir, i encara que no parlaven molt, però no era incòmode.</p>



<p>Un dia va començar a nevar molt fort i la Kaylee estava congelada, com sempre. En Jinu la va mirar un moment, es va treure la bufanda i li va posar sense dir res. Ella es va quedar parada, sense saber què dir. Des d’aquell hivern, la Sofia ja no odiava tant el fred.</p>



<p>Aya Aarbaji Darrazi (categoria juvenil)</p>

<p>La Kaylee tenia 14 anys i odiava molt l’hivern. Sempre tenia fred, sempre arribava tard i, a sobre, sempre acabava relliscant amb la neu. Aquell any va arribar un noi nou a classe, en Jinu, que venia de Corea. Era bastant callat i anava molt a la seva, així que gairebé ningú parlava amb ell. Un dia, al pati, la Kaylee va relliscar amb el gel i va caure davant</p>
<a href="https://llefia.org/santjordi/la-kaylee-tenia-14-anys-i-odiava-molt-lhivern/"> <div class="readmorelink"><div class="rmtext">[ Read More ]</div></div></a>
