{"id":595,"date":"2026-04-20T23:14:27","date_gmt":"2026-04-20T21:14:27","guid":{"rendered":"https:\/\/llefia.org\/santjordi\/?page_id=595"},"modified":"2026-04-20T23:14:27","modified_gmt":"2026-04-20T21:14:27","slug":"autismo","status":"publish","type":"page","link":"https:\/\/llefia.org\/santjordi\/autismo\/","title":{"rendered":"Autismo"},"content":{"rendered":"\n<p>Solo, en un asiento del autob\u00fas con mis cascos escuchando m\u00fasica mientras escribo en este diario. Me dijo mi psic\u00f3logo que me ir\u00eda muy bien. S\u00e9 que parezco raro, pero soy as\u00ed, y este es mi diario, que lo lea quien quiera. Y s\u00ed\u2026 aunque parece que soy un ni\u00f1o medio normal, tengo autismo. Siempre que me agobio, me pongo mis cascos y no oigo nada m\u00e1s que mi m\u00fasica preferida y a m\u00ed pensando si el resto notara que tengo autismo. No puedo parar de pensar en eso, y t\u00fa dir\u00e1s: \u00bfPor qu\u00e9 van a notar los dem\u00e1s eso?<br>Pues eso es lo peor, teniendo autismo no paras de pensar en cosas como esas. Y da por hecho que molesta un mont\u00f3n.<br>Dice mi psic\u00f3logo que se llama: enmascaramiento o masking.<br>Dice que escondo mis cosas para \u201cencajar\u201d en la sociedad.<br>Que yo sepa no lo hago, pero bueno\u2026<br>Tambi\u00e9n dice que lo de escribir aqu\u00ed me ir\u00e1 bien.<br>De repente veo a mi madre llam\u00e1ndome al lado m\u00edo para bajarnos del autob\u00fas.<br>Bueno, espero volver a venir en el autob\u00fas despu\u00e9s del psic\u00f3logo para poder escribir m\u00e1s.<\/p>\n\n\n\n<p>Mario Lechuga Guti\u00e9rrez (categoria infantil)<\/p>\n","protected":false},"excerpt":{"rendered":"<p>Solo, en un asiento del autob\u00fas con mis cascos escuchando m\u00fasica mientras escribo en este diario. Me dijo mi psic\u00f3logo que me ir\u00eda muy bien. S\u00e9 que parezco raro, pero soy as\u00ed, y este es mi diario, que lo lea quien quiera. Y s\u00ed\u2026 aunque parece que soy un ni\u00f1o medio normal, tengo autismo. Siempre que me agobio, me pongo mis cascos y no oigo nada m\u00e1s que mi m\u00fasica<\/p>\n<a href=\"https:\/\/llefia.org\/santjordi\/autismo\/\"> <div class=\"readmorelink\"><div class=\"rmtext\">[ Read More ]<\/div><\/div><\/a>","protected":false},"author":15,"featured_media":0,"parent":0,"menu_order":0,"comment_status":"closed","ping_status":"closed","template":"","meta":[],"_links":{"self":[{"href":"https:\/\/llefia.org\/santjordi\/wp-json\/wp\/v2\/pages\/595"}],"collection":[{"href":"https:\/\/llefia.org\/santjordi\/wp-json\/wp\/v2\/pages"}],"about":[{"href":"https:\/\/llefia.org\/santjordi\/wp-json\/wp\/v2\/types\/page"}],"author":[{"embeddable":true,"href":"https:\/\/llefia.org\/santjordi\/wp-json\/wp\/v2\/users\/15"}],"replies":[{"embeddable":true,"href":"https:\/\/llefia.org\/santjordi\/wp-json\/wp\/v2\/comments?post=595"}],"version-history":[{"count":1,"href":"https:\/\/llefia.org\/santjordi\/wp-json\/wp\/v2\/pages\/595\/revisions"}],"predecessor-version":[{"id":596,"href":"https:\/\/llefia.org\/santjordi\/wp-json\/wp\/v2\/pages\/595\/revisions\/596"}],"wp:attachment":[{"href":"https:\/\/llefia.org\/santjordi\/wp-json\/wp\/v2\/media?parent=595"}],"curies":[{"name":"wp","href":"https:\/\/api.w.org\/{rel}","templated":true}]}}

<p>Solo, en un asiento del autobús con mis cascos escuchando música mientras escribo en este diario. Me dijo mi psicólogo que me iría muy bien. Sé que parezco raro, pero soy así, y este es mi diario, que lo lea quien quiera. Y sí… aunque parece que soy un niño medio normal, tengo autismo. Siempre que me agobio, me pongo mis cascos y no oigo nada más que mi música preferida y a mí pensando si el resto notara que tengo autismo. No puedo parar de pensar en eso, y tú dirás: ¿Por qué van a notar los demás eso?<br>Pues eso es lo peor, teniendo autismo no paras de pensar en cosas como esas. Y da por hecho que molesta un montón.<br>Dice mi psicólogo que se llama: enmascaramiento o masking.<br>Dice que escondo mis cosas para “encajar” en la sociedad.<br>Que yo sepa no lo hago, pero bueno…<br>También dice que lo de escribir aquí me irá bien.<br>De repente veo a mi madre llamándome al lado mío para bajarnos del autobús.<br>Bueno, espero volver a venir en el autobús después del psicólogo para poder escribir más.</p>



<p>Mario Lechuga Gutiérrez (categoria infantil)</p>

<p>Solo, en un asiento del autobús con mis cascos escuchando música mientras escribo en este diario. Me dijo mi psicólogo que me iría muy bien. Sé que parezco raro, pero soy así, y este es mi diario, que lo lea quien quiera. Y sí… aunque parece que soy un niño medio normal, tengo autismo. Siempre que me agobio, me pongo mis cascos y no oigo nada más que mi música</p>
<a href="https://llefia.org/santjordi/autismo/"> <div class="readmorelink"><div class="rmtext">[ Read More ]</div></div></a>
