{"id":605,"date":"2026-04-20T23:22:50","date_gmt":"2026-04-20T21:22:50","guid":{"rendered":"https:\/\/llefia.org\/santjordi\/?page_id=605"},"modified":"2026-04-20T23:22:50","modified_gmt":"2026-04-20T21:22:50","slug":"el-reino-desconocido","status":"publish","type":"page","link":"https:\/\/llefia.org\/santjordi\/el-reino-desconocido\/","title":{"rendered":"El Reino desconocido"},"content":{"rendered":"\n<p>Yo corr\u00eda lo m\u00e1s r\u00e1pido posible, sin ning\u00fan pensamiento en mi cabeza, sin mirar atr\u00e1s. Solo quer\u00eda salvarme. Parec\u00eda sencillo\u2026 pero no lo era, especialmente con las tres personas que me persegu\u00edan.<br>Me ca\u00ed al suelo por la falta de energ\u00eda. Ya pod\u00eda ver la luz del cielo.<br>\u201cAhora me van a matar. He llegado al final de mi tiempo\u2026 al final de mi linaje. Todo termina conmigo.\u201d<br>Entonces escuch\u00e9 un grito. Luego otro. Y otro m\u00e1s, cada vez m\u00e1s fuerte.<br>\u2014\u00bfQu\u00e9 est\u00e1 pasando\u2026? \u2014susurr\u00e9, con una peque\u00f1a esperanza.<br>Y todo se volvi\u00f3 negro.<br>Cuando despert\u00e9, hab\u00eda dos personas a mi lado. Uno parec\u00eda un medico.<br>\u2014\u00bfD\u00f3nde estoy? \u2014pregunt\u00e9.<br>No respondieron.<br>\u2014\u00bfD\u00f3nde me hais tra\u00eddo? \u2014dije con un volumen alto<br>Pero siguieron al mismo<br>La puerta se abri\u00f3.<br>Entr\u00f3 una chica con una espada al lado. Vest\u00eda de negro. Su pelo, tambien era negro y ca\u00eda sobre sus hombros. Sus ojos verdes brillaban como emeraldas.<br>Los hombres se inclinaron ante ella.<br>Entonces lo entend\u00ed.<br>Aurola.<br>Princesa guerrera de uno de los reinos m\u00e1s grandes.<br>Mi rival.<br>Crecimos juntos entrenando, compitiendo\u2026 aunque yo ven\u00eda de un reino peque\u00f1o. Aun as\u00ed, nunca consegu\u00eda superarla del todo.<br>\u2014As\u00ed que nuestro invitado est\u00e1 despierto \u2014dijo con calma.<br>\u2014\u00bfC\u00f3mo te llamas? \u2014pregunt\u00f3.<br>\u2014Ron \u2014ment\u00ed.<br>Sus ojos se estrecharon.<br>\u2014\u00bfDe d\u00f3nde eres?<br>\u2014De un peque\u00f1o pueblo junto al r\u00edo. invent\u00e9<br>\u2014\u00bfPor qu\u00e9 iban detr\u00e1s de ti?<br>\u2014No lo s\u00e9.<br>Aurola cogi\u00f3 una copa de vino, bebi\u00f3 y la lanz\u00f3 al suelo, rompi\u00e9ndola en miliones de piezas.<br>\u2014\u00bfRon crees que soy tonta\u2026 o deber\u00eda decir Archer?<br>El silencio llen\u00f3 la sala.<br>\u2014As\u00ed que lo sabes\u2026 \u2014dije\u2014. Y yo que pensaba que segu\u00edas igual.<br>\u2014He cambiado. Dijo ella mir\u00e1ndo me los ojos.<br>\u2014Mi reino est\u00e1 en ruinas \u2014continu\u00e9\u2014. Mataron a mis padres\u2026 a casi todos. \u00bfQu\u00e9 se supon\u00eda que deb\u00eda hacer? Luchar era morir.<br>Aurola me observ\u00f3 unos segundos.<br>\u2014Te creo.<br>\u2014Entonces esto es m\u00e1s grave de lo que pensaba \u2014a\u00f1adi\u00f3.<br>\u2014Hab\u00eda cientos de guerreros \u2014dije\u2014. No era un ataque cualquiera. Todo estaba perfecto\u2026 como si llevaran a\u00f1os prepar\u00e1ndolo.<br>Aurola asinti\u00f3.<br>\u2014He recibido informes parecidos. Otros reinos peque\u00f1os\u2026 atacados igual.<br>\u2014Entonces no fue solo el m\u00edo\u2026<br>\u2014No. Es un patr\u00f3n. Alguien est\u00e1 eliminando primero a los reinos m\u00e1s d\u00e9biles.<br>\u2014Los dej\u00e9 atr\u00e1s\u2026 \u2014mi voz tembl\u00f3\u2014. A mi gente\u2026<br>\u2014Quiero volver \u2014dije de repente\u2014. Tengo que ayudarlos.<br>Di un paso, pero Aurola me detuvo.<br>\u2014No.<br>\u2014\u00a1Est\u00e1n muriendo!<br>\u2014Y t\u00fa tambi\u00e9n morir\u00edas \u2014respondi\u00f3 firme\u2014. Eso no ayudar\u00eda a nadie.<br>\u2014No me importa.<br>\u2014A m\u00ed s\u00ed.<br>El silencio cay\u00f3 entre nosotros.<br>\u2014Si quieres ayudarlos\u2026 hazlo bien \u2014continu\u00f3\u2014. Necesitamos aliados. Informaci\u00f3n. Tiempo.<br>Antes de que pudiera responder, un guardia habl\u00f3:<br>\u2014Princesa\u2026 hemos encontrado ese s\u00edmbolo. Cerca de aqu\u00ed.<br>\u2014Nos han seguido.<br>Un silbido cort\u00f3 el aire.<br>Senti el impacto.<br>Ca\u00ed al suelo.<br>Una flecha.<br>\u2014\u00a1Archer!<br>Dos figuras entraron en la sala.<br>Pero Aurola ya se mov\u00eda.<br>Bloque\u00f3 el primer ataque y contratac\u00f3 con precisi\u00f3n. El enemigo cay\u00f3 al instante.<br>El segundo dud\u00f3.<br>Error<br>Aurola avanz\u00f3 y lo derrot\u00f3 en un solo movimiento.<br>Silencio.<br>Solo eran dos.<br>\u2014Exploradores \u2014dijo con calma\u2014. Y ahora saben d\u00f3nde estamos.<br>Intent\u00e9 levantarme.<br>\u2014Otra vez\u2026 me has salvado\u2026<br>\u2014No te acostumbres.<br>No sonaba orgullosa.<br>Sonaba segura.<br>Fuerte.<br>Imparable.<br>No era una princesa a la que salvar\u2026 era la guerra que ellos no podr\u00edan ganar.<\/p>\n\n\n\n<p>Wajeeha Maryam (categoria juvenil)<\/p>\n","protected":false},"excerpt":{"rendered":"<p>Yo corr\u00eda lo m\u00e1s r\u00e1pido posible, sin ning\u00fan pensamiento en mi cabeza, sin mirar atr\u00e1s. Solo quer\u00eda salvarme. Parec\u00eda sencillo\u2026 pero no lo era, especialmente con las tres personas que me persegu\u00edan.Me ca\u00ed al suelo por la falta de energ\u00eda. Ya pod\u00eda ver la luz del cielo.\u201cAhora me van a matar. He llegado al final de mi tiempo\u2026 al final de mi linaje. Todo termina conmigo.\u201dEntonces escuch\u00e9 un grito. Luego<\/p>\n<a href=\"https:\/\/llefia.org\/santjordi\/el-reino-desconocido\/\"> <div class=\"readmorelink\"><div class=\"rmtext\">[ Read More ]<\/div><\/div><\/a>","protected":false},"author":15,"featured_media":0,"parent":0,"menu_order":0,"comment_status":"closed","ping_status":"closed","template":"","meta":[],"_links":{"self":[{"href":"https:\/\/llefia.org\/santjordi\/wp-json\/wp\/v2\/pages\/605"}],"collection":[{"href":"https:\/\/llefia.org\/santjordi\/wp-json\/wp\/v2\/pages"}],"about":[{"href":"https:\/\/llefia.org\/santjordi\/wp-json\/wp\/v2\/types\/page"}],"author":[{"embeddable":true,"href":"https:\/\/llefia.org\/santjordi\/wp-json\/wp\/v2\/users\/15"}],"replies":[{"embeddable":true,"href":"https:\/\/llefia.org\/santjordi\/wp-json\/wp\/v2\/comments?post=605"}],"version-history":[{"count":1,"href":"https:\/\/llefia.org\/santjordi\/wp-json\/wp\/v2\/pages\/605\/revisions"}],"predecessor-version":[{"id":606,"href":"https:\/\/llefia.org\/santjordi\/wp-json\/wp\/v2\/pages\/605\/revisions\/606"}],"wp:attachment":[{"href":"https:\/\/llefia.org\/santjordi\/wp-json\/wp\/v2\/media?parent=605"}],"curies":[{"name":"wp","href":"https:\/\/api.w.org\/{rel}","templated":true}]}}