{"id":607,"date":"2026-04-20T23:25:18","date_gmt":"2026-04-20T21:25:18","guid":{"rendered":"https:\/\/llefia.org\/santjordi\/?page_id=607"},"modified":"2026-04-20T23:25:18","modified_gmt":"2026-04-20T21:25:18","slug":"juan-lozano-y-lozano","status":"publish","type":"page","link":"https:\/\/llefia.org\/santjordi\/juan-lozano-y-lozano\/","title":{"rendered":"JUAN LOZANO Y LOZANO"},"content":{"rendered":"\n<p>Juan Lozano y Lozano<\/p>\n\n\n\n<p>As\u00ed se llama el colegio de donde vengo. Es un colegio muy grande porque tiene tres sedes.<br>La primera es la A, es la m\u00e1s importante, que comienza desde noveno a onceavo curso. La B es la segunda m\u00e1s importante, comienza desde primero a noveno curso. La C es la de Iniciaci\u00f3n, comienza desde jard\u00edn a primero.<br>Donde yo estaba era la B, en la clase 502. Esta sede es muy grande.<br>Donde yo hac\u00eda el recreo hay tres canchas: una de b\u00e1squet, otra de voleibol y otra de f\u00fatbol. Me gustaba porque all\u00ed jugaba con mis amigos.<br>Tambi\u00e9n hay siete clases de m\u00fasica, las cuales son: cuerdas frotadas, viento, percusi\u00f3n y coro.<br>El colegio est\u00e1 ubicado en el pa\u00eds Colombia, cuya ciudad es Bogot\u00e1. La localidad se llama Suba y el barrio Suba Salitre.<br>La educaci\u00f3n de Colombia es muy diferente a la espa\u00f1ola, por lo cual mi mam\u00e1 y yo vinimos a Espa\u00f1a. La educaci\u00f3n aqu\u00ed es mucho mejor.<br>Desde hace dos meses estoy en un colegio llamado Les Neus ubicado en Fondo, en Santa Coloma de Gramanet.<br>Aqu\u00ed estudio en 6\u00ba curso. Si aprendo catal\u00e1n, el a\u00f1o que viene ir\u00e9 a la ESO.<br>Os ense\u00f1o el escudo de mi colegio en Colombia.<\/p>\n\n\n\n<p><br>Jean Paul Reina Guerra (categoria infantil)<\/p>\n","protected":false},"excerpt":{"rendered":"<p>Juan Lozano y Lozano As\u00ed se llama el colegio de donde vengo. Es un colegio muy grande porque tiene tres sedes.La primera es la A, es la m\u00e1s importante, que comienza desde noveno a onceavo curso. La B es la segunda m\u00e1s importante, comienza desde primero a noveno curso. La C es la de Iniciaci\u00f3n, comienza desde jard\u00edn a primero.Donde yo estaba era la B, en la clase 502. Esta<\/p>\n<a href=\"https:\/\/llefia.org\/santjordi\/juan-lozano-y-lozano\/\"> <div class=\"readmorelink\"><div class=\"rmtext\">[ Read More ]<\/div><\/div><\/a>","protected":false},"author":15,"featured_media":0,"parent":0,"menu_order":0,"comment_status":"closed","ping_status":"closed","template":"","meta":[],"_links":{"self":[{"href":"https:\/\/llefia.org\/santjordi\/wp-json\/wp\/v2\/pages\/607"}],"collection":[{"href":"https:\/\/llefia.org\/santjordi\/wp-json\/wp\/v2\/pages"}],"about":[{"href":"https:\/\/llefia.org\/santjordi\/wp-json\/wp\/v2\/types\/page"}],"author":[{"embeddable":true,"href":"https:\/\/llefia.org\/santjordi\/wp-json\/wp\/v2\/users\/15"}],"replies":[{"embeddable":true,"href":"https:\/\/llefia.org\/santjordi\/wp-json\/wp\/v2\/comments?post=607"}],"version-history":[{"count":1,"href":"https:\/\/llefia.org\/santjordi\/wp-json\/wp\/v2\/pages\/607\/revisions"}],"predecessor-version":[{"id":608,"href":"https:\/\/llefia.org\/santjordi\/wp-json\/wp\/v2\/pages\/607\/revisions\/608"}],"wp:attachment":[{"href":"https:\/\/llefia.org\/santjordi\/wp-json\/wp\/v2\/media?parent=607"}],"curies":[{"name":"wp","href":"https:\/\/api.w.org\/{rel}","templated":true}]}}

<p>Juan Lozano y Lozano</p>



<p>Así se llama el colegio de donde vengo. Es un colegio muy grande porque tiene tres sedes.<br>La primera es la A, es la más importante, que comienza desde noveno a onceavo curso. La B es la segunda más importante, comienza desde primero a noveno curso. La C es la de Iniciación, comienza desde jardín a primero.<br>Donde yo estaba era la B, en la clase 502. Esta sede es muy grande.<br>Donde yo hacía el recreo hay tres canchas: una de básquet, otra de voleibol y otra de fútbol. Me gustaba porque allí jugaba con mis amigos.<br>También hay siete clases de música, las cuales son: cuerdas frotadas, viento, percusión y coro.<br>El colegio está ubicado en el país Colombia, cuya ciudad es Bogotá. La localidad se llama Suba y el barrio Suba Salitre.<br>La educación de Colombia es muy diferente a la española, por lo cual mi mamá y yo vinimos a España. La educación aquí es mucho mejor.<br>Desde hace dos meses estoy en un colegio llamado Les Neus ubicado en Fondo, en Santa Coloma de Gramanet.<br>Aquí estudio en 6º curso. Si aprendo catalán, el año que viene iré a la ESO.<br>Os enseño el escudo de mi colegio en Colombia.</p>



<p><br>Jean Paul Reina Guerra (categoria infantil)</p>

<p>Juan Lozano y Lozano Así se llama el colegio de donde vengo. Es un colegio muy grande porque tiene tres sedes.La primera es la A, es la más importante, que comienza desde noveno a onceavo curso. La B es la segunda más importante, comienza desde primero a noveno curso. La C es la de Iniciación, comienza desde jardín a primero.Donde yo estaba era la B, en la clase 502. Esta</p>
<a href="https://llefia.org/santjordi/juan-lozano-y-lozano/"> <div class="readmorelink"><div class="rmtext">[ Read More ]</div></div></a>
