{"id":609,"date":"2026-04-20T23:26:06","date_gmt":"2026-04-20T21:26:06","guid":{"rendered":"https:\/\/llefia.org\/santjordi\/?page_id=609"},"modified":"2026-04-20T23:26:06","modified_gmt":"2026-04-20T21:26:06","slug":"el-ramada-a-casa-meva","status":"publish","type":"page","link":"https:\/\/llefia.org\/santjordi\/el-ramada-a-casa-meva\/","title":{"rendered":"EL RAMAD\u00c0 A CASA MEVA"},"content":{"rendered":"\n<p>Felicitem el Ramad\u00e0 dient Eid Mubarak.<br>Pots fer el Ramad\u00e0 quan tens deu anys si vols.<br>No es pot beure res ni menjar en tot el dia si hi ha sol. El primer \u00e0pat es fa a les cinc del mat\u00ed i el segon \u00e0pat es fa a les sis de la tarda. Els \u00faltims dies el primer \u00e0pat s\u2019avan\u00e7a a les quatre de la matinada i el segon s\u2019endarrereix a les set de la tarda.<br>Quan s\u2019acaba el Ramad\u00e0 fem dues festes. La primera es diu Eid Ulfitar i vol dir festa final dej\u00fa. M\u2019agrada perque rebo diners de tothom: cinc, deu o vint euros. \u00a1Tinc 910 euros!<br>Mengem plats com samosa, pakora i dol\u00e7os com pastila i jaula.<br>La \u00faltima festa es fa dos mesos despr\u00e9s del Ramad\u00e0. Es diu la festa del xai. Ens ajuntem tota la familia i portem roba de colors. Jilaba, pantalons i mocador les noies i camisa, pantalons i barret els nois. Els nens anem vestits de blanc i alguns de color blau.<\/p>\n\n\n\n<p>Aitsam Saehir Noreeen (categoria infantil)<\/p>\n","protected":false},"excerpt":{"rendered":"<p>Felicitem el Ramad\u00e0 dient Eid Mubarak.Pots fer el Ramad\u00e0 quan tens deu anys si vols.No es pot beure res ni menjar en tot el dia si hi ha sol. El primer \u00e0pat es fa a les cinc del mat\u00ed i el segon \u00e0pat es fa a les sis de la tarda. Els \u00faltims dies el primer \u00e0pat s\u2019avan\u00e7a a les quatre de la matinada i el segon s\u2019endarrereix a les<\/p>\n<a href=\"https:\/\/llefia.org\/santjordi\/el-ramada-a-casa-meva\/\"> <div class=\"readmorelink\"><div class=\"rmtext\">[ Read More ]<\/div><\/div><\/a>","protected":false},"author":15,"featured_media":0,"parent":0,"menu_order":0,"comment_status":"closed","ping_status":"closed","template":"","meta":[],"_links":{"self":[{"href":"https:\/\/llefia.org\/santjordi\/wp-json\/wp\/v2\/pages\/609"}],"collection":[{"href":"https:\/\/llefia.org\/santjordi\/wp-json\/wp\/v2\/pages"}],"about":[{"href":"https:\/\/llefia.org\/santjordi\/wp-json\/wp\/v2\/types\/page"}],"author":[{"embeddable":true,"href":"https:\/\/llefia.org\/santjordi\/wp-json\/wp\/v2\/users\/15"}],"replies":[{"embeddable":true,"href":"https:\/\/llefia.org\/santjordi\/wp-json\/wp\/v2\/comments?post=609"}],"version-history":[{"count":1,"href":"https:\/\/llefia.org\/santjordi\/wp-json\/wp\/v2\/pages\/609\/revisions"}],"predecessor-version":[{"id":610,"href":"https:\/\/llefia.org\/santjordi\/wp-json\/wp\/v2\/pages\/609\/revisions\/610"}],"wp:attachment":[{"href":"https:\/\/llefia.org\/santjordi\/wp-json\/wp\/v2\/media?parent=609"}],"curies":[{"name":"wp","href":"https:\/\/api.w.org\/{rel}","templated":true}]}}

EL RAMADÀ A CASA MEVA

<p>Felicitem el Ramadà dient Eid Mubarak.<br>Pots fer el Ramadà quan tens deu anys si vols.<br>No es pot beure res ni menjar en tot el dia si hi ha sol. El primer àpat es fa a les cinc del matí i el segon àpat es fa a les sis de la tarda. Els últims dies el primer àpat s’avança a les quatre de la matinada i el segon s’endarrereix a les set de la tarda.<br>Quan s’acaba el Ramadà fem dues festes. La primera es diu Eid Ulfitar i vol dir festa final dejú. M’agrada perque rebo diners de tothom: cinc, deu o vint euros. ¡Tinc 910 euros!<br>Mengem plats com samosa, pakora i dolços com pastila i jaula.<br>La última festa es fa dos mesos després del Ramadà. Es diu la festa del xai. Ens ajuntem tota la familia i portem roba de colors. Jilaba, pantalons i mocador les noies i camisa, pantalons i barret els nois. Els nens anem vestits de blanc i alguns de color blau.</p>



<p>Aitsam Saehir Noreeen (categoria infantil)</p>

<p>Felicitem el Ramadà dient Eid Mubarak.Pots fer el Ramadà quan tens deu anys si vols.No es pot beure res ni menjar en tot el dia si hi ha sol. El primer àpat es fa a les cinc del matí i el segon àpat es fa a les sis de la tarda. Els últims dies el primer àpat s’avança a les quatre de la matinada i el segon s’endarrereix a les</p>
<a href="https://llefia.org/santjordi/el-ramada-a-casa-meva/"> <div class="readmorelink"><div class="rmtext">[ Read More ]</div></div></a>
