{"id":623,"date":"2026-04-20T23:35:15","date_gmt":"2026-04-20T21:35:15","guid":{"rendered":"https:\/\/llefia.org\/santjordi\/?page_id=623"},"modified":"2026-04-25T12:17:26","modified_gmt":"2026-04-25T10:17:26","slug":"la-fractura-invisible","status":"publish","type":"page","link":"https:\/\/llefia.org\/santjordi\/la-fractura-invisible\/","title":{"rendered":"LA FRACTURA INVISIBLE."},"content":{"rendered":"\n<p>La meva fractura no es veu.<br>No porto escaiola.<br>No camino amb crosses.<br>No hi ha radiografies penjades sota la llum blanca d&#8217;un hospital que la mostrin.<br>Per aix\u00f2, molta gent dubta que existeixi.<br>Quan et trenques un bra\u00e7, tot \u00e9s facil d&#8217;entendre.<br>L&#8217;os trencat, la radiografia, la guixada &#8230;<br>La gent et cedeix el seient, et pregunta si et fa mal, et diu que descansis.<br>Les fractures visibles tenen un llenguatge que tothom ent\u00e9n. La meva no.<br>La meva fractura \u00e9s d&#8217;aquelles que no apareixen a cap prova medica que la<br>gent pugui mirar amb els ulls.<br>\u00c9s d&#8217;aquelles que no es poden assenyalar amb el dit.<br>I aix\u00f2, amb els anys, acaba esgotant.<br>No tant pel dolor, com per haver d&#8217;explicar-ho.<br>Una vegada, una altra.<br>Una altra vegada &#8230;<br>Per\u00f2 no sembles malalta<br>Per\u00f2 si parles normal<br>Per\u00f2 si et veig b\u00e9.<br>La paraula &#8220;b\u0117&#8221; \u00e9s curiosa.<br>Per que hi ha dies en que aixecar-se del llit es com aixecar una pedra enorme<br>de les mans nues.<br>Dies en qu\u00e8 el cap \u00e9s un lloc ple de soroll.<br>Dies en que tot pesa massa la llum, les paraules, les emocions, la vida<br>sencera.<br>No obstant aix\u00f2 des de fora &#8230; &#8211; Sembla que estiguis b\u00e9.<br>I llavors arriba el moment d&#8217;explicar-ho.<br>De tornar a dir-ho.<br>Tinc una incapacitat permanent absoluta.<br>Ho diu un paper oficial, amb segells i signatures.<br>Un paper que reconeix que no puc portar una vida normal.<br>Per\u00f2 curiosament aix\u00f2 no evita que el m\u00f3n em demani proves cada dia. Perqu\u00e8<br>la gent ent\u00e9n les fractures dels ossos.<br>Per\u00f2 no les fractures invisibles.<br>La meva fractura no es el bra\u00e7. Ni la cama.<br>Es una fractura que ve de molt abans. De silencis massa llargs. De ferides que<br>arriben quan encara no tens paraules per explicar-les.<br>De traumes que es queden a viure dins teu. No neixes amb aix\u00f2.<br>Creix.<br>Es forma lentament, com una esquerda a la paret d&#8217;una casa antiga.<br>I un dia descobreixes que aquella esquerda ja forma part de l&#8217;estructura.<br>De vegades penso en la persona que podria haver estat. La que hauria existit si<br>la casa no s&#8217;hagu\u00e9s esquerdat.<br>Potser hauria estat una emin\u00e8ncia en el camp que hagu\u00e9s triat.<br>Potser una dona amb una vida tranquil\u00b7la, amb un cap silencios i un cor menys<br>cansat.<br>Per\u00f2 aquesta vida no es la que em va tocar. La que em va tocar es aquesta.<br>Caminar amb una fractura invisible.<br>Una fractura que el mon sovint no vol viure.<br>Per\u00f2 hi ha una cosa que encara pesa mes que la fractura, la sospita.<br>Aquella mirada que sembla dir: &#8220;Segur que \u00e9s tan greu?&#8221;<br>Si la meva cama estigu\u00e9s trencada, ning\u00fa ho preguntaria. Si port\u00e9s escaiola,<br>ning\u00fa ho dubtaria.<br>La meva fractura no es veu.<br>Per\u00f2 t\u00e9 nom.<br>Es diu TLP. Trastorn Limit de la Personalitat.<br>No \u00e9s un capritx.<br>No \u00e9s debilitat.<br>No \u00e9s excusa.<br>\u00c9s el resultat de ferides que no van tenir escaiola quan tocava. Aix\u00ed que s\u00ed.<br>Camino pel m\u00f3n amb una fractura.<br>Una fractura que no surt a les radiografies.<br>Una fractura que molts no entenen.<br>Una fractura que m&#8217;obliga a explicar-me una vegada i una altra.<br>Hi ha fractures que no es veuen.<br>Per\u00f2 trenquen igual.<br>I el pitjor, no \u00e9s viure amb la fractura. El pitjor es haver de demostrar cada dia<br>que existeix.<br><br>ORQU\u00cdDIA IND\u00d2MITA<\/p>\n\n\n\n<p>S\u00f2nia (categoria adults)<\/p>\n","protected":false},"excerpt":{"rendered":"<p>La meva fractura no es veu.No porto escaiola.No camino amb crosses.No hi ha radiografies penjades sota la llum blanca d&#8217;un hospital que la mostrin.Per aix\u00f2, molta gent dubta que existeixi.Quan et trenques un bra\u00e7, tot \u00e9s facil d&#8217;entendre.L&#8217;os trencat, la radiografia, la guixada &#8230;La gent et cedeix el seient, et pregunta si et fa mal, et diu que descansis.Les fractures visibles tenen un llenguatge que tothom ent\u00e9n. La meva no.La<\/p>\n<a href=\"https:\/\/llefia.org\/santjordi\/la-fractura-invisible\/\"> <div class=\"readmorelink\"><div class=\"rmtext\">[ Read More ]<\/div><\/div><\/a>","protected":false},"author":15,"featured_media":0,"parent":0,"menu_order":0,"comment_status":"closed","ping_status":"closed","template":"","meta":[],"_links":{"self":[{"href":"https:\/\/llefia.org\/santjordi\/wp-json\/wp\/v2\/pages\/623"}],"collection":[{"href":"https:\/\/llefia.org\/santjordi\/wp-json\/wp\/v2\/pages"}],"about":[{"href":"https:\/\/llefia.org\/santjordi\/wp-json\/wp\/v2\/types\/page"}],"author":[{"embeddable":true,"href":"https:\/\/llefia.org\/santjordi\/wp-json\/wp\/v2\/users\/15"}],"replies":[{"embeddable":true,"href":"https:\/\/llefia.org\/santjordi\/wp-json\/wp\/v2\/comments?post=623"}],"version-history":[{"count":2,"href":"https:\/\/llefia.org\/santjordi\/wp-json\/wp\/v2\/pages\/623\/revisions"}],"predecessor-version":[{"id":664,"href":"https:\/\/llefia.org\/santjordi\/wp-json\/wp\/v2\/pages\/623\/revisions\/664"}],"wp:attachment":[{"href":"https:\/\/llefia.org\/santjordi\/wp-json\/wp\/v2\/media?parent=623"}],"curies":[{"name":"wp","href":"https:\/\/api.w.org\/{rel}","templated":true}]}}

<p>La meva fractura no es veu.<br>No porto escaiola.<br>No camino amb crosses.<br>No hi ha radiografies penjades sota la llum blanca d&#8217;un hospital que la mostrin.<br>Per això, molta gent dubta que existeixi.<br>Quan et trenques un braç, tot és facil d&#8217;entendre.<br>L&#8217;os trencat, la radiografia, la guixada &#8230;<br>La gent et cedeix el seient, et pregunta si et fa mal, et diu que descansis.<br>Les fractures visibles tenen un llenguatge que tothom entén. La meva no.<br>La meva fractura és d&#8217;aquelles que no apareixen a cap prova medica que la<br>gent pugui mirar amb els ulls.<br>És d&#8217;aquelles que no es poden assenyalar amb el dit.<br>I això, amb els anys, acaba esgotant.<br>No tant pel dolor, com per haver d&#8217;explicar-ho.<br>Una vegada, una altra.<br>Una altra vegada &#8230;<br>Però no sembles malalta<br>Però si parles normal<br>Però si et veig bé.<br>La paraula &#8220;bė&#8221; és curiosa.<br>Per que hi ha dies en que aixecar-se del llit es com aixecar una pedra enorme<br>de les mans nues.<br>Dies en què el cap és un lloc ple de soroll.<br>Dies en que tot pesa massa la llum, les paraules, les emocions, la vida<br>sencera.<br>No obstant això des de fora &#8230; &#8211; Sembla que estiguis bé.<br>I llavors arriba el moment d&#8217;explicar-ho.<br>De tornar a dir-ho.<br>Tinc una incapacitat permanent absoluta.<br>Ho diu un paper oficial, amb segells i signatures.<br>Un paper que reconeix que no puc portar una vida normal.<br>Però curiosament això no evita que el món em demani proves cada dia. Perquè<br>la gent entén les fractures dels ossos.<br>Però no les fractures invisibles.<br>La meva fractura no es el braç. Ni la cama.<br>Es una fractura que ve de molt abans. De silencis massa llargs. De ferides que<br>arriben quan encara no tens paraules per explicar-les.<br>De traumes que es queden a viure dins teu. No neixes amb això.<br>Creix.<br>Es forma lentament, com una esquerda a la paret d&#8217;una casa antiga.<br>I un dia descobreixes que aquella esquerda ja forma part de l&#8217;estructura.<br>De vegades penso en la persona que podria haver estat. La que hauria existit si<br>la casa no s&#8217;hagués esquerdat.<br>Potser hauria estat una eminència en el camp que hagués triat.<br>Potser una dona amb una vida tranquil·la, amb un cap silencios i un cor menys<br>cansat.<br>Però aquesta vida no es la que em va tocar. La que em va tocar es aquesta.<br>Caminar amb una fractura invisible.<br>Una fractura que el mon sovint no vol viure.<br>Però hi ha una cosa que encara pesa mes que la fractura, la sospita.<br>Aquella mirada que sembla dir: &#8220;Segur que és tan greu?&#8221;<br>Si la meva cama estigués trencada, ningú ho preguntaria. Si portés escaiola,<br>ningú ho dubtaria.<br>La meva fractura no es veu.<br>Però té nom.<br>Es diu TLP. Trastorn Limit de la Personalitat.<br>No és un capritx.<br>No és debilitat.<br>No és excusa.<br>És el resultat de ferides que no van tenir escaiola quan tocava. Així que sí.<br>Camino pel món amb una fractura.<br>Una fractura que no surt a les radiografies.<br>Una fractura que molts no entenen.<br>Una fractura que m&#8217;obliga a explicar-me una vegada i una altra.<br>Hi ha fractures que no es veuen.<br>Però trenquen igual.<br>I el pitjor, no és viure amb la fractura. El pitjor es haver de demostrar cada dia<br>que existeix.<br><br>ORQUÍDIA INDÒMITA</p>



<p>Sònia (categoria adults)</p>

<p>La meva fractura no es veu.No porto escaiola.No camino amb crosses.No hi ha radiografies penjades sota la llum blanca d&#8217;un hospital que la mostrin.Per això, molta gent dubta que existeixi.Quan et trenques un braç, tot és facil d&#8217;entendre.L&#8217;os trencat, la radiografia, la guixada &#8230;La gent et cedeix el seient, et pregunta si et fa mal, et diu que descansis.Les fractures visibles tenen un llenguatge que tothom entén. La meva no.La</p>
<a href="https://llefia.org/santjordi/la-fractura-invisible/"> <div class="readmorelink"><div class="rmtext">[ Read More ]</div></div></a>
