{"id":625,"date":"2026-04-20T23:36:16","date_gmt":"2026-04-20T21:36:16","guid":{"rendered":"https:\/\/llefia.org\/santjordi\/?page_id=625"},"modified":"2026-04-20T23:36:17","modified_gmt":"2026-04-20T21:36:17","slug":"aroma-a-infancia","status":"publish","type":"page","link":"https:\/\/llefia.org\/santjordi\/aroma-a-infancia\/","title":{"rendered":"AROMA A INFANCIA"},"content":{"rendered":"\n<p>Es curioso c\u00f3mo act\u00faa la mente, c\u00f3mo los recuerdos nos generan sentimientos en el momento actual e incluso nos evocan olores que est\u00e1n presentes en nuestra memoria. Siempre que pienso en mi infancia me sale una sonrisa. A pesar de que mi padre muri\u00f3 joven de c\u00e1ncer de pulm\u00f3n, sin haber fumado nunca, recuerdo una infancia feliz con mi madre y mi hermana mayor. Las tres juntas formamos un bloque muy unido y creamos un espacio de confianza y alegr\u00eda a pesar de la situaci\u00f3n.<\/p>\n\n\n\n<p>Viv\u00edamos en un \u00e1tico de alquiler, peque\u00f1o y sin ascensor. Entraba siempre mucha luz y recuerdo tumbarme en mi sof\u00e1 y ver el cielo desde la ventana. Compart\u00ed habitaci\u00f3n con mi hermana hasta que mi padre muri\u00f3 y pas\u00e9 a dormir con mi madre. No recuerdo si fue mi madre o yo quien propuso dormir juntas, el caso es que pas\u00e9 a compartir habitaci\u00f3n con mi madre, desde los 11 a\u00f1os en la misma cama y desde los 18 ya en cama separadas, pero en la misma habitaci\u00f3n.<\/p>\n\n\n\n<p>Dormir con ella siempre me pareci\u00f3 lo mejor, recuerdo su olor a jab\u00f3n y a Nivea, nuestras conversaciones cara a cara: confidencias, an\u00e9cdotas, risas\u2026y su manera de rezar antes de dormir siempre susurrando. As\u00ed me dorm\u00eda escuchando un murmullo que intuyo era el Padre Nuestro.<\/p>\n\n\n\n<p>Mi madre trabajaba cosiendo prendas para un taller cercano, ten\u00eda m\u00e1quinas de coser en casa y se sentaba all\u00ed largas jornadas, con la radio puesta siempre en Teletaxi. M\u00e1s de una vez mi madre se levantaba de la m\u00e1quina y se pon\u00eda a bailar, era algo que le encantaba y no pod\u00eda evitar. Lo bailaba todo, pasodobles, sevillanas, rumbas\u2026no le importaba bailar sola, le daba un poco m\u00e1s de volumen a la radio y se dejaba llevar.<\/p>\n\n\n\n<p>Siempre estaba con una actitud positiva, intentando ayudar a los que ten\u00eda cerca y necesitaban algo. No ten\u00edamos mucho que ofrecer a nivel material, pero recuerdo que mi vecindario ten\u00eda la cultura del trueque, mi madre le remendaba prendas a algunos vecinos y a cambio ellos nos arreglaban un grifo que goteaba o una puerta que no cerraba bien. Siempre hab\u00eda gente en casa, hablando con mi madre o pidi\u00e9ndole consejo para algo. Mi madre, o encontraba soluci\u00f3n, o como m\u00ednimo te hac\u00eda entender que las cosas algunas veces no salen como nos gustar\u00eda.<\/p>\n\n\n\n<p>Cuando mi hermana se cas\u00f3 y se fue de casa, nosotras seguimos juntas en la misma habitaci\u00f3n. Y as\u00ed fue hasta que con los a\u00f1os form\u00e9 mi propia familia y tambi\u00e9n me march\u00e9. Estaba muy cerca y nos ve\u00edamos a menudo. Mi madre se iba haciendo mayor, pero su positividad y energ\u00eda no deca\u00edan. Con los a\u00f1os las conversaciones se volvieron m\u00e1s adultas, m\u00e1s profundas y su mayor lecci\u00f3n fue que en la vida hay que disfrutar lo que se pueda hasta que se pueda. Portarse bien con todo el mundo y poder irse a dormir sin cuentas pendientes con nadie.<\/p>\n\n\n\n<p>Pronto har\u00e1 dos a\u00f1os que no est\u00e1 y cada vez que alguien me dice que tengo su car\u00e1cter no puedo evitar sentirme orgullosa, aunque sinceramente creo que mi madre era irrepetible.<\/p>\n\n\n\n<p>Montse Movilla Moreno (categoria adults)<\/p>\n","protected":false},"excerpt":{"rendered":"<p>Es curioso c\u00f3mo act\u00faa la mente, c\u00f3mo los recuerdos nos generan sentimientos en el momento actual e incluso nos evocan olores que est\u00e1n presentes en nuestra memoria. Siempre que pienso en mi infancia me sale una sonrisa. A pesar de que mi padre muri\u00f3 joven de c\u00e1ncer de pulm\u00f3n, sin haber fumado nunca, recuerdo una infancia feliz con mi madre y mi hermana mayor. Las tres juntas formamos un bloque<\/p>\n<a href=\"https:\/\/llefia.org\/santjordi\/aroma-a-infancia\/\"> <div class=\"readmorelink\"><div class=\"rmtext\">[ Read More ]<\/div><\/div><\/a>","protected":false},"author":15,"featured_media":0,"parent":0,"menu_order":0,"comment_status":"closed","ping_status":"closed","template":"","meta":[],"_links":{"self":[{"href":"https:\/\/llefia.org\/santjordi\/wp-json\/wp\/v2\/pages\/625"}],"collection":[{"href":"https:\/\/llefia.org\/santjordi\/wp-json\/wp\/v2\/pages"}],"about":[{"href":"https:\/\/llefia.org\/santjordi\/wp-json\/wp\/v2\/types\/page"}],"author":[{"embeddable":true,"href":"https:\/\/llefia.org\/santjordi\/wp-json\/wp\/v2\/users\/15"}],"replies":[{"embeddable":true,"href":"https:\/\/llefia.org\/santjordi\/wp-json\/wp\/v2\/comments?post=625"}],"version-history":[{"count":1,"href":"https:\/\/llefia.org\/santjordi\/wp-json\/wp\/v2\/pages\/625\/revisions"}],"predecessor-version":[{"id":626,"href":"https:\/\/llefia.org\/santjordi\/wp-json\/wp\/v2\/pages\/625\/revisions\/626"}],"wp:attachment":[{"href":"https:\/\/llefia.org\/santjordi\/wp-json\/wp\/v2\/media?parent=625"}],"curies":[{"name":"wp","href":"https:\/\/api.w.org\/{rel}","templated":true}]}}

<p>Es curioso cómo actúa la mente, cómo los recuerdos nos generan sentimientos en el momento actual e incluso nos evocan olores que están presentes en nuestra memoria. Siempre que pienso en mi infancia me sale una sonrisa. A pesar de que mi padre murió joven de cáncer de pulmón, sin haber fumado nunca, recuerdo una infancia feliz con mi madre y mi hermana mayor. Las tres juntas formamos un bloque muy unido y creamos un espacio de confianza y alegría a pesar de la situación.</p>



<p>Vivíamos en un ático de alquiler, pequeño y sin ascensor. Entraba siempre mucha luz y recuerdo tumbarme en mi sofá y ver el cielo desde la ventana. Compartí habitación con mi hermana hasta que mi padre murió y pasé a dormir con mi madre. No recuerdo si fue mi madre o yo quien propuso dormir juntas, el caso es que pasé a compartir habitación con mi madre, desde los 11 años en la misma cama y desde los 18 ya en cama separadas, pero en la misma habitación.</p>



<p>Dormir con ella siempre me pareció lo mejor, recuerdo su olor a jabón y a Nivea, nuestras conversaciones cara a cara: confidencias, anécdotas, risas…y su manera de rezar antes de dormir siempre susurrando. Así me dormía escuchando un murmullo que intuyo era el Padre Nuestro.</p>



<p>Mi madre trabajaba cosiendo prendas para un taller cercano, tenía máquinas de coser en casa y se sentaba allí largas jornadas, con la radio puesta siempre en Teletaxi. Más de una vez mi madre se levantaba de la máquina y se ponía a bailar, era algo que le encantaba y no podía evitar. Lo bailaba todo, pasodobles, sevillanas, rumbas…no le importaba bailar sola, le daba un poco más de volumen a la radio y se dejaba llevar.</p>



<p>Siempre estaba con una actitud positiva, intentando ayudar a los que tenía cerca y necesitaban algo. No teníamos mucho que ofrecer a nivel material, pero recuerdo que mi vecindario tenía la cultura del trueque, mi madre le remendaba prendas a algunos vecinos y a cambio ellos nos arreglaban un grifo que goteaba o una puerta que no cerraba bien. Siempre había gente en casa, hablando con mi madre o pidiéndole consejo para algo. Mi madre, o encontraba solución, o como mínimo te hacía entender que las cosas algunas veces no salen como nos gustaría.</p>



<p>Cuando mi hermana se casó y se fue de casa, nosotras seguimos juntas en la misma habitación. Y así fue hasta que con los años formé mi propia familia y también me marché. Estaba muy cerca y nos veíamos a menudo. Mi madre se iba haciendo mayor, pero su positividad y energía no decaían. Con los años las conversaciones se volvieron más adultas, más profundas y su mayor lección fue que en la vida hay que disfrutar lo que se pueda hasta que se pueda. Portarse bien con todo el mundo y poder irse a dormir sin cuentas pendientes con nadie.</p>



<p>Pronto hará dos años que no está y cada vez que alguien me dice que tengo su carácter no puedo evitar sentirme orgullosa, aunque sinceramente creo que mi madre era irrepetible.</p>



<p>Montse Movilla Moreno (categoria adults)</p>

<p>Es curioso cómo actúa la mente, cómo los recuerdos nos generan sentimientos en el momento actual e incluso nos evocan olores que están presentes en nuestra memoria. Siempre que pienso en mi infancia me sale una sonrisa. A pesar de que mi padre murió joven de cáncer de pulmón, sin haber fumado nunca, recuerdo una infancia feliz con mi madre y mi hermana mayor. Las tres juntas formamos un bloque</p>
<a href="https://llefia.org/santjordi/aroma-a-infancia/"> <div class="readmorelink"><div class="rmtext">[ Read More ]</div></div></a>
