{"id":638,"date":"2026-04-21T00:08:42","date_gmt":"2026-04-20T22:08:42","guid":{"rendered":"https:\/\/llefia.org\/santjordi\/?page_id=638"},"modified":"2026-04-21T00:16:06","modified_gmt":"2026-04-20T22:16:06","slug":"categoria-infantil-2026","status":"publish","type":"page","link":"https:\/\/llefia.org\/santjordi\/categoria-infantil-2026\/","title":{"rendered":"Categoria infantil 2026"},"content":{"rendered":"\n<ul><li><a href=\"https:\/\/llefia.org\/santjordi\/el-sueno-de-cecilia\/\" data-type=\"page\" data-id=\"583\"><strong>El sue\u00f1o de Cecilia<\/strong><\/a> Leire Mesa Zache<\/li><li><a href=\"https:\/\/llefia.org\/santjordi\/autismo\/\" data-type=\"page\" data-id=\"595\"><strong>Autismo<\/strong><\/a> Mario Lechuga Guti\u00e9rrez<\/li><li><a href=\"https:\/\/llefia.org\/santjordi\/al-parc-no-jugo-sol\/\" data-type=\"page\" data-id=\"599\"><strong>Al parc no jugo sol<\/strong><\/a> Ventura Bertran Domingo<\/li><li><a href=\"https:\/\/llefia.org\/santjordi\/juan-lozano-y-lozano\/\" data-type=\"page\" data-id=\"607\"><strong>JUAN LOZANO Y LOZANO<\/strong><\/a> Jean Paul Reina Guerra<\/li><li><a href=\"https:\/\/llefia.org\/santjordi\/el-ramada-a-casa-meva\/\" data-type=\"page\" data-id=\"609\"><strong>EL RAMAD\u00c0 A CASA MEVA<\/strong><\/a> Aitsam Saehir Noreen<\/li><li><strong><a href=\"https:\/\/llefia.org\/santjordi\/llacets\/\" data-type=\"page\" data-id=\"611\">LLACETS<\/a> <\/strong>Nadia Bourkkour Moreno<\/li><li><a href=\"https:\/\/llefia.org\/santjordi\/un-dia-en-gimnasia-ritmica\/\" data-type=\"page\" data-id=\"613\"><strong>UN DIA EN GIMNASIA RITMICA<\/strong><\/a> Dunia Al Hassani Moreno<\/li><li><a href=\"https:\/\/llefia.org\/santjordi\/els-futbolins\/\" data-type=\"page\" data-id=\"615\"><strong>ELS FUTBOLINS<\/strong><\/a> Adri\u00e1n Castro Villarroel<\/li><\/ul>\n","protected":false},"excerpt":{"rendered":"<p>El sue\u00f1o de Cecilia Leire Mesa Zache Autismo Mario Lechuga Guti\u00e9rrez Al parc no jugo sol Ventura Bertran Domingo JUAN LOZANO Y LOZANO Jean Paul Reina Guerra EL RAMAD\u00c0 A CASA MEVA Aitsam Saehir Noreen LLACETS Nadia Bourkkour Moreno UN DIA EN GIMNASIA RITMICA Dunia Al Hassani Moreno ELS FUTBOLINS Adri\u00e1n Castro Villarroel<\/p>\n<a href=\"https:\/\/llefia.org\/santjordi\/categoria-infantil-2026\/\"> <div class=\"readmorelink\"><div class=\"rmtext\">[ Read More ]<\/div><\/div><\/a>","protected":false},"author":15,"featured_media":0,"parent":0,"menu_order":0,"comment_status":"closed","ping_status":"closed","template":"","meta":[],"_links":{"self":[{"href":"https:\/\/llefia.org\/santjordi\/wp-json\/wp\/v2\/pages\/638"}],"collection":[{"href":"https:\/\/llefia.org\/santjordi\/wp-json\/wp\/v2\/pages"}],"about":[{"href":"https:\/\/llefia.org\/santjordi\/wp-json\/wp\/v2\/types\/page"}],"author":[{"embeddable":true,"href":"https:\/\/llefia.org\/santjordi\/wp-json\/wp\/v2\/users\/15"}],"replies":[{"embeddable":true,"href":"https:\/\/llefia.org\/santjordi\/wp-json\/wp\/v2\/comments?post=638"}],"version-history":[{"count":2,"href":"https:\/\/llefia.org\/santjordi\/wp-json\/wp\/v2\/pages\/638\/revisions"}],"predecessor-version":[{"id":644,"href":"https:\/\/llefia.org\/santjordi\/wp-json\/wp\/v2\/pages\/638\/revisions\/644"}],"wp:attachment":[{"href":"https:\/\/llefia.org\/santjordi\/wp-json\/wp\/v2\/media?parent=638"}],"curies":[{"name":"wp","href":"https:\/\/api.w.org\/{rel}","templated":true}]}}