{"id":9,"date":"2021-04-10T23:52:08","date_gmt":"2021-04-10T21:52:08","guid":{"rendered":"https:\/\/llefia.org\/santjordi\/?page_id=9"},"modified":"2026-03-17T23:58:33","modified_gmt":"2026-03-17T21:58:33","slug":"bases-concurs-relats-curts","status":"publish","type":"page","link":"https:\/\/llefia.org\/santjordi\/bases-concurs-relats-curts\/","title":{"rendered":"Bases concurs relats curts"},"content":{"rendered":"\n<p><strong>Bases del Concurs de relats curts<\/strong><\/p>\n\n\n\n<p>1.\u00a0Podr\u00e0 participar al concurs qualsevol persona, de qualsevol edat i qualsevol nacionalitat.<br>2.\u00a0\u00a0Podr\u00e0 presentar-se un relat per participant, en catal\u00e0 o castell\u00e0.<br>3. El concurs t\u00e9 una tem\u00e0tica lliure. <br>4. L&#8217;extensi\u00f3 del relat no pot ser superior a 3.500 car\u00e0cters sense comptar els blancs.<br>5.\u00a0Existiran tres categories participants: infantil (6 a 12 anys), juvenil (13 a 18 anys) i adults.<br>6.\u00a0La data de recepci\u00f3 dels relats<strong>\u00a0finalitzar\u00e0 el 20 d&#8217;abril<\/strong> incl\u00f2s de 2026.<br>7.\u00a0Per concursar s\u2019ha d\u2019enviar el relat a trav\u00e9s del formulari que es publicitar\u00e0 al web:\u00a0<a rel=\"noreferrer noopener\" href=\"https:\/\/santjordi.llefia.org\/\" target=\"_blank\">santjordi.llefia.org<\/a><br>8.\u00a0La participaci\u00f3 al concurs implica l\u2019acceptaci\u00f3 per part de l\u2019autor\/a que els relats enviats seran inclosos a l\u2019Arxiu Hist\u00f2ric de Llefi\u00e0 i a Llefi@Net Xarxa Ciutadana. Tots els relats presentats estaran sota una llic\u00e8ncia\u00a0<a rel=\"noreferrer noopener\" href=\"https:\/\/es.m.wikipedia.org\/wiki\/Creative_Commons\" target=\"_blank\">Creative Commons<\/a>. Sempre que es faci \u00fas del mateix es reconeixer\u00e0 l\u2019autoria.<br>9. Premis de material cultural als guanyadors\/res de les 3 categories.<br>10.\u00a0El veredicte ser\u00e0 inapel\u2022lable i es far\u00e0 p\u00fablic en el transcurs del dia\u00a0<strong>24 d&#8217;abril<\/strong>\u00a0per diferents mitjans i a la p\u00e0gina web de l\u2019organitzaci\u00f3 del concurs i a Llefi@Net. Xarxa Ciutadana:\u00a0<a rel=\"noreferrer noopener\" href=\"http:\/\/www.llefia.org\/\" target=\"_blank\">www.llefia.org<\/a>. L\u2019organitzaci\u00f3 contactar\u00e0 amb els o les guanyadores per email. I es realitzar\u00e0 acte d&#8217;entrega a Torre Mena (Pl Trafalgar 1)<br>11. La participaci\u00f3 al concurs implica l\u2019acceptaci\u00f3 de les bases del mateix. L\u2019organitzaci\u00f3 queda facultada per resoldre qualsevol conting\u00e8ncia no prevista a las bases.<br>12. La ren\u00fancia a un premi, qualsevol que sigui la ra\u00f3 que la motivi, no donar\u00e0 al premiat dret de cap tipus de compensaci\u00f3.<br>13. Per qualsevol dubte dirigir-se al correu electr\u00f2nic: stantoni[arroba]<a rel=\"noreferrer noopener\" href=\"https:\/\/llefia.org\/\" target=\"_blank\">llefia.org<\/a><\/p>\n","protected":false},"excerpt":{"rendered":"<p>Bases del Concurs de relats curts 1.\u00a0Podr\u00e0 participar al concurs qualsevol persona, de qualsevol edat i qualsevol nacionalitat.2.\u00a0\u00a0Podr\u00e0 presentar-se un relat per participant, en catal\u00e0 o castell\u00e0.3. El concurs t\u00e9 una tem\u00e0tica lliure. 4. L&#8217;extensi\u00f3 del relat no pot ser superior a 3.500 car\u00e0cters sense comptar els blancs.5.\u00a0Existiran tres categories participants: infantil (6 a 12 anys), juvenil (13 a 18 anys) i adults.6.\u00a0La data de recepci\u00f3 dels relats\u00a0finalitzar\u00e0 el 20<\/p>\n<a href=\"https:\/\/llefia.org\/santjordi\/bases-concurs-relats-curts\/\"> <div class=\"readmorelink\"><div class=\"rmtext\">[ Read More ]<\/div><\/div><\/a>","protected":false},"author":15,"featured_media":0,"parent":0,"menu_order":0,"comment_status":"closed","ping_status":"closed","template":"","meta":[],"_links":{"self":[{"href":"https:\/\/llefia.org\/santjordi\/wp-json\/wp\/v2\/pages\/9"}],"collection":[{"href":"https:\/\/llefia.org\/santjordi\/wp-json\/wp\/v2\/pages"}],"about":[{"href":"https:\/\/llefia.org\/santjordi\/wp-json\/wp\/v2\/types\/page"}],"author":[{"embeddable":true,"href":"https:\/\/llefia.org\/santjordi\/wp-json\/wp\/v2\/users\/15"}],"replies":[{"embeddable":true,"href":"https:\/\/llefia.org\/santjordi\/wp-json\/wp\/v2\/comments?post=9"}],"version-history":[{"count":15,"href":"https:\/\/llefia.org\/santjordi\/wp-json\/wp\/v2\/pages\/9\/revisions"}],"predecessor-version":[{"id":550,"href":"https:\/\/llefia.org\/santjordi\/wp-json\/wp\/v2\/pages\/9\/revisions\/550"}],"wp:attachment":[{"href":"https:\/\/llefia.org\/santjordi\/wp-json\/wp\/v2\/media?parent=9"}],"curies":[{"name":"wp","href":"https:\/\/api.w.org\/{rel}","templated":true}]}}