{"id":152,"date":"2016-07-02T15:22:55","date_gmt":"2016-07-02T15:22:55","guid":{"rendered":"http:\/\/llefia.org\/blog\/CEELL\/?page_id=152"},"modified":"2017-03-07T15:12:12","modified_gmt":"2017-03-07T15:12:12","slug":"fitxa-soci","status":"publish","type":"page","link":"https:\/\/llefia.org\/wpaem\/fitxa-soci\/","title":{"rendered":"Fitxa soci"},"content":{"rendered":"<p>Si <span class=\"hiddenGreenError\">vols fer-te soci nom\u00e9s has<\/span> d&#8217;omplir la fitxa que em <span class=\"hiddenGreenError\">deixat<\/span> a l&#8217;enlla\u00e7.<\/p>\n<p>El preu de soci s\u00f3n 24\u202f\u20ac anuals.<br \/>\nUna vegada que rebem la fitxa ens posarem en contacte amb tu per formalitzar el <span class=\"hiddenGreenError\">tramit<\/span> i rebr\u00e0s el teu carnet de soci.<\/p>\n<p>&nbsp;<\/p>\n<p><a href=\"http:\/\/llefia.org\/wpceell\/wp-content\/uploads\/sites\/16\/2016\/07\/Fitxa_de_soci-.pdf\">Fitxa_de_soci<\/a><\/p>\n","protected":false},"excerpt":{"rendered":"<p>Si vols fer-te soci nom\u00e9s has d&#8217;omplir la fitxa que em deixat a l&#8217;enlla\u00e7. El preu de soci s\u00f3n 24\u202f\u20ac anuals. Una vegada que rebem la fitxa ens posarem en contacte amb tu per formalitzar el tramit i rebr\u00e0s el teu carnet de soci. &nbsp; Fitxa_de_soci<\/p>\n","protected":false},"author":27,"featured_media":0,"parent":0,"menu_order":0,"comment_status":"closed","ping_status":"closed","template":"","meta":[],"_links":{"self":[{"href":"https:\/\/llefia.org\/wpaem\/wp-json\/wp\/v2\/pages\/152"}],"collection":[{"href":"https:\/\/llefia.org\/wpaem\/wp-json\/wp\/v2\/pages"}],"about":[{"href":"https:\/\/llefia.org\/wpaem\/wp-json\/wp\/v2\/types\/page"}],"author":[{"embeddable":true,"href":"https:\/\/llefia.org\/wpaem\/wp-json\/wp\/v2\/users\/27"}],"replies":[{"embeddable":true,"href":"https:\/\/llefia.org\/wpaem\/wp-json\/wp\/v2\/comments?post=152"}],"version-history":[{"count":5,"href":"https:\/\/llefia.org\/wpaem\/wp-json\/wp\/v2\/pages\/152\/revisions"}],"predecessor-version":[{"id":369,"href":"https:\/\/llefia.org\/wpaem\/wp-json\/wp\/v2\/pages\/152\/revisions\/369"}],"wp:attachment":[{"href":"https:\/\/llefia.org\/wpaem\/wp-json\/wp\/v2\/media?parent=152"}],"curies":[{"name":"wp","href":"https:\/\/api.w.org\/{rel}","templated":true}]}}