{"id":12,"date":"2016-01-07T21:29:30","date_gmt":"2016-01-07T21:29:30","guid":{"rendered":"http:\/\/llefia.org\/blog\/avvsantantoni\/?page_id=12"},"modified":"2016-01-07T21:29:30","modified_gmt":"2016-01-07T21:29:30","slug":"historia","status":"publish","type":"page","link":"https:\/\/llefia.org\/wpavvsantantoni\/historia\/","title":{"rendered":"Hist\u00f2ria"},"content":{"rendered":"<table width=\"94%\" border=\"0\" cellspacing=\"4\" cellpadding=\"0\">\n<tbody>\n<tr>\n<td valign=\"top\" width=\"50%\"><span style=\"font-family: Verdana;font-size: small\">El origen de la Asociaci\u00f3n de Vecinos de Sant Antoni de Llefi\u00e0 se encuentra en las Comisiones de Fiestas de las calles Europa y Lourdes. Anteriormente era costumbre que cada calle organizase su fiesta. Incluso exist\u00eda una cierta rivalidad por ver que calle se adornaba mejor. El a\u00f1o 1959, las dos comisiones se reunieron y constituyeron el n\u00facleo de la asociaci\u00f3n de vecinos.<\/span><\/td>\n<td width=\"3%\"><\/td>\n<td align=\"top\" valign=\"top\" width=\"50%\"><img loading=\"lazy\" src=\"http:\/\/www.llefia.org\/St_Antoni\/Icons\/foto_m%7E1.jpg\" alt=\"Manifestaci\u00f3n en la calle Lourdes\" width=\"237\" height=\"180\" \/><\/td>\n<\/tr>\n<tr>\n<td colspan=\"3\" valign=\"top\"><span style=\"font-family: Verdana;font-size: small\">La historia de la asociaci\u00f3n de vecinos es parecida a la de otras entidades vecinales de la ciudad de Badalona. En un primer momento se dedic\u00f3 a reivindicar los equipamientos b\u00e1sicos, como el alcantarillado, la luz, la canalizaci\u00f3n de agua potable&#8230; Posteriormente, en la d\u00e9cada de los setenta y los ochenta, la asociaci\u00f3n vivi\u00f3 una etapa m\u00e1s reivindicativa y caracterizada por las movilizaciones y los conflictos con las fuerzas de seguridad. Claros ejemplos de esta fase, fueron las movilizaciones contra la especulaci\u00f3n en el barrio y en favor de la construcci\u00f3n de escuelas. Y sobretodo la movilizaci\u00f3n y los incidentes con motivo de la construcci\u00f3n del vial y la <span style=\"text-decoration: underline\"><em>Plaza Trafalgar<\/em><\/span>, donde el enfrentamiento con las fuerzas policiales provoc\u00f3 un gran n\u00famero de detenidos y heridos de consideraci\u00f3n.<\/span>&nbsp;<\/p>\n<p>&nbsp;<\/td>\n<\/tr>\n<\/tbody>\n<\/table>\n","protected":false},"excerpt":{"rendered":"<p>El origen de la Asociaci\u00f3n de Vecinos de Sant Antoni de Llefi\u00e0 se encuentra en las Comisiones de Fiestas de las calles Europa y Lourdes. Anteriormente era costumbre que cada calle organizase su fiesta. Incluso exist\u00eda una cierta rivalidad por ver que calle se adornaba mejor. El a\u00f1o 1959, las dos comisiones se reunieron y [&hellip;]<\/p>\n","protected":false},"author":1,"featured_media":0,"parent":0,"menu_order":0,"comment_status":"closed","ping_status":"closed","template":"","meta":[],"_links":{"self":[{"href":"https:\/\/llefia.org\/wpavvsantantoni\/wp-json\/wp\/v2\/pages\/12"}],"collection":[{"href":"https:\/\/llefia.org\/wpavvsantantoni\/wp-json\/wp\/v2\/pages"}],"about":[{"href":"https:\/\/llefia.org\/wpavvsantantoni\/wp-json\/wp\/v2\/types\/page"}],"author":[{"embeddable":true,"href":"https:\/\/llefia.org\/wpavvsantantoni\/wp-json\/wp\/v2\/users\/1"}],"replies":[{"embeddable":true,"href":"https:\/\/llefia.org\/wpavvsantantoni\/wp-json\/wp\/v2\/comments?post=12"}],"version-history":[{"count":0,"href":"https:\/\/llefia.org\/wpavvsantantoni\/wp-json\/wp\/v2\/pages\/12\/revisions"}],"wp:attachment":[{"href":"https:\/\/llefia.org\/wpavvsantantoni\/wp-json\/wp\/v2\/media?parent=12"}],"curies":[{"name":"wp","href":"https:\/\/api.w.org\/{rel}","templated":true}]}}