{"id":98,"date":"2016-05-03T20:46:35","date_gmt":"2016-05-03T20:46:35","guid":{"rendered":"http:\/\/llefia.org\/blog\/avvsantantoni\/?page_id=98"},"modified":"2016-05-03T20:46:35","modified_gmt":"2016-05-03T20:46:35","slug":"proces-participatiu-espai-public","status":"publish","type":"page","link":"https:\/\/llefia.org\/wpavvsantantoni\/proces-participatiu-espai-public\/","title":{"rendered":"Proc\u00e9s participatiu espai p\u00fablic"},"content":{"rendered":"<p><a href=\"http:\/\/llefia.org\/wpavvsantantoni\/wp-content\/uploads\/sites\/4\/2016\/05\/Cartellprocesparticipatiu.jpg\" data-rel=\"lightbox-image-0\" data-rl_title=\"\" data-rl_caption=\"\" title=\"\"><img loading=\"lazy\" class=\"alignright wp-image-153 size-medium\" src=\"http:\/\/llefia.org\/wpavvsantantoni\/wp-content\/uploads\/sites\/4\/2016\/05\/Cartellprocesparticipatiu-212x300.jpg\" alt=\"Cartell proces participatiu Llefi\u00e0\" width=\"212\" height=\"300\" srcset=\"https:\/\/llefia.org\/wpavvsantantoni\/wp-content\/uploads\/sites\/4\/2016\/05\/Cartellprocesparticipatiu-212x300.jpg 212w, https:\/\/llefia.org\/wpavvsantantoni\/wp-content\/uploads\/sites\/4\/2016\/05\/Cartellprocesparticipatiu-768x1087.jpg 768w, https:\/\/llefia.org\/wpavvsantantoni\/wp-content\/uploads\/sites\/4\/2016\/05\/Cartellprocesparticipatiu-723x1024.jpg 723w, https:\/\/llefia.org\/wpavvsantantoni\/wp-content\/uploads\/sites\/4\/2016\/05\/Cartellprocesparticipatiu.jpg 904w\" sizes=\"(max-width: 212px) 100vw, 212px\" \/><\/a>En el transcurs d\u2019aquest any 2016,\u00a0 l\u2019AVV Sant Antoni de Llefi\u00e0 conjuntament amb les entitats, ve\u00efns i ve\u00efnes del barri i l\u2019administraci\u00f3 local, volem impulsar un proc\u00e9s participatiu de diagn\u00f2stic obert on auditar l\u2019estat de l\u2019espai p\u00fablic (enllumenat, estat voreres, neteja&#8230;) trobar solucions a les mancances detectades i per detectar (via visita pel barri, enquestes, \u00fas de plataforma web del radar urban\u00edstic, inst\u00e0ncies\u2026) i poder planificar la seva soluci\u00f3.<\/p>\n<p>Al mateix temps, volem que aquest proc\u00e9s serveixi per donar la paraula al ve\u00efnatge per a que puguin fer propostes de repensar l\u2019espai p\u00fablic del nostre barri conjuntament amb els responsables pol\u00edtics i definir l\u2019\u00fas del nostre entorn\u00a0tots plegats.<\/p>\n<p><strong>Com participar?<\/strong><\/p>\n<p>Ara estem en la primera fase del proc\u00e9s de participaci\u00f3, detecci\u00f3 i diagnosi, mitjan\u00e7ant enquestes al ve\u00efnat i amb la col\u00b7laboraci\u00f3 de les entitats del barri com s\u00f3n: AMPAS, entitats culturals, Districte 4 i d&#8217;altres associacions.<\/p>\n<p>Pots participar fent difusi\u00f3 del proc\u00e9s i omplint l&#8217;enquesta en format online i offline:<\/p>\n<p><strong><a href=\"http:\/\/llefia.org\/blog\/avvsantantoni\/enquesta\/\" target=\"_blank\" class=\"broken_link\">-Enquesta online proc\u00e9s participatiu Espai p\u00fablic del barri<\/a><\/strong><\/p>\n<p><strong>&#8211;<a href=\"https:\/\/drive.google.com\/file\/d\/0B2CTwLL8LM-HNjR5aml6bFJYVEk\/view?usp=sharing\" target=\"_blank\">Enquesta per imprimir en paper<\/a><\/strong><\/p>\n<p>&#8211;<strong><a href=\"http:\/\/llefia.org\/wpavvsantantoni\/wp-content\/uploads\/sites\/4\/2016\/05\/Cartellprocesparticipatiu.jpg\" target=\"_blank\" data-rel=\"lightbox-image-1\" data-rl_title=\"\" data-rl_caption=\"\" title=\"\">Cartell difusi\u00f3<\/a><\/strong><\/p>\n<p><strong><a href=\"http:\/\/llefia.org\/blog\/avvsantantoni\/video-promocio-proces-participatiu\/\" target=\"_blank\" class=\"broken_link\">-Video explicatiu<\/a><\/strong><\/p>\n<p>Pots entregar les enquestes omplertes en paper a:<\/p>\n<p>&#8211;<strong>AVV Sant Antoni de Llefi\u00e0<\/strong>: Carrer Europa 14 ent1, Badalona (<a title=\"Mapa Telecentre\" href=\"https:\/\/www.google.es\/maps\/place\/Carrer+d%27Europa,+14,+08913+Santa+Coloma+de+Gramenet,+Barcelona\/@41.438673,2.217736,16z\/data=%214m2%213m1%211s0x12a4bca23e1961ed:0xdbe755ce9b283053?hl=es\" target=\"_blank\">Veure mapa<\/a>)<\/p>\n<p>(horari dimarts, dijous, divendres 18:30h a 20h)<\/p>\n<p>&#8211;<strong>Sabateria Crisol<\/strong>: Carrer P\u00e9rez Gald\u00f3s 14 (horari comercial)<\/p>\n<p>&#8211;<strong>Club Petanca Trafalgar<\/strong>, Pl Trafalgar 13<\/p>\n<p>(horari de dilluns a divendres de 10h a 14h i de 17h a 19h)<\/p>\n<p>&#8211;<strong>Centre C\u00edvic Torre Mena<\/strong>, Pl Trafalgar 1-3<\/p>\n<p>(horari de dilluns a divendres de 16:30h a 20:30h)<\/p>\n<p><strong>::Video explicatiu::<\/p>\n","protected":false},"excerpt":{"rendered":"<p>En el transcurs d\u2019aquest any 2016,\u00a0 l\u2019AVV Sant Antoni de Llefi\u00e0 conjuntament amb les entitats, ve\u00efns i ve\u00efnes del barri i l\u2019administraci\u00f3 local, volem impulsar un proc\u00e9s participatiu de diagn\u00f2stic obert on auditar l\u2019estat de l\u2019espai p\u00fablic (enllumenat, estat voreres, neteja&#8230;) trobar solucions a les mancances detectades i per detectar (via visita pel barri, enquestes, [&hellip;]<\/p>\n","protected":false},"author":9,"featured_media":0,"parent":0,"menu_order":0,"comment_status":"closed","ping_status":"closed","template":"","meta":[],"_links":{"self":[{"href":"https:\/\/llefia.org\/wpavvsantantoni\/wp-json\/wp\/v2\/pages\/98"}],"collection":[{"href":"https:\/\/llefia.org\/wpavvsantantoni\/wp-json\/wp\/v2\/pages"}],"about":[{"href":"https:\/\/llefia.org\/wpavvsantantoni\/wp-json\/wp\/v2\/types\/page"}],"author":[{"embeddable":true,"href":"https:\/\/llefia.org\/wpavvsantantoni\/wp-json\/wp\/v2\/users\/9"}],"replies":[{"embeddable":true,"href":"https:\/\/llefia.org\/wpavvsantantoni\/wp-json\/wp\/v2\/comments?post=98"}],"version-history":[{"count":0,"href":"https:\/\/llefia.org\/wpavvsantantoni\/wp-json\/wp\/v2\/pages\/98\/revisions"}],"wp:attachment":[{"href":"https:\/\/llefia.org\/wpavvsantantoni\/wp-json\/wp\/v2\/media?parent=98"}],"curies":[{"name":"wp","href":"https:\/\/api.w.org\/{rel}","templated":true}]}}