{"id":4670,"date":"2022-02-01T23:42:18","date_gmt":"2022-02-01T23:42:18","guid":{"rendered":"https:\/\/llefia.org\/wpcarnestoltes\/?page_id=4670"},"modified":"2026-02-12T22:10:22","modified_gmt":"2026-02-12T22:10:22","slug":"inscripcio","status":"publish","type":"page","link":"https:\/\/llefia.org\/wpcarnestoltes\/?page_id=4670","title":{"rendered":"Inscripci\u00f3 Tancades"},"content":{"rendered":"\n<p>Per\u00edode d&#8217;inscripci\u00f3 online tancat, per\u00f2 si ets una comparsa i vols participar de la Rua pots venir el dissabte 14 de febrer a les 16:30h al punt de control a Torre Mena.<\/p>\n\n\n\n<p><strong>Al punt&nbsp;de&nbsp;control us assignaran un n\u00famero amb un estandart que haureu&nbsp;de&nbsp;portar-lo visible a la comparsa, durant el transcurs&nbsp;de&nbsp;la Rua.<br><\/strong><strong><br><\/strong><strong>En el tram final&nbsp;de&nbsp;la Rua al tornar a passar per Torre Mena, s&#8217;haur\u00e0&nbsp;de&nbsp;retornar l&#8217;estandart al mateix punt&nbsp;de&nbsp;control on l&#8217;heu recollit.<br><\/strong><br><strong>* Us recordem que en el cas que la comparsa porti alg\u00fan tipus&nbsp;de&nbsp;generador el\u00e8ctric ser\u00e0 d&#8217;obligat compliment que porteu extintor com a mesura&nbsp;de&nbsp;seguretat<\/strong>.<\/p>\n\n\n\n<p><strong>* Es recomana als integrants&nbsp;de&nbsp;les comparses no consumir begudes alcoh\u00f2liques i tabac en el transcurs&nbsp;de&nbsp;la Rua.<\/strong><br><strong>Les estructures i vehicles&nbsp;de&nbsp;les comparses, no podran accedir a la Pla\u00e7a Trafalgar al final&nbsp;del&nbsp;recorregut, aix\u00ed doncs s\u2019habilitaran espais en el lateral&nbsp;de&nbsp;la mateixa pla\u00e7a per tal que es puguin estacionar.<\/strong><\/p>\n\n\n\n<p>Conforme amb all\u00f2 establert al Reglament (UE) 2016\/679 del Parlament Europeu i del Consell de 27 d&#8217;abril de 2016 (&#8220;RGPD&#8221;) i la seva normativa de desenvolupament, informem que les dades incloses en aquest formulari s&#8217;incorporaran a un fitxer propietat de Comissi\u00f3 Cultura Llefi\u00e0, amb la finalitat de cursar aquesta sol\u00b7licitud d&#8217;inscripci\u00f3 i enviar informaci\u00f3 relativa a la rua i activitats culturals. Al enviar aquest formulari, consentiu expressament i autoritzeu perqu\u00e8 es tractin les dades personals amb les finalitats exposades. Podeu exercir els vostres drets d&#8217;acc\u00e9s, rectificaci\u00f3, portabilitat, cancel\u00b7laci\u00f3 i oposici\u00f3 enviant un mail a carnestoltes(a)llefia.org.<\/p>\n","protected":false},"excerpt":{"rendered":"<p>Per\u00edode d&#8217;inscripci\u00f3 online tancat, per\u00f2 si ets una comparsa i vols participar de la Rua pots venir el dissabte 14 de febrer a les 16:30h al punt de control a Torre Mena. Al punt&nbsp;de&nbsp;control us assignaran un n\u00famero amb un estandart que haureu&nbsp;de&nbsp;portar-lo visible a la comparsa, durant el transcurs&nbsp;de&nbsp;la Rua.En el tram final&nbsp;de&nbsp;la Rua&hellip;<\/p>\n","protected":false},"author":15,"featured_media":0,"parent":0,"menu_order":0,"comment_status":"closed","ping_status":"closed","template":"","meta":[],"_links":{"self":[{"href":"https:\/\/llefia.org\/wpcarnestoltes\/index.php?rest_route=\/wp\/v2\/pages\/4670"}],"collection":[{"href":"https:\/\/llefia.org\/wpcarnestoltes\/index.php?rest_route=\/wp\/v2\/pages"}],"about":[{"href":"https:\/\/llefia.org\/wpcarnestoltes\/index.php?rest_route=\/wp\/v2\/types\/page"}],"author":[{"embeddable":true,"href":"https:\/\/llefia.org\/wpcarnestoltes\/index.php?rest_route=\/wp\/v2\/users\/15"}],"replies":[{"embeddable":true,"href":"https:\/\/llefia.org\/wpcarnestoltes\/index.php?rest_route=%2Fwp%2Fv2%2Fcomments&post=4670"}],"version-history":[{"count":24,"href":"https:\/\/llefia.org\/wpcarnestoltes\/index.php?rest_route=\/wp\/v2\/pages\/4670\/revisions"}],"predecessor-version":[{"id":5849,"href":"https:\/\/llefia.org\/wpcarnestoltes\/index.php?rest_route=\/wp\/v2\/pages\/4670\/revisions\/5849"}],"wp:attachment":[{"href":"https:\/\/llefia.org\/wpcarnestoltes\/index.php?rest_route=%2Fwp%2Fv2%2Fmedia&parent=4670"}],"curies":[{"name":"wp","href":"https:\/\/api.w.org\/{rel}","templated":true}]}}