{"id":36,"date":"2017-09-20T10:58:00","date_gmt":"2017-09-20T10:58:00","guid":{"rendered":"http:\/\/llefia.org\/wpchebadalona\/?page_id=36"},"modified":"2017-10-02T16:53:01","modified_gmt":"2017-10-02T16:53:01","slug":"qui-som","status":"publish","type":"page","link":"https:\/\/llefia.org\/wpchebadalona\/qui-som\/","title":{"rendered":"Qui som?"},"content":{"rendered":"<p>El Comit\u00e9 Internacionalista de Badalona \u00e9s una plataforma d&#8217;entitats nascuda per treballar temes de solidaritat internacional de manera unit\u00e0ria a la nostra ciutat, i agafa el relleu d&#8217;entitats com la Comissi\u00f3 del Che a Badalona o el Casal d&#8217;Amistat amb Cuba de Badalona en l&#8217;organitzacio d&#8217;aquest homenatge al Che.<\/p>\n<p>Aquest esdeveniment es va iniciar ara fa 20 anys, quan es va commemorar el 30\u00e8 aniversari de l\u2019assassinat del Che, moment clau quan el <a href=\"http:\/\/badalonacuba.cat\/\" target=\"_blank\" rel=\"noopener\">Casal d\u2019Amistat de Cuba<\/a> a Badalona va reivindicar el nom de la pla\u00e7a del Che i que es col\u00b7loqu\u00e9s la seva imatge amb <img loading=\"lazy\" class=\"alignright size-medium\" src=\"http:\/\/www.diaridebadalona.com\/sites\/default\/files\/styles\/miniatura_galeria\/public\/DSC_4323.JPG\" alt=\"Font Diari Badalona\" width=\"112\" height=\"100\" \/>una placa. El 2007, es va trencar la representaci\u00f3 de la placa a l\u2019argent\u00ed a causa d\u2019un acte d\u2019incivisme i es va instal\u00b7lar l\u2019actual monument que se situa a la mateixa pla\u00e7a per recordar al \u201cl\u00edder dels pobles del m\u00f3n, el defensor dels pobres, de la just\u00edcia social i de l\u2019internacionalisme\u201d.<\/p>\n","protected":false},"excerpt":{"rendered":"<p>El Comit\u00e9 Internacionalista de Badalona \u00e9s una plataforma d&#8217;entitats nascuda per treballar temes de solidaritat internacional de manera unit\u00e0ria a la nostra ciutat, i agafa el relleu d&#8217;entitats com la Comissi\u00f3 del Che a Badalona o el Casal d&#8217;Amistat amb Cuba de Badalona en l&#8217;organitzacio d&#8217;aquest homenatge al Che. Aquest esdeveniment es va iniciar ara&hellip;<\/p>\n","protected":false},"author":15,"featured_media":0,"parent":0,"menu_order":0,"comment_status":"closed","ping_status":"closed","template":"","meta":[],"_links":{"self":[{"href":"https:\/\/llefia.org\/wpchebadalona\/wp-json\/wp\/v2\/pages\/36"}],"collection":[{"href":"https:\/\/llefia.org\/wpchebadalona\/wp-json\/wp\/v2\/pages"}],"about":[{"href":"https:\/\/llefia.org\/wpchebadalona\/wp-json\/wp\/v2\/types\/page"}],"author":[{"embeddable":true,"href":"https:\/\/llefia.org\/wpchebadalona\/wp-json\/wp\/v2\/users\/15"}],"replies":[{"embeddable":true,"href":"https:\/\/llefia.org\/wpchebadalona\/wp-json\/wp\/v2\/comments?post=36"}],"version-history":[{"count":6,"href":"https:\/\/llefia.org\/wpchebadalona\/wp-json\/wp\/v2\/pages\/36\/revisions"}],"predecessor-version":[{"id":184,"href":"https:\/\/llefia.org\/wpchebadalona\/wp-json\/wp\/v2\/pages\/36\/revisions\/184"}],"wp:attachment":[{"href":"https:\/\/llefia.org\/wpchebadalona\/wp-json\/wp\/v2\/media?parent=36"}],"curies":[{"name":"wp","href":"https:\/\/api.w.org\/{rel}","templated":true}]}}

<p>El Comité Internacionalista de Badalona és una plataforma d&#8217;entitats nascuda per treballar temes de solidaritat internacional de manera unitària a la nostra ciutat, i agafa el relleu d&#8217;entitats com la Comissió del Che a Badalona o el Casal d&#8217;Amistat amb Cuba de Badalona en l&#8217;organitzacio d&#8217;aquest homenatge al Che.</p>
<p>Aquest esdeveniment es va iniciar ara fa 20 anys, quan es va commemorar el 30è aniversari de l’assassinat del Che, moment clau quan el <a href="http://badalonacuba.cat/" target="_blank" rel="noopener">Casal d’Amistat de Cuba</a> a Badalona va reivindicar el nom de la plaça del Che i que es col·loqués la seva imatge amb <img loading="lazy" class="alignright size-medium" src="http://www.diaridebadalona.com/sites/default/files/styles/miniatura_galeria/public/DSC_4323.JPG" alt="Font Diari Badalona" width="112" height="100" />una placa. El 2007, es va trencar la representació de la placa a l’argentí a causa d’un acte d’incivisme i es va instal·lar l’actual monument que se situa a la mateixa plaça per recordar al “líder dels pobles del món, el defensor dels pobres, de la justícia social i de l’internacionalisme”.</p>

<p>El Comité Internacionalista de Badalona és una plataforma d&#8217;entitats nascuda per treballar temes de solidaritat internacional de manera unitària a la nostra ciutat, i agafa el relleu d&#8217;entitats com la Comissió del Che a Badalona o el Casal d&#8217;Amistat amb Cuba de Badalona en l&#8217;organitzacio d&#8217;aquest homenatge al Che. Aquest esdeveniment es va iniciar ara&hellip;</p>
