{"id":85,"date":"2017-09-24T14:50:37","date_gmt":"2017-09-24T14:50:37","guid":{"rendered":"http:\/\/llefia.org\/wpchebadalona\/?page_id=85"},"modified":"2017-10-02T13:42:49","modified_gmt":"2017-10-02T13:42:49","slug":"activitats","status":"publish","type":"page","link":"https:\/\/llefia.org\/wpchebadalona\/activitats\/","title":{"rendered":"Activitats"},"content":{"rendered":"<p>Programa d&#8217;actes de la 50ena edici\u00f3 de l&#8217;homenatge al Che a Badalona que es celebrar\u00e0, el <strong>diumenge 8 d&#8217;octubre<\/strong>.<\/p>\n<p><strong>::12:00h::<\/strong> Inici d&#8217;activitats<\/p>\n<p>-Presentaci\u00f3 exposici\u00f3 fotogr\u00e0fica itinerant sobre el Che que est\u00e0 a les biblioteques de Badalona i que des del dia 6 d&#8217;octubre la podreu visitar a la <a href=\"http:\/\/bibliotecavirtual.diba.cat\/es\/badalona-biblioteca-llefia-xavier-soto\" target=\"_blank\" rel=\"noopener\">Biblioteca de Llefi\u00e0<\/a>.<\/p>\n<p>-Parlaments i pres\u00e8ncia de la c\u00f2nsol de Cuba a Barcelona Sra. Mabel Arteaga<\/p>\n<p>-Participacio de Claudia Camba, presidenta de <a href=\"http:\/\/www.fundacionummep.org.ar\/\" target=\"_blank\" rel=\"noopener\">Fundaci\u00f3 &#8220;Un mundo mejor es posible&#8221;<\/a> i responsable de &#8220;operaci\u00f3n milagro&#8221; a l&#8217;Argentina, on s&#8217;ha retornat la visi\u00f3 a m\u00e9s de 40 mil persones sense recursos, a l&#8217;hospital de Rosario que Cuba va construir,i mant\u00e9 amb metges i medicaments.<\/p>\n<p>-Actuaci\u00f3 m\u00fasical a c\u00e0rrec del duo Carraro-Fresco que ens acompanyar\u00e0 amb m\u00fasica llatinoamericana<\/p>\n<p>-Ofrena floral al monument al Che<\/p>\n<p><strong>::14:30h::<\/strong> Dinar popular (10\u20ac), pots realitzar reserva de tickets des <a href=\"http:\/\/llefia.org\/wpchebadalona\/reserves\/\" class=\"broken_link\">d&#8217;aqu\u00ed<\/a> .El dinar es realitzar\u00e0 al <a href=\"http:\/\/llefia.org\/wpchebadalona\/com-arribar\/\" target=\"_blank\" rel=\"noopener\">Carrer Brasil<\/a> el men\u00fa consistir\u00e0 en fideu\u00e0, amanida, pa, beguda i postre. Tamb\u00e9 hi ha menu vegano.<br \/>\nPosarem una barra amb mojitos i caf\u00e8 cub\u00e0&#8230;i alguna sorpresa cultural.<\/p>\n<p>&nbsp;<\/p>\n","protected":false},"excerpt":{"rendered":"<p>Programa d&#8217;actes de la 50ena edici\u00f3 de l&#8217;homenatge al Che a Badalona que es celebrar\u00e0, el diumenge 8 d&#8217;octubre. ::12:00h:: Inici d&#8217;activitats -Presentaci\u00f3 exposici\u00f3 fotogr\u00e0fica itinerant sobre el Che que est\u00e0 a les biblioteques de Badalona i que des del dia 6 d&#8217;octubre la podreu visitar a la Biblioteca de Llefi\u00e0. -Parlaments i pres\u00e8ncia de&hellip;<\/p>\n","protected":false},"author":15,"featured_media":0,"parent":0,"menu_order":0,"comment_status":"closed","ping_status":"closed","template":"","meta":[],"_links":{"self":[{"href":"https:\/\/llefia.org\/wpchebadalona\/wp-json\/wp\/v2\/pages\/85"}],"collection":[{"href":"https:\/\/llefia.org\/wpchebadalona\/wp-json\/wp\/v2\/pages"}],"about":[{"href":"https:\/\/llefia.org\/wpchebadalona\/wp-json\/wp\/v2\/types\/page"}],"author":[{"embeddable":true,"href":"https:\/\/llefia.org\/wpchebadalona\/wp-json\/wp\/v2\/users\/15"}],"replies":[{"embeddable":true,"href":"https:\/\/llefia.org\/wpchebadalona\/wp-json\/wp\/v2\/comments?post=85"}],"version-history":[{"count":7,"href":"https:\/\/llefia.org\/wpchebadalona\/wp-json\/wp\/v2\/pages\/85\/revisions"}],"predecessor-version":[{"id":183,"href":"https:\/\/llefia.org\/wpchebadalona\/wp-json\/wp\/v2\/pages\/85\/revisions\/183"}],"wp:attachment":[{"href":"https:\/\/llefia.org\/wpchebadalona\/wp-json\/wp\/v2\/media?parent=85"}],"curies":[{"name":"wp","href":"https:\/\/api.w.org\/{rel}","templated":true}]}}

<p>Programa d&#8217;actes de la 50ena edició de l&#8217;homenatge al Che a Badalona que es celebrarà, el <strong>diumenge 8 d&#8217;octubre</strong>.</p>
<p><strong>::12:00h::</strong> Inici d&#8217;activitats</p>
<p>-Presentació exposició fotogràfica itinerant sobre el Che que està a les biblioteques de Badalona i que des del dia 6 d&#8217;octubre la podreu visitar a la <a href="http://bibliotecavirtual.diba.cat/es/badalona-biblioteca-llefia-xavier-soto" target="_blank" rel="noopener">Biblioteca de Llefià</a>.</p>
<p>-Parlaments i presència de la cònsol de Cuba a Barcelona Sra. Mabel Arteaga</p>
<p>-Participacio de Claudia Camba, presidenta de <a href="http://www.fundacionummep.org.ar/" target="_blank" rel="noopener">Fundació &#8220;Un mundo mejor es posible&#8221;</a> i responsable de &#8220;operación milagro&#8221; a l&#8217;Argentina, on s&#8217;ha retornat la visió a més de 40 mil persones sense recursos, a l&#8217;hospital de Rosario que Cuba va construir,i manté amb metges i medicaments.</p>
<p>-Actuació músical a càrrec del duo Carraro-Fresco que ens acompanyarà amb música llatinoamericana</p>
<p>-Ofrena floral al monument al Che</p>
<p><strong>::14:30h::</strong> Dinar popular (10€), pots realitzar reserva de tickets des <a href="http://llefia.org/wpchebadalona/reserves/" class="broken_link">d&#8217;aquí</a> .El dinar es realitzarà al <a href="http://llefia.org/wpchebadalona/com-arribar/" target="_blank" rel="noopener">Carrer Brasil</a> el menú consistirà en fideuà, amanida, pa, beguda i postre. També hi ha menu vegano.<br />
Posarem una barra amb mojitos i cafè cubà&#8230;i alguna sorpresa cultural.</p>
<p>&nbsp;</p>

<p>Programa d&#8217;actes de la 50ena edició de l&#8217;homenatge al Che a Badalona que es celebrarà, el diumenge 8 d&#8217;octubre. ::12:00h:: Inici d&#8217;activitats -Presentació exposició fotogràfica itinerant sobre el Che que està a les biblioteques de Badalona i que des del dia 6 d&#8217;octubre la podreu visitar a la Biblioteca de Llefià. -Parlaments i presència de&hellip;</p>
