{"id":28,"date":"2020-05-25T13:20:04","date_gmt":"2020-05-25T11:20:04","guid":{"rendered":"http:\/\/llefia.org\/wpfestes\/?page_id=28"},"modified":"2025-05-28T02:06:35","modified_gmt":"2025-05-28T00:06:35","slug":"multimedia","status":"publish","type":"page","link":"https:\/\/llefia.org\/wpfestes\/multimedia\/","title":{"rendered":"Recursos"},"content":{"rendered":"\n<figure class=\"wp-block-image is-resized\"><img loading=\"lazy\" src=\"https:\/\/llefia.org\/wpfestes\/wp-content\/uploads\/sites\/26\/2024\/05\/fiesta-de-cumpleanos.png\" alt=\"\" width=\"41\" height=\"41\"\/><\/figure>\n\n\n\n<p><a href=\"https:\/\/llefia.org\/wpfestes\/wp-content\/uploads\/sites\/26\/2025\/05\/70_Programa-Festes-Sant-Antoni-2025_Amb_el_suport.pdf\">Tr\u00edptic de les Festes, programa de m\u00e0<\/a><\/p>\n\n\n\n<figure class=\"wp-block-image is-resized\"><img loading=\"lazy\" src=\"https:\/\/cdn-icons-png.flaticon.com\/128\/2402\/2402461.png\" alt=\"m\u00fasica \" width=\"44\" height=\"44\"\/><\/figure>\n\n\n\n<p><a rel=\"noreferrer noopener\" href=\"http:\/\/llefia.org\/wpfestes\/wp-content\/uploads\/sites\/26\/2024\/06\/Barri-de-Llefia-Festes-Sant-Antoni-2024.mp3\" target=\"_blank\">Can\u00e7\u00f3 de les Festes Sant Antoni<\/a><\/p>\n\n\n\n<p><img loading=\"lazy\" width=\"32\" height=\"32\" class=\"wp-image-326\" style=\"width: 32px;\" src=\"http:\/\/llefia.org\/wpfestes\/wp-content\/uploads\/sites\/26\/2020\/05\/fun.png\" alt=\"\"> <\/p>\n\n\n\n<p><a href=\"https:\/\/llefia.org\/wpfestes\/butlletins-de-festes\/\">Butlletins hist\u00f2rics de Festes<\/a><\/p>\n\n\n\n<p><a rel=\"noreferrer noopener\" href=\"http:\/\/llefia.org\/wpfestes\/fotografies\/\" target=\"_blank\"><img loading=\"lazy\" width=\"32\" height=\"32\" class=\"wp-image-327\" style=\"width: 32px;\" src=\"http:\/\/llefia.org\/wpfestes\/wp-content\/uploads\/sites\/26\/2020\/05\/camera.png\" alt=\"\"><\/a> <\/p>\n\n\n\n<p><a rel=\"noreferrer noopener\" href=\"http:\/\/llefia.org\/wpfestes\/fotografies\/\" target=\"_blank\">Fotografies<\/a><\/p>\n\n\n\n<p><a rel=\"noreferrer noopener\" href=\"http:\/\/llefia.org\/wpfestes\/videos\/\" target=\"_blank\"><img loading=\"lazy\" width=\"32\" height=\"32\" class=\"wp-image-328\" style=\"width: 32px;\" src=\"http:\/\/llefia.org\/wpfestes\/wp-content\/uploads\/sites\/26\/2020\/05\/video-camera-2.png\" alt=\"\"><\/a> <\/p>\n\n\n\n<p><a href=\"https:\/\/llefia.org\/wpfestes\/video\/\">Videos<\/a><\/p>\n\n\n\n<p> <\/p>\n","protected":false},"excerpt":{"rendered":"<p>Tr\u00edptic de les Festes, programa de m\u00e0 Can\u00e7\u00f3 de les Festes Sant Antoni Butlletins hist\u00f2rics de Festes Fotografies Videos<\/p>\n","protected":false},"author":45,"featured_media":0,"parent":0,"menu_order":0,"comment_status":"closed","ping_status":"closed","template":"","meta":[],"_links":{"self":[{"href":"https:\/\/llefia.org\/wpfestes\/wp-json\/wp\/v2\/pages\/28"}],"collection":[{"href":"https:\/\/llefia.org\/wpfestes\/wp-json\/wp\/v2\/pages"}],"about":[{"href":"https:\/\/llefia.org\/wpfestes\/wp-json\/wp\/v2\/types\/page"}],"author":[{"embeddable":true,"href":"https:\/\/llefia.org\/wpfestes\/wp-json\/wp\/v2\/users\/45"}],"replies":[{"embeddable":true,"href":"https:\/\/llefia.org\/wpfestes\/wp-json\/wp\/v2\/comments?post=28"}],"version-history":[{"count":15,"href":"https:\/\/llefia.org\/wpfestes\/wp-json\/wp\/v2\/pages\/28\/revisions"}],"predecessor-version":[{"id":1762,"href":"https:\/\/llefia.org\/wpfestes\/wp-json\/wp\/v2\/pages\/28\/revisions\/1762"}],"wp:attachment":[{"href":"https:\/\/llefia.org\/wpfestes\/wp-json\/wp\/v2\/media?parent=28"}],"curies":[{"name":"wp","href":"https:\/\/api.w.org\/{rel}","templated":true}]}}