{"id":115,"date":"2011-10-02T18:45:57","date_gmt":"2011-10-02T18:45:57","guid":{"rendered":"http:\/\/llefia.org\/blog\/parsleyproject\/?page_id=2"},"modified":"2011-10-02T18:45:57","modified_gmt":"2011-10-02T18:45:57","slug":"pagina-exemple","status":"publish","type":"page","link":"https:\/\/llefia.org\/wpparsleyproject\/pagina-exemple\/","title":{"rendered":"Qui som?"},"content":{"rendered":"<p><a href=\"http:\/\/llefia.org\/wpparsleyproject\/wp-content\/uploads\/sites\/5\/2011\/10\/Prefe1Rojo_BAJA.jpg\" data-rel=\"lightbox-image-0\" data-rl_title=\"\" data-rl_caption=\"\" title=\"\"><img loading=\"lazy\" class=\"alignnone size-medium wp-image-75\" src=\"http:\/\/llefia.org\/wpparsleyproject\/wp-content\/uploads\/sites\/5\/2011\/10\/Prefe1Rojo_BAJA-300x142.jpg\" alt=\"\" width=\"300\" height=\"142\" \/><\/a><\/p>\n<p>Som l&#8217;Ana Paredes, l&#8217;Annabel Rosell i la Carmen del Rinc\u00f3n. Portem m\u00e9s de deu anys treballant en el m\u00f3n de les tecnologies, des de diferents \u00e0mbits, com enginyeres, inform\u00e0tiques i expertes en comunicaci\u00f3 interactiva.<\/p>\n<p>Compartimos la misma visi\u00f3n positiva sobre la tecnolog\u00eda, como herramienta para mejorar la calidad de vida de las personas.<\/p>\n<p>En este proyecto, investigaremos sobre la capacidad que tienen las tabletas gr\u00e1ficas para acercar el mundo a las persosas que por problemas de salud han tenido que vivir en un hospital durante per\u00edodos largos.<\/p>\n<p>Nos gustar\u00eda que la aplicaci\u00f3n que estamos dise\u00f1ando fuera lo m\u00e1s sencilla posible, de manera que cada usuario pueda utilizarla de manera intuitiva.<\/p>\n<p>Per m\u00e9s informaci\u00f3 sobre el projecte:<\/p>\n<p>&nbsp;<\/p>\n<p><em>parsleyproject(arroba)llefia.org<\/em><\/p>\n","protected":false},"excerpt":{"rendered":"<p>Som l&#8217;Ana Paredes, l&#8217;Annabel Rosell i la Carmen del Rinc\u00f3n. Portem m\u00e9s de deu anys treballant en el m\u00f3n de les tecnologies, des de diferents \u00e0mbits, com enginyeres, inform\u00e0tiques i expertes en comunicaci\u00f3 interactiva. Compartimos la misma visi\u00f3n positiva sobre la tecnolog\u00eda, como herramienta para mejorar la calidad de vida de las personas. En este &hellip; <\/p>\n<p class=\"link-more\"><a href=\"https:\/\/llefia.org\/wpparsleyproject\/pagina-exemple\/\" class=\"more-link\">Continuar leyendo<span class=\"screen-reader-text\"> \u00abQui som?\u00bb<\/span><\/a><\/p>\n","protected":false},"author":10,"featured_media":0,"parent":0,"menu_order":0,"comment_status":"open","ping_status":"open","template":"","meta":[],"_links":{"self":[{"href":"https:\/\/llefia.org\/wpparsleyproject\/wp-json\/wp\/v2\/pages\/115"}],"collection":[{"href":"https:\/\/llefia.org\/wpparsleyproject\/wp-json\/wp\/v2\/pages"}],"about":[{"href":"https:\/\/llefia.org\/wpparsleyproject\/wp-json\/wp\/v2\/types\/page"}],"author":[{"embeddable":true,"href":"https:\/\/llefia.org\/wpparsleyproject\/wp-json\/wp\/v2\/users\/10"}],"replies":[{"embeddable":true,"href":"https:\/\/llefia.org\/wpparsleyproject\/wp-json\/wp\/v2\/comments?post=115"}],"version-history":[{"count":0,"href":"https:\/\/llefia.org\/wpparsleyproject\/wp-json\/wp\/v2\/pages\/115\/revisions"}],"wp:attachment":[{"href":"https:\/\/llefia.org\/wpparsleyproject\/wp-json\/wp\/v2\/media?parent=115"}],"curies":[{"name":"wp","href":"https:\/\/api.w.org\/{rel}","templated":true}]}}

<p><a href="http://llefia.org/wpparsleyproject/wp-content/uploads/sites/5/2011/10/Prefe1Rojo_BAJA.jpg" data-rel="lightbox-image-0" data-rl_title="" data-rl_caption="" title=""><img loading="lazy" class="alignnone size-medium wp-image-75" src="http://llefia.org/wpparsleyproject/wp-content/uploads/sites/5/2011/10/Prefe1Rojo_BAJA-300x142.jpg" alt="" width="300" height="142" /></a></p>
<p>Som l&#8217;Ana Paredes, l&#8217;Annabel Rosell i la Carmen del Rincón. Portem més de deu anys treballant en el món de les tecnologies, des de diferents àmbits, com enginyeres, informàtiques i expertes en comunicació interactiva.</p>
<p>Compartimos la misma visión positiva sobre la tecnología, como herramienta para mejorar la calidad de vida de las personas.</p>
<p>En este proyecto, investigaremos sobre la capacidad que tienen las tabletas gráficas para acercar el mundo a las persosas que por problemas de salud han tenido que vivir en un hospital durante períodos largos.</p>
<p>Nos gustaría que la aplicación que estamos diseñando fuera lo más sencilla posible, de manera que cada usuario pueda utilizarla de manera intuitiva.</p>
<p>Per més informació sobre el projecte:</p>
<p>&nbsp;</p>
<p><em>parsleyproject(arroba)llefia.org</em></p>

<p>Som l&#8217;Ana Paredes, l&#8217;Annabel Rosell i la Carmen del Rincón. Portem més de deu anys treballant en el món de les tecnologies, des de diferents àmbits, com enginyeres, informàtiques i expertes en comunicació interactiva. Compartimos la misma visión positiva sobre la tecnología, como herramienta para mejorar la calidad de vida de las personas. En este &hellip; </p>
<p class="link-more"><a href="https://llefia.org/wpparsleyproject/pagina-exemple/" class="more-link">Continuar leyendo<span class="screen-reader-text"> «Qui som?»</span></a></p>
