{"id":56,"date":"2011-11-28T20:04:17","date_gmt":"2011-11-28T20:04:17","guid":{"rendered":"http:\/\/llefia.org\/blog\/parsleyproject\/?page_id=56"},"modified":"2011-11-28T20:04:17","modified_gmt":"2011-11-28T20:04:17","slug":"parsley-project","status":"publish","type":"page","link":"https:\/\/llefia.org\/wpparsleyproject\/parsley-project\/","title":{"rendered":"Presentaci\u00f3 del projecte"},"content":{"rendered":"<p><a href=\"http:\/\/llefia.org\/blog\/parsleyproject\/files\/2011\/10\/Garden-peque%C3%B1a.jpg\" rel=\"lightbox-image-0\" rl_title=\"\" rl_caption=\"\" title=\"\" class=\"broken_link\"><img loading=\"lazy\" class=\"size-full wp-image-8 alignright\" src=\"http:\/\/llefia.org\/blog\/parsleyproject\/files\/2011\/10\/Garden-peque%C3%B1a.jpg\" alt=\"\" width=\"255\" height=\"178\" \/><\/a><\/p>\n<p>Queremos mejorar la vida de los ni\u00f1os enfermos, con estancias de larga duraci\u00f3n en hospitales, a trav\u00e9s de una soluci\u00f3n tecnol\u00f3gica muy sencilla que se puede aplicar sobre I-phone, I-pad, o cualquier otro dispositivo inteligente (smartphone).<br \/>\nEl ni\u00f1o, a trav\u00e9s de esta aplicaci\u00f3n, podr\u00e1 cuidar una parcela de un huerto comunitario. Adem\u00e1s, su despertador le ofrece im\u00e1genes y sonido en directo de su parcela cada ma\u00f1ana al levantarse.<br \/>\nA trav\u00e9s del est\u00edmulo que obtiene del contacto con su trocito de huerto, motivaremos la mejora del estado an\u00edmico del ni\u00f1o, as\u00ed como su socializaci\u00f3n con el resto de participantes en el proyecto. Se procurar\u00e1 que el ni\u00f1o experimente lo m\u00e1ximo posible a trav\u00e9s de sus sentidos, por ejemplo, recibiendo en el hospital los frutos de su trabajo, que podr\u00e1 comer o regalar.<\/p>\n<p>&#8230;<\/p>\n<p>Volem millorar la vida dels nens malalts, amb estades de llarga duraci\u00f3 als hospitals, a trav\u00e9s d\u2019una soluci\u00f3 tecnol\u00f2gica molt senzilla que es pot aplicar sobre un Iphone, un Ipad o qualsevol altre dispositiu inteligent (smartphone).<\/p>\n<p>El nen, a traves d\u2019aquesta aplicaci\u00f3, podr\u00e0 fer-se c\u00e0rrec d\u2019una parcela d\u2019hort comunitari. A m\u00e9s, el seu despertador li ofereix imatges i so en directe de la seva parcela cada mat\u00ed al llevar-se.<\/p>\n<p>A trav\u00e9s de l\u2019est\u00edmul que obt\u00e9 del contacte amb el seu tro\u00e7et d\u2019hort, motivarem la millora de l\u2019estat an\u00edmic del nen, aix\u00ed com la seva socialitzaci\u00f3 amb la resta de participants al projecte. S\u2019intentar\u00e0 que el nen experimenti el m\u00e0xim a trav\u00e9s dels sentits, per exemple rebent al hospital els fruits del seu treball, que el podr\u00e0 menjar o regalar.<\/p>\n<p>&#8230;<\/p>\n<p>The objective is to set up an extensive public garden presence for children who are confined to hospital. The images and sounds coming from the garden are received on the children&#8217;s I-Phones in the morning. The stimulus will be the first contact with reality they have during the day connecting them to a green area in the world which will be with them until the time they leave hospital. Using an I-Pad, children can interact with other children and the volunteers taken care of the gardens &#8211; the larger community of &#8216;Easy Gardening&#8217; &#8211; and with the gardener in his allotment. They  can also directly trigger some garden devices (eg, the watering system).<br \/>\nThe experience will be not only virtual but tangible since children can also interact with plants sited in the hospital. They can prune them, water them&#8230;<br \/>\nThe plants in the garden are controlled with digital sensors. This is also able to trigger certain garden devices when children are not feeling like using it or are convalescing after an operation.<\/p>\n","protected":false},"excerpt":{"rendered":"<p>Queremos mejorar la vida de los ni\u00f1os enfermos, con estancias de larga duraci\u00f3n en hospitales, a trav\u00e9s de una soluci\u00f3n tecnol\u00f3gica muy sencilla que se puede aplicar sobre I-phone, I-pad, o cualquier otro dispositivo inteligente (smartphone). El ni\u00f1o, a trav\u00e9s de esta aplicaci\u00f3n, podr\u00e1 cuidar una parcela de un huerto comunitario. Adem\u00e1s, su despertador le &hellip; <\/p>\n<p class=\"link-more\"><a href=\"https:\/\/llefia.org\/wpparsleyproject\/parsley-project\/\" class=\"more-link\">Continuar leyendo<span class=\"screen-reader-text\"> \u00abPresentaci\u00f3 del projecte\u00bb<\/span><\/a><\/p>\n","protected":false},"author":10,"featured_media":0,"parent":0,"menu_order":0,"comment_status":"open","ping_status":"closed","template":"","meta":[],"_links":{"self":[{"href":"https:\/\/llefia.org\/wpparsleyproject\/wp-json\/wp\/v2\/pages\/56"}],"collection":[{"href":"https:\/\/llefia.org\/wpparsleyproject\/wp-json\/wp\/v2\/pages"}],"about":[{"href":"https:\/\/llefia.org\/wpparsleyproject\/wp-json\/wp\/v2\/types\/page"}],"author":[{"embeddable":true,"href":"https:\/\/llefia.org\/wpparsleyproject\/wp-json\/wp\/v2\/users\/10"}],"replies":[{"embeddable":true,"href":"https:\/\/llefia.org\/wpparsleyproject\/wp-json\/wp\/v2\/comments?post=56"}],"version-history":[{"count":0,"href":"https:\/\/llefia.org\/wpparsleyproject\/wp-json\/wp\/v2\/pages\/56\/revisions"}],"wp:attachment":[{"href":"https:\/\/llefia.org\/wpparsleyproject\/wp-json\/wp\/v2\/media?parent=56"}],"curies":[{"name":"wp","href":"https:\/\/api.w.org\/{rel}","templated":true}]}}