{"id":6,"date":"2014-11-13T16:46:25","date_gmt":"2014-11-13T16:46:25","guid":{"rendered":"http:\/\/llefia.org\/blog\/toniflores\/?page_id=6"},"modified":"2014-11-13T16:46:25","modified_gmt":"2014-11-13T16:46:25","slug":"qui-soc","status":"publish","type":"page","link":"https:\/\/llefia.org\/wptoniflores\/qui-soc\/","title":{"rendered":"Qu\u00e8 es cou a Bdn?"},"content":{"rendered":"<p>Que \u00e9s cou a Badalona, pret\u00e9n ser un espai col\u2022lectiu on poder trobar comentaris, articles que puguin servir como excusa per una sobretaula despr\u00e8s d\u2019un bon \u00e0pat, es per aix\u00f2 que tamb\u00e9 compartir\u00e9 receptes de cuina de plats que poden servir com a preparaci\u00f3 d\u2019aquesta sobretaula com a aquells moments on podem divagar sobre la soluci\u00f3 dels problemes que ens envolten.<br \/>\n\u00ab&#8230;Ja hem comen\u00e7at a somiar junts una realitat millor i nova. Es necessari seguir construint una alternativa, en la que c\u00e0piguen els tots que parlem i, sobre tot, els tots que callem&#8230;\u00bb<br \/>\n                          Subcomandant Marcos <\/p>\n","protected":false},"excerpt":{"rendered":"<p>Que \u00e9s cou a Badalona, pret\u00e9n ser un espai col\u2022lectiu on poder trobar comentaris, articles que puguin servir como excusa per una sobretaula despr\u00e8s d\u2019un bon \u00e0pat, es per aix\u00f2 que tamb\u00e9 compartir\u00e9 receptes de cuina de plats que poden servir com a preparaci\u00f3 d\u2019aquesta sobretaula com a aquells moments on podem divagar sobre la [&hellip;]<\/p>\n","protected":false},"author":1,"featured_media":0,"parent":0,"menu_order":0,"comment_status":"closed","ping_status":"closed","template":"","meta":[],"_links":{"self":[{"href":"https:\/\/llefia.org\/wptoniflores\/wp-json\/wp\/v2\/pages\/6"}],"collection":[{"href":"https:\/\/llefia.org\/wptoniflores\/wp-json\/wp\/v2\/pages"}],"about":[{"href":"https:\/\/llefia.org\/wptoniflores\/wp-json\/wp\/v2\/types\/page"}],"author":[{"embeddable":true,"href":"https:\/\/llefia.org\/wptoniflores\/wp-json\/wp\/v2\/users\/1"}],"replies":[{"embeddable":true,"href":"https:\/\/llefia.org\/wptoniflores\/wp-json\/wp\/v2\/comments?post=6"}],"version-history":[{"count":0,"href":"https:\/\/llefia.org\/wptoniflores\/wp-json\/wp\/v2\/pages\/6\/revisions"}],"wp:attachment":[{"href":"https:\/\/llefia.org\/wptoniflores\/wp-json\/wp\/v2\/media?parent=6"}],"curies":[{"name":"wp","href":"https:\/\/api.w.org\/{rel}","templated":true}]}}