{"id":110,"date":"2019-03-12T02:13:46","date_gmt":"2019-03-12T00:13:46","guid":{"rendered":"http:\/\/llefia.org\/wptrafalgar\/?page_id=110"},"modified":"2022-02-12T13:48:36","modified_gmt":"2022-02-12T11:48:36","slug":"qui-som","status":"publish","type":"page","link":"https:\/\/llefia.org\/wptrafalgar\/qui-som\/","title":{"rendered":"Qui som"},"content":{"rendered":"<p>Aquest espai \u00e9s impulsat des de la Comissi\u00f3 d&#8217;Urbanisme de Sant Antoni de Llefi\u00e0, en la que hi participen entitats ve\u00efnals\u00a0 (AVV Sant Antoni de Llefi\u00e0, AVV Sant Mori de Llefi\u00e0&#8230;), associacions, entitats esportives i culturals que treballem per la millora de l&#8217;espai p\u00fablic al barri de Llefi\u00e0.<\/p>\n<p>La remodelaci\u00f3 de la Pla\u00e7a Trafalgar ha estat un dels grans projectes en el que s&#8217;ha treballat per aconseguir iniciar la transformaci\u00f3 de la pla\u00e7a en diferents fases, en un entorn m\u00e9s accessible, amb espais verds i refor\u00e7ar-la com a eix cultural del barri.<\/p>\n<p>Igual qhe hem realitzat amb les obres de la primera fase de remodelaci\u00f3 i ara amb els treballs per a la proposta de la segona fase, des de la Comissi\u00f3 d&#8217;Urbanisme seguim amb la mateixa filosofia que hem estat treballant fins al moment, que \u00e9s la de la participar i decidir en all\u00f2 que ens pertoca com a ve\u00efns i ve\u00efnes, per a millorar l&#8217;espai p\u00fablic que habitem.\u00a0 \u00c9s per aix\u00f2, que entre d&#8217;altres iniciatives hem engegat aquesta la plataforma web i bots d&#8217;informaci\u00f3 i seguiment online de les obres, que han estat dissenyats per Llefi@Net Xarxa Ciutadana de Llefi\u00e0, per tal d&#8217;apropar la informaci\u00f3 i l&#8217;evoluci\u00f3 de les obres de remodelaci\u00f3 a tot el ve\u00efnatge.<\/p>\n","protected":false},"excerpt":{"rendered":"<p>Aquest espai \u00e9s impulsat des de la Comissi\u00f3 d&#8217;Urbanisme de Sant Antoni de Llefi\u00e0, en la que hi participen entitats ve\u00efnals\u00a0 (AVV Sant Antoni de Llefi\u00e0, AVV Sant Mori de Llefi\u00e0&#8230;), associacions, entitats esportives i culturals que treballem per la millora de l&#8217;espai p\u00fablic al barri de Llefi\u00e0. La remodelaci\u00f3 de la Pla\u00e7a Trafalgar ha&hellip;<\/p>\n","protected":false},"author":15,"featured_media":0,"parent":0,"menu_order":0,"comment_status":"closed","ping_status":"closed","template":"","meta":[],"_links":{"self":[{"href":"https:\/\/llefia.org\/wptrafalgar\/wp-json\/wp\/v2\/pages\/110"}],"collection":[{"href":"https:\/\/llefia.org\/wptrafalgar\/wp-json\/wp\/v2\/pages"}],"about":[{"href":"https:\/\/llefia.org\/wptrafalgar\/wp-json\/wp\/v2\/types\/page"}],"author":[{"embeddable":true,"href":"https:\/\/llefia.org\/wptrafalgar\/wp-json\/wp\/v2\/users\/15"}],"replies":[{"embeddable":true,"href":"https:\/\/llefia.org\/wptrafalgar\/wp-json\/wp\/v2\/comments?post=110"}],"version-history":[{"count":4,"href":"https:\/\/llefia.org\/wptrafalgar\/wp-json\/wp\/v2\/pages\/110\/revisions"}],"predecessor-version":[{"id":211,"href":"https:\/\/llefia.org\/wptrafalgar\/wp-json\/wp\/v2\/pages\/110\/revisions\/211"}],"wp:attachment":[{"href":"https:\/\/llefia.org\/wptrafalgar\/wp-json\/wp\/v2\/media?parent=110"}],"curies":[{"name":"wp","href":"https:\/\/api.w.org\/{rel}","templated":true}]}}