{"id":240,"date":"2022-02-12T15:15:36","date_gmt":"2022-02-12T13:15:36","guid":{"rendered":"https:\/\/llefia.org\/wptrafalgar\/?page_id=240"},"modified":"2024-10-13T21:35:36","modified_gmt":"2024-10-13T19:35:36","slug":"documentacio-tecnica-fase-i","status":"publish","type":"page","link":"https:\/\/llefia.org\/wptrafalgar\/documentacio-tecnica-fase-i\/","title":{"rendered":"Documentaci\u00f3 t\u00e8cnica Fase I"},"content":{"rendered":"\n<p id=\"block-8a65c6b9-ed27-4e21-b0a4-46d69aada5f4\"><a rel=\"noreferrer noopener\" href=\"https:\/\/contractaciopublica.gencat.cat\/ecofin_pscp\/AppJava\/awardnotice.pscp?reqCode=viewPcan&amp;idDoc=40289245&amp;lawType=3\" target=\"_blank\">-Expedient de contractaci\u00f3 p\u00fablica<\/a><\/p>\n\n\n\n<p id=\"block-4c7b0bd1-34da-4eab-961e-d2ab35fa4f0d\">-Empresa adjudicat\u00e0ria: <strong>Excavaciones y Construcciones Benjumea SA<\/strong><\/p>\n\n\n\n<p id=\"block-72689139-dd5c-4394-afcd-5b6494ba2459\">-Pressupost:<strong> 1.200.294,61 \u20ac<\/strong> ( base: 991.979,02\u20ac, m\u00e9s IVA: 208.315,59\u20ac)<\/p>\n\n\n\n<p id=\"block-7edf1324-08d9-4dd4-b380-1d1e96fa456c\">-Termini: <strong>8 mesos<\/strong><\/p>\n\n\n\n<p>&#8211;<a href=\"http:\/\/llefia.org\/wptrafalgar\/wp-content\/uploads\/sites\/22\/2019\/03\/901023-18-Acredito-junta-18_12_18-ADJUDICACI%C3%93.pdf\" target=\"_blank\" rel=\"noreferrer noopener\">Acta Adjudicaci\u00f3 Junta AMB 18_12_18\ufeff<\/a><\/p>\n\n\n\n<p id=\"block-6bf19e97-b225-4a4c-8a98-10106fa759cd\">-Direcci\u00f3 d&#8217;obra: <strong>Jordi Navarro Majo<\/strong>, arquitecte, <strong>Joan Roca Basts<\/strong>, enginyer t\u00e8cnic d&#8217;obra, Direcci\u00f3 de Serveis d&#8217;Espai P\u00fablic de l&#8217;AMB<\/p>\n\n\n\n<p><a href=\"http:\/\/www3.amb.cat\/repositori\/CONTRACTACIO\/TRAFALGAR_1\/PL_Trafalgar_BDN_FASE1.pdf\" target=\"_blank\" rel=\"noreferrer noopener\">-Projecte t\u00e8cnic<\/a><\/p>\n","protected":false},"excerpt":{"rendered":"<p>-Expedient de contractaci\u00f3 p\u00fablica -Empresa adjudicat\u00e0ria: Excavaciones y Construcciones Benjumea SA -Pressupost: 1.200.294,61 \u20ac ( base: 991.979,02\u20ac, m\u00e9s IVA: 208.315,59\u20ac) -Termini: 8 mesos &#8211;Acta Adjudicaci\u00f3 Junta AMB 18_12_18\ufeff -Direcci\u00f3 d&#8217;obra: Jordi Navarro Majo, arquitecte, Joan Roca Basts, enginyer t\u00e8cnic d&#8217;obra, Direcci\u00f3 de Serveis d&#8217;Espai P\u00fablic de l&#8217;AMB -Projecte t\u00e8cnic<\/p>\n","protected":false},"author":15,"featured_media":0,"parent":0,"menu_order":0,"comment_status":"closed","ping_status":"closed","template":"","meta":[],"_links":{"self":[{"href":"https:\/\/llefia.org\/wptrafalgar\/wp-json\/wp\/v2\/pages\/240"}],"collection":[{"href":"https:\/\/llefia.org\/wptrafalgar\/wp-json\/wp\/v2\/pages"}],"about":[{"href":"https:\/\/llefia.org\/wptrafalgar\/wp-json\/wp\/v2\/types\/page"}],"author":[{"embeddable":true,"href":"https:\/\/llefia.org\/wptrafalgar\/wp-json\/wp\/v2\/users\/15"}],"replies":[{"embeddable":true,"href":"https:\/\/llefia.org\/wptrafalgar\/wp-json\/wp\/v2\/comments?post=240"}],"version-history":[{"count":2,"href":"https:\/\/llefia.org\/wptrafalgar\/wp-json\/wp\/v2\/pages\/240\/revisions"}],"predecessor-version":[{"id":242,"href":"https:\/\/llefia.org\/wptrafalgar\/wp-json\/wp\/v2\/pages\/240\/revisions\/242"}],"wp:attachment":[{"href":"https:\/\/llefia.org\/wptrafalgar\/wp-json\/wp\/v2\/media?parent=240"}],"curies":[{"name":"wp","href":"https:\/\/api.w.org\/{rel}","templated":true}]}}

Documentació tècnica Fase I

<p id="block-8a65c6b9-ed27-4e21-b0a4-46d69aada5f4"><a rel="noreferrer noopener" href="https://contractaciopublica.gencat.cat/ecofin_pscp/AppJava/awardnotice.pscp?reqCode=viewPcan&amp;idDoc=40289245&amp;lawType=3" target="_blank">-Expedient de contractació pública</a></p>



<p id="block-4c7b0bd1-34da-4eab-961e-d2ab35fa4f0d">-Empresa adjudicatària: <strong>Excavaciones y Construcciones Benjumea SA</strong></p>



<p id="block-72689139-dd5c-4394-afcd-5b6494ba2459">-Pressupost:<strong> 1.200.294,61 €</strong> ( base: 991.979,02€, més IVA: 208.315,59€)</p>



<p id="block-7edf1324-08d9-4dd4-b380-1d1e96fa456c">-Termini: <strong>8 mesos</strong></p>



<p>&#8211;<a href="http://llefia.org/wptrafalgar/wp-content/uploads/sites/22/2019/03/901023-18-Acredito-junta-18_12_18-ADJUDICACI%C3%93.pdf" target="_blank" rel="noreferrer noopener">Acta Adjudicació Junta AMB 18_12_18﻿</a></p>



<p id="block-6bf19e97-b225-4a4c-8a98-10106fa759cd">-Direcció d&#8217;obra: <strong>Jordi Navarro Majo</strong>, arquitecte, <strong>Joan Roca Basts</strong>, enginyer tècnic d&#8217;obra, Direcció de Serveis d&#8217;Espai Públic de l&#8217;AMB</p>



<p><a href="http://www3.amb.cat/repositori/CONTRACTACIO/TRAFALGAR_1/PL_Trafalgar_BDN_FASE1.pdf" target="_blank" rel="noreferrer noopener">-Projecte tècnic</a></p>

<p>-Expedient de contractació pública -Empresa adjudicatària: Excavaciones y Construcciones Benjumea SA -Pressupost: 1.200.294,61 € ( base: 991.979,02€, més IVA: 208.315,59€) -Termini: 8 mesos &#8211;Acta Adjudicació Junta AMB 18_12_18﻿ -Direcció d&#8217;obra: Jordi Navarro Majo, arquitecte, Joan Roca Basts, enginyer tècnic d&#8217;obra, Direcció de Serveis d&#8217;Espai Públic de l&#8217;AMB -Projecte tècnic</p>
