{"id":71,"date":"2019-03-11T23:43:06","date_gmt":"2019-03-11T21:43:06","guid":{"rendered":"http:\/\/llefia.org\/wptrafalgar\/?page_id=71"},"modified":"2019-03-12T01:03:16","modified_gmt":"2019-03-11T23:03:16","slug":"historia","status":"publish","type":"page","link":"https:\/\/llefia.org\/wptrafalgar\/historia\/","title":{"rendered":"Hist\u00f2ria"},"content":{"rendered":"<p>Documental sobre la lluita ve\u00efnal a la Pla\u00e7a Trafalgar<\/p>\n\n\n<figure class=\"wp-block-embed-vimeo wp-block-embed is-type-video is-provider-vimeo wp-embed-aspect-4-3 wp-has-aspect-ratio\"><div class=\"wp-block-embed__wrapper\">\n<iframe loading=\"lazy\" src=\"https:\/\/player.vimeo.com\/video\/87341171?app_id=122963\" width=\"640\" height=\"480\" frameborder=\"0\" title=\"Batalla Pla&ccedil;a Trafalgar 1986-2009\" allow=\"autoplay; fullscreen\" allowfullscreen><\/iframe>\n<\/div><\/figure>\n","protected":false},"excerpt":{"rendered":"<p>Documental sobre la lluita ve\u00efnal a la Pla\u00e7a Trafalgar<\/p>\n","protected":false},"author":15,"featured_media":0,"parent":0,"menu_order":0,"comment_status":"closed","ping_status":"closed","template":"","meta":[],"_links":{"self":[{"href":"https:\/\/llefia.org\/wptrafalgar\/wp-json\/wp\/v2\/pages\/71"}],"collection":[{"href":"https:\/\/llefia.org\/wptrafalgar\/wp-json\/wp\/v2\/pages"}],"about":[{"href":"https:\/\/llefia.org\/wptrafalgar\/wp-json\/wp\/v2\/types\/page"}],"author":[{"embeddable":true,"href":"https:\/\/llefia.org\/wptrafalgar\/wp-json\/wp\/v2\/users\/15"}],"replies":[{"embeddable":true,"href":"https:\/\/llefia.org\/wptrafalgar\/wp-json\/wp\/v2\/comments?post=71"}],"version-history":[{"count":2,"href":"https:\/\/llefia.org\/wptrafalgar\/wp-json\/wp\/v2\/pages\/71\/revisions"}],"predecessor-version":[{"id":75,"href":"https:\/\/llefia.org\/wptrafalgar\/wp-json\/wp\/v2\/pages\/71\/revisions\/75"}],"wp:attachment":[{"href":"https:\/\/llefia.org\/wptrafalgar\/wp-json\/wp\/v2\/media?parent=71"}],"curies":[{"name":"wp","href":"https:\/\/api.w.org\/{rel}","templated":true}]}}