{"id":80,"date":"2019-03-12T00:06:28","date_gmt":"2019-03-11T22:06:28","guid":{"rendered":"http:\/\/llefia.org\/wptrafalgar\/?page_id=80"},"modified":"2022-02-12T13:36:43","modified_gmt":"2022-02-12T11:36:43","slug":"pressupost","status":"publish","type":"page","link":"https:\/\/llefia.org\/wptrafalgar\/pressupost\/","title":{"rendered":"Pressupost i termini Fase I"},"content":{"rendered":"\n<p><a aria-label=\"Expedient de contractaci\u00f3 p\u00fablica (abre en una nueva pesta\u00f1a)\" href=\"https:\/\/contractaciopublica.gencat.cat\/ecofin_pscp\/AppJava\/awardnotice.pscp?reqCode=viewPcan&amp;idDoc=40289245&amp;lawType=3\" target=\"_blank\" rel=\"noreferrer noopener\">-Expedient de contractaci\u00f3 p\u00fablica<\/a><\/p>\n\n\n\n<p>-Empresa adjudicat\u00e0ria: <strong>Excavaciones y Construcciones Benjumea SA<\/strong><\/p>\n\n\n\n<p>-Pressupost:<strong> 1.200.294,61 \u20ac<\/strong> ( base: 991.979,02\u20ac, m\u00e9s IVA: 208.315,59\u20ac)<\/p>\n\n\n\n<p>-Termini: <strong>8 mesos<\/strong><\/p>\n\n\n<p>&#8211;<a href=\"http:\/\/llefia.org\/wptrafalgar\/wp-content\/uploads\/sites\/22\/2019\/03\/901023-18-Acredito-junta-18_12_18-ADJUDICACI\u00d3.pdf\" target=\"_blank\" rel=\"noopener noreferrer\">Acta Adjudicaci\u00f3 Junta AMB 18_12_18<\/a><\/p>\n\n\n<p>-Direcci\u00f3 d&#8217;obra: <strong>Jordi Navarro Majo<\/strong>, arquitecte, <strong>Joan Roca Basts<\/strong>, enginyer t\u00e8cnic d&#8217;obra, Direcci\u00f3 de Serveis d&#8217;Espai P\u00fablic de l&#8217;AMB<\/p>\n\n\n\n<p><\/p>\n","protected":false},"excerpt":{"rendered":"<p>-Expedient de contractaci\u00f3 p\u00fablica -Empresa adjudicat\u00e0ria: Excavaciones y Construcciones Benjumea SA -Pressupost: 1.200.294,61 \u20ac ( base: 991.979,02\u20ac, m\u00e9s IVA: 208.315,59\u20ac) -Termini: 8 mesos &#8211;Acta Adjudicaci\u00f3 Junta AMB 18_12_18 -Direcci\u00f3 d&#8217;obra: Jordi Navarro Majo, arquitecte, Joan Roca Basts, enginyer t\u00e8cnic d&#8217;obra, Direcci\u00f3 de Serveis d&#8217;Espai P\u00fablic de l&#8217;AMB<\/p>\n","protected":false},"author":15,"featured_media":0,"parent":0,"menu_order":0,"comment_status":"closed","ping_status":"closed","template":"","meta":[],"_links":{"self":[{"href":"https:\/\/llefia.org\/wptrafalgar\/wp-json\/wp\/v2\/pages\/80"}],"collection":[{"href":"https:\/\/llefia.org\/wptrafalgar\/wp-json\/wp\/v2\/pages"}],"about":[{"href":"https:\/\/llefia.org\/wptrafalgar\/wp-json\/wp\/v2\/types\/page"}],"author":[{"embeddable":true,"href":"https:\/\/llefia.org\/wptrafalgar\/wp-json\/wp\/v2\/users\/15"}],"replies":[{"embeddable":true,"href":"https:\/\/llefia.org\/wptrafalgar\/wp-json\/wp\/v2\/comments?post=80"}],"version-history":[{"count":7,"href":"https:\/\/llefia.org\/wptrafalgar\/wp-json\/wp\/v2\/pages\/80\/revisions"}],"predecessor-version":[{"id":204,"href":"https:\/\/llefia.org\/wptrafalgar\/wp-json\/wp\/v2\/pages\/80\/revisions\/204"}],"wp:attachment":[{"href":"https:\/\/llefia.org\/wptrafalgar\/wp-json\/wp\/v2\/media?parent=80"}],"curies":[{"name":"wp","href":"https:\/\/api.w.org\/{rel}","templated":true}]}}